000
CXUS54 KMOB 010729
CF6MOB
PRELIMINARY LOCAL CLIMATOLOGICAL DATA (WS FORM: F-6)
STATION: MOBILE
MONTH: FEBRUARY
YEAR: 2024
LATITUDE: 30 40 N
LONGITUDE: 88 15 W
TEMPERATURE IN F: :PCPN: SNOW: WIND :SUNSHINE: SKY :PK WND
================================================================================
1 2 3 4 5 6A 6B 7 8 9 10 11 12 13 14 15 16 17 18
12Z AVG MX 2MIN
DY MAX MIN AVG DEP HDD CDD WTR SNW DPTH SPD SPD DIR MIN PSBL S-S WX SPD DR
================================================================================
1 65 36 51 -1 14 0 0.00 0.0 0 2.3 10 180 M M 7 14 180
2 72 40 56 4 9 0 0.00 0.0 0 2.1 12 190 M M 2 1 14 170
3 65 42 54 1 11 0 0.52 0.0 0 9.2 25 90 M M 7 1 38 90
4 69 50 60 7 5 0 0.53 0.0 0 9.7 36 100 M M 8 13 49 90
5 55 44 50 -3 15 0 0.06 0.0 0 10.7 21 360 M M 8 18 28 10
6 72 42 57 4 8 0 0.00 0.0 0 5.3 15 350 M M 0 20 320
7 67 41 54 1 11 0 0.00 0.0 0 7.1 17 110 M M 5 22 130
8 69 44 57 3 8 0 0.00 0.0 0 7.7 17 120 M M 6 23 120
9 75 58 67 13 0 2 T 0.0 0 10.0 17 140 M M 7 1 22 140
10 76 63 70 16 0 5 0.07 0.0 0 8.8 18 110 M M 10 18 23 110
11 74 67 71 17 0 6 0.04 0.0 0 8.6 24 170 M M 10 1 36 160
12 71 49 60 6 5 0 0.59 0.0 0 8.2 18 290 M M 9 13 35 290
13 63 41 52 -3 13 0 0.00 0.0 0 7.9 18 310 M M 6 32 330
14 67 35 51 -4 14 0 0.00 0.0 0 2.5 14 180 M M 2 18 180
15 72 45 59 4 6 0 0.00 0.0 0 3.4 14 160 M M 6 17 170
16 62 53 58 3 7 0 0.10 0.0 0 3.5 10 150 M M 7 1 13 140
17 60 41 51 -5 14 0 0.04 0.0 0 12.3 26 340 M M 8 18 38 330
18 58 35 47 -9 18 0 0.00 0.0 0 10.4 18 350 M M 5 26 360
19 64 29 47 -9 18 0 0.00 0.0 0 3.9 12 200 M M 1 18 330
20 69 34 52 -4 13 0 0.00 0.0 0 3.0 12 170 M M 1 1 15 270
21 72 42 57 1 8 0 0.00 0.0 0 5.1 15 210 M M 2 1 21 160
22 76 48 62 5 3 0 0.02 0.0 0 10.5 25 180 M M 5 1 37 190
23 77 54 66 9 0 1 0.04 0.0 0 9.4 24 330 M M 6 1 34 330
24 76 41 59 2 6 0 0.00 0.0 0 5.3 18 260 M M 1 8 30 270
25 74 40 57 0 8 0 0.00 0.0 0 6.8 16 170 M M 1 22 200
26 77 49 63 6 2 0 0.00 0.0 0 9.1 21 180 M M 3 1 28 200
27 77 64 71 13 0 6 0.00 0.0 0 13.6 26 190 M M 9 39 170
28 82 54 68 10 0 3 0.00 0.0 0 12.7 28 360 M M 9 1 39 360
29 57 52 55 -3 10 0 0.00 0.0 0 10.8 22 30 M M 10 29 30
================================================================================
SM 2013 1333 226 23 2.01 0.0 219.9 M 161
================================================================================
AV 69.4 46.0 7.6 FASTST M M 6 MAX(MPH)
MISC ----> 36 100 49 90
================================================================================
NOTES:
# LAST OF SEVERAL OCCURRENCES
COLUMN 17 PEAK WIND IN M.P.H.
PRELIMINARY LOCAL CLIMATOLOGICAL DATA (WS FORM: F-6) , PAGE 2
STATION: MOBILE
MONTH: FEBRUARY
YEAR: 2024
LATITUDE: 30 40 N
LONGITUDE: 88 15 W
[TEMPERATURE DATA] [PRECIPITATION DATA] SYMBOLS USED IN COLUMN 16
AVERAGE MONTHLY: 57.7 TOTAL FOR MONTH: 2.01 1 = FOG OR MIST
DPTR FM NORMAL: 2.7 DPTR FM NORMAL: -2.46 2 = FOG REDUCING VISIBILITY
HIGHEST: 82 ON 28 GRTST 24HR 0.97 ON 3- 4 TO 1/4 MILE OR LESS
LOWEST: 29 ON 19 3 = THUNDER
SNOW, ICE PELLETS, HAIL 4 = ICE PELLETS
TOTAL MONTH: 0.0 INCH 5 = HAIL
GRTST 24HR 0.0 6 = FREEZING RAIN OR DRIZZLE
GRTST DEPTH: 0 7 = DUSTSTORM OR SANDSTORM:
VSBY 1/2 MILE OR LESS
8 = SMOKE OR HAZE
[NO. OF DAYS WITH] [WEATHER - DAYS WITH] 9 = BLOWING SNOW
X = TORNADO
MAX 32 OR BELOW: 0 0.01 INCH OR MORE: 10
MAX 90 OR ABOVE: 0 0.10 INCH OR MORE: 4
MIN 32 OR BELOW: 1 0.50 INCH OR MORE: 3
MIN 0 OR BELOW: 0 1.00 INCH OR MORE: 0
[HDD (BASE 65) ]
TOTAL THIS MO. 226 CLEAR (SCALE 0-3) 9
DPTR FM NORMAL -70 PTCLDY (SCALE 4-7) 12
TOTAL FM JUL 1 1182 CLOUDY (SCALE 8-10) 8
DPTR FM NORMAL -217
[CDD (BASE 65) ]
TOTAL THIS MO. 23
DPTR FM NORMAL 7 [PRESSURE DATA]
TOTAL FM JAN 1 29 HIGHEST SLP 30.37 ON 29
DPTR FM NORMAL 5 LOWEST SLP 29.48 ON 4
[REMARKS]
#FINAL-02-24#