000
CXUS56 KSTO 021552
CF6MOD
PRELIMINARY LOCAL CLIMATOLOGICAL DATA (WS FORM: F-6)
STATION: MODESTO CA
MONTH: MAY
YEAR: 2021
LATITUDE: 37 37 N
LONGITUDE: 120 57 W
TEMPERATURE IN F: :PCPN: SNOW: WIND :SUNSHINE: SKY :PK WND
================================================================================
1 2 3 4 5 6A 6B 7 8 9 10 11 12 13 14 15 16 17 18
12Z AVG MX 2MIN
DY MAX MIN AVG DEP HDD CDD WTR SNW DPTH SPD SPD DIR MIN PSBL S-S WX SPD DR
================================================================================
1 81 50 66 2 0 1 0.00 M M 10.7 21 310 M M 0 26 330
2 83 53 68 3 0 3 0.00 M M 15.7 23 320 M M 0 35 300
3 87 60 74 9 0 9 0.00 M M 13.8 24 310 M M 0 31 320
4 89 54 72 7 0 7 0.00 M M 8.0 15 330 M M 0 20 340
5 93 58 76 10 0 11 0.00 M M 4.9 15 330 M M 0 M M
6 84 57 71 5 0 6 0.00 M M 13.4 24 300 M M 0 31 320
7 79 50 65 -1 0 0 0.00 0.0 M 10.0 20 300 M M 0 24 320
8 86 57 72 6 0 7 0.00 0.0 M 14.2 23 330 M M 0 31 300
9 86 64 75 9 0 10 0.00 0.0 M 13.7 22 310 M M 0 28 310
10 89 62 76 9 0 11 0.00 0.0 M 13.5 23 320 M M 0 28 310
11 92 53 73 6 0 8 0.00 0.0 M 6.2 16 300 M M 0 19 300
12 92 56 74 7 0 9 0.00 0.0 M 7.2 16 330 M M 0 8 20 330
13 89 56 73 6 0 8 0.00 M M 8.8 13 340 M M 0 18 340
14 84 53 69 1 0 4 0.00 0.0 M 8.6 20 330 M M 0 26 330
15 74 50 62 -6 3 0 0.00 0.0 M 6.7 17 320 M M 0 24 310
16 78 52 65 -3 0 0 0.00 0.0 M 5.0 16 300 M M 0 20 300
17 79 51 65 -3 0 0 0.00 0.0 M 10.0 20 300 M M 0 24 300
18 85 53 69 1 0 4 0.00 0.0 M 9.5 23 290 M M 0 30 310
19 75 50 63 -5 2 0 0.00 0.0 M 9.8 24 330 M M 0 30 310
20 71 48 60 -9 5 0 0.00 M M 14.5 22 300 M M 1 36 330
21 73 51 62 -7 3 0 0.00 0.0 M 13.1 28 300 M M 2 34 290
22 76 48 62 -7 3 0 0.00 0.0 M 8.1 23 320 M M 1 29 300
23 77 50 64 -5 1 0 0.00 M M 7.0 16 330 M M 0 21 320
24 87 53 70 0 0 5 0.00 M M 7.6 22 310 M M 0 25 300
25 81 57 69 -1 0 4 0.00 0.0 M 10.6 18 300 M M 0 24 310
26 87 54 71 1 0 6 0.00 0.0 M 9.0 20 300 M M 0 24 300
27 85 51 68 -2 0 3 0.00 M M 9.9 20 300 M M 0 26 290
28 87 59 73 3 0 8 0.00 0.0 M 8.6 18 300 M M 0 22 300
29 84 54 69 -2 0 4 0.00 0.0 M 10.7 15 300 M M 0 20 320
30 92 54 73 2 0 8 0.00 0.0 M 7.0 14 320 M M 0 8 20 320
31 100 61 81 10 0 16 0.00 0.0 M 5.3 17 340 M M 0 18 22 330
================================================================================
SM 2605 1679 17 152 0.00 0.0 301.1 M 4
================================================================================
AV 84.0 54.2 9.7 FASTST M M 0 MAX(MPH)
MISC ----> 28 300 36 330
================================================================================
NOTES:
# LAST OF SEVERAL OCCURRENCES
COLUMN 17 PEAK WIND IN M.P.H.
PRELIMINARY LOCAL CLIMATOLOGICAL DATA (WS FORM: F-6) , PAGE 2
STATION: MODESTO CA
MONTH: MAY
YEAR: 2021
LATITUDE: 37 37 N
LONGITUDE: 120 57 W
[TEMPERATURE DATA] [PRECIPITATION DATA] SYMBOLS USED IN COLUMN 16
AVERAGE MONTHLY: 69.1 TOTAL FOR MONTH: 0.00 1 = FOG OR MIST
DPTR FM NORMAL: 1.3 DPTR FM NORMAL: -0.65 2 = FOG REDUCING VISIBILITY
HIGHEST: 100 ON 31 GRTST 24HR T ON 13-13 TO 1/4 MILE OR LESS
LOWEST: 48 ON 22,20 3 = THUNDER
SNOW, ICE PELLETS, HAIL 4 = ICE PELLETS
TOTAL MONTH: 0.0 INCH 5 = HAIL
GRTST 24HR 0.0 6 = FREEZING RAIN OR DRIZZLE
GRTST DEPTH: M ON M 7 = DUSTSTORM OR SANDSTORM:
VSBY 1/2 MILE OR LESS
8 = SMOKE OR HAZE
[NO. OF DAYS WITH] [WEATHER - DAYS WITH] 9 = BLOWING SNOW
X = TORNADO
MAX 32 OR BELOW: 0 0.01 INCH OR MORE: 0
MAX 90 OR ABOVE: 5 0.10 INCH OR MORE: 0
MIN 32 OR BELOW: 0 0.50 INCH OR MORE: 0
MIN 0 OR BELOW: 0 1.00 INCH OR MORE: 0
[HDD (BASE 65) ]
TOTAL THIS MO. 17 CLEAR (SCALE 0-3) 31
DPTR FM NORMAL -27 PTCLDY (SCALE 4-7) 0
TOTAL FM JUL 1 2390 CLOUDY (SCALE 8-10) 0
DPTR FM NORMAL 92
[CDD (BASE 65) ]
TOTAL THIS MO. 152
DPTR FM NORMAL 19 [PRESSURE DATA]
TOTAL FM JAN 1 174 HIGHEST SLP 30.12 ON 23
DPTR FM NORMAL 9 LOWEST SLP 29.74 ON 30
[REMARKS]
#FINAL-05-21#