000
CXUS53 KBIS 010830
CF6MOT
PRELIMINARY LOCAL CLIMATOLOGICAL DATA (WS FORM: F-6)
STATION: MINOT ND
MONTH: APRIL
YEAR: 2020
LATITUDE: 48 15 N
LONGITUDE: 101 16 W
TEMPERATURE IN F: :PCPN: SNOW: WIND :SUNSHINE: SKY :PK WND
================================================================================
1 2 3 4 5 6A 6B 7 8 9 10 11 12 13 14 15 16 17 18
12Z AVG MX 2MIN
DY MAX MIN AVG DEP HDD CDD WTR SNW DPTH SPD SPD DIR MIN PSBL S-S WX SPD DR
================================================================================
1 37 13 25 -11 40 0 0.10 M M 19.9 30 300 M M 9 126 38 300
2 17 10 14 -23 51 0 M M M 20.7 28 300 M M 7 35 310
3 25 8 17 -20 48 0 0.00 M M 10.1 22 310 M M 2 27 310
4 38 12 25 -13 40 0 T M M 11.2 22 130 M M 3 1 29 120
5 41 22 32 -6 33 0 0.00 M M 7.4 15 40 M M 5 12 20 50
6 55 25 40 1 25 0 0.00 M M 8.1 22 290 M M 1 1 30 280
7 60 27 44 5 21 0 0.00 M M 10.9 28 260 M M 3 48 260
8 43 27 35 -5 30 0 T M M 22.2 37 290 M M 4 1 53 310
9 42 19 31 -9 34 0 T M M 15.2 32 300 M M 4 1 44 300
10 58 31 45 4 20 0 0.01 M M 9.2 22 330 M M 6 30 310
11 38 24 31 -10 34 0 0.00 M M 15.5 23 320 M M 7 31 330
12 34 19 27 -15 38 0 T M M 13.9 24 320 M M 5 34 310
13 27 14 21 -21 44 0 T M M 15.8 29 290 M M 7 8 38 290
14 34 9 22 -21 43 0 0.00 M M 5.1 14 330 M M 4 18 18 330
15 39 14 27 -16 38 0 0.00 M M 8.1 20 310 M M 0 26 330
16 42 20 31 -13 34 0 0.00 M M 10.9 22 320 M M 4 30 280
17 60 26 43 -1 22 0 0.00 M M 14.3 26 240 M M 3 36 210
18 53 25 39 -6 26 0 0.00 M M 16.9 31 310 M M 6 41 300
19 58 22 40 -5 25 0 0.00 M M 15.5 30 260 M M 0 41 260
20 52 27 40 -6 25 0 0.00 M M 15.4 33 310 M M 3 45 300
21 70 27 49 3 16 0 0.00 M M 8.9 15 120 0 0 0 M M
22 74 39 57 11 8 0 0.00 M M 12.1 23 270 0 0 0 36 250
23 66 42 54 7 11 0 T M M 9.0 18 310 M M 5 24 320
24 68 35 52 5 13 0 0.02 M M 6.7 23 260 M M 4 29 260
25 62 39 51 3 14 0 0.01 M M 10.4 20 300 M M 4 27 300
26 72 36 54 6 11 0 0.00 M M 13.1 29 170 M M 4 41 180
27 71 38 55 7 10 0 0.00 M M 8.1 22 120 M M 2 27 110
28 65 43 54 5 11 0 0.22 M M 12.1 30 320 M M 6 13 42 320
29 68 33 51 2 14 0 0.00 M M 5.9 15 320 M M 2 22 320
30 79 43 61 11 4 0 0.00 M M 11.8 22 200 M M 1 33 200
================================================================================
SM 1548 769 783 0 0.36 M 364.4 0 111
================================================================================
AV 51.6 25.6 12.1 FASTST 0 0 4 MAX(MPH)
MISC ----> # 37 290 # 53 310
================================================================================
NOTES:
# LAST OF SEVERAL OCCURRENCES
COLUMN 17 PEAK WIND IN M.P.H.
PRELIMINARY LOCAL CLIMATOLOGICAL DATA (WS FORM: F-6) , PAGE 2
STATION: MINOT ND
MONTH: APRIL
YEAR: 2020
LATITUDE: 48 15 N
LONGITUDE: 101 16 W
[TEMPERATURE DATA] [PRECIPITATION DATA] SYMBOLS USED IN COLUMN 16
AVERAGE MONTHLY: 38.6 TOTAL FOR MONTH: 0.36 1 = FOG OR MIST
DPTR FM NORMAL: -4.8 DPTR FM NORMAL: -0.78 2 = FOG REDUCING VISIBILITY
HIGHEST: 79 ON 30 GRTST 24HR 0.34 ON 31- 1 TO 1/4 MILE OR LESS
LOWEST: 8 ON 3 3 = THUNDER
SNOW, ICE PELLETS, HAIL 4 = ICE PELLETS
TOTAL MONTH: M 5 = HAIL
GRTST 24HR M ON M 6 = FREEZING RAIN OR DRIZZLE
GRTST DEPTH: M ON M 7 = DUSTSTORM OR SANDSTORM:
VSBY 1/2 MILE OR LESS
8 = SMOKE OR HAZE
[NO. OF DAYS WITH] [WEATHER - DAYS WITH] 9 = BLOWING SNOW
X = TORNADO
MAX 32 OR BELOW: 3 0.01 INCH OR MORE: 5
MAX 90 OR ABOVE: 0 0.10 INCH OR MORE: 2
MIN 32 OR BELOW: 21 0.50 INCH OR MORE: 0
MIN 0 OR BELOW: 0 1.00 INCH OR MORE: 0
[HDD (BASE 65) ]
TOTAL THIS MO. 783 CLEAR (SCALE 0-3) 9
DPTR FM NORMAL 132 PTCLDY (SCALE 4-7) 20
TOTAL FM JUL 1 8116 CLOUDY (SCALE 8-10) 1
DPTR FM NORMAL -250
[CDD (BASE 65) ]
TOTAL THIS MO. 0
DPTR FM NORMAL -1 [PRESSURE DATA]
TOTAL FM JAN 1 0 HIGHEST SLP 30.39 ON 3
DPTR FM NORMAL -1 LOWEST SLP 29.55 ON 18
[REMARKS]
#FINAL-04-20#