000
CXUS53 KMQT 010900
CF6MQT
PRELIMINARY LOCAL CLIMATOLOGICAL DATA (WS FORM: F-6)
STATION: MARQUETTE MI
MONTH: SEPTEMBER
YEAR: 2023
LATITUDE: 46 31 N
LONGITUDE: 87 33 W
TEMPERATURE IN F: :PCPN: SNOW: WIND :SUNSHINE: SKY :PK WND
================================================================================
1 2 3 4 5 6A 6B 7 8 9 10 11 12 13 14 15 16 17 18
12Z AVG MX 2MIN
DY MAX MIN AVG DEP HDD CDD WTR SNW DPTH SPD SPD DIR MIN PSBL S-S WX SPD DR
================================================================================
1 78 56 67 6 0 2 0.00 0.0 0 M M M M M M 29 180
2 88 64 76 15 0 11 0.00 0.0 0 M M M M M M 20 225
3 90 67 79 18 0 14 0.01 0.0 0 M M M M M M 20 225
4 95 66 81 21 0 16 0.00 0.0 0 M M M M M M 24 225
5 88 72 80 20 0 15 0.00 0.0 0 M M M M M M 24 180
6 73 52 63 3 2 0 0.49 0.0 0 M M M M M M 3 27 90
7 52 47 50 -10 15 0 0.32 0.0 0 M M M M M M 21 360
8 60 44 52 -7 13 0 0.00 0.0 0 M M M M M M 13 360
9 66 41 54 -5 11 0 0.00 0.0 0 M M M M M M 13 40
10 59 50 55 -4 10 0 0.52 0.0 0 M M M M M M 11 40
11 56 51 54 -4 11 0 0.10 0.0 0 M M M M M M 18 45
12 52 47 50 -8 15 0 0.02 0.0 0 M M M M M M 19 360
13 56 46 51 -7 14 0 0.02 0.0 0 M M M M M M 13 45
14 67 42 55 -2 10 0 0.00 0.0 0 M M M M M M 18 225
15 73 52 63 6 2 0 T 0.0 0 M M M M M M 23 225
16 67 47 57 1 8 0 0.00 0.0 0 M M M M M M 12 18 270
17 55 47 51 -5 14 0 0.27 0.0 0 M M M M M M 17 315
18 60 40 50 -6 15 0 0.00 0.0 0 M M M M M M 11 45
19 67 37 52 -3 13 0 0.00 0.0 0 M M M M M M 21 180
20 73 56 65 10 0 0 T 0.0 0 M M M M M M 13 180
21 83 56 70 16 0 5 0.00 0.0 0 M M M M M M 13 90
22 81 56 69 15 0 4 0.00 0.0 0 M M M M M M 12 180
23 72 56 64 10 1 0 0.00 0.0 0 M M M M M M 16 135
24 72 54 63 10 2 0 0.00 0.0 0 M M M M M M 21 135
25 71 53 62 9 3 0 0.00 0.0 0 M M M M M M 14 45
26 66 47 57 5 8 0 0.03 0.0 0 M M M M M M 21 90
27 65 51 58 6 7 0 0.01 0.0 0 M M M M M M 15 90
28 66 46 56 5 9 0 0.00 0.0 0 M M M M M M 11 90
29 72 48 60 9 5 0 0.00 0.0 0 M M M M M M 12 22 180
30 70 59 65 15 0 0 0.10 0.0 0 M M M M M M 18 225
================================================================================
SM 2093 1550 188 67 1.89 0.0 M M M
================================================================================
AV 69.8 51.7 M FASTST M M M MAX(MPH)
MISC ----> M M 29 180
================================================================================
NOTES:
# LAST OF SEVERAL OCCURRENCES
COLUMN 17 PEAK WIND IN M.P.H.
PRELIMINARY LOCAL CLIMATOLOGICAL DATA (WS FORM: F-6) , PAGE 2
STATION: MARQUETTE MI
MONTH: SEPTEMBER
YEAR: 2023
LATITUDE: 46 31 N
LONGITUDE: 87 33 W
[TEMPERATURE DATA] [PRECIPITATION DATA] SYMBOLS USED IN COLUMN 16
AVERAGE MONTHLY: 60.7 TOTAL FOR MONTH: 1.89 1 = FOG OR MIST
DPTR FM NORMAL: 4.4 DPTR FM NORMAL: -2.07 2 = FOG REDUCING VISIBILITY
HIGHEST: 95 ON 4 GRTST 24HR 0.52 ON 10-10 TO 1/4 MILE OR LESS
LOWEST: 37 ON 19 3 = THUNDER
SNOW, ICE PELLETS, HAIL 4 = ICE PELLETS
TOTAL MONTH: 0.0 INCH 5 = HAIL
GRTST 24HR 0.0 6 = FREEZING RAIN OR DRIZZLE
GRTST DEPTH: 0 7 = DUSTSTORM OR SANDSTORM:
VSBY 1/2 MILE OR LESS
8 = SMOKE OR HAZE
[NO. OF DAYS WITH] [WEATHER - DAYS WITH] 9 = BLOWING SNOW
X = TORNADO
MAX 32 OR BELOW: 0 0.01 INCH OR MORE: 11
MAX 90 OR ABOVE: 2 0.10 INCH OR MORE: 6
MIN 32 OR BELOW: 0 0.50 INCH OR MORE: 1
MIN 0 OR BELOW: 0 1.00 INCH OR MORE: 0
[HDD (BASE 65) ]
TOTAL THIS MO. 188 CLEAR (SCALE 0-3) 0
DPTR FM NORMAL -97 PTCLDY (SCALE 4-7) 0
TOTAL FM JUL 1 365 CLOUDY (SCALE 8-10) 30
DPTR FM NORMAL -107
[CDD (BASE 65) ]
TOTAL THIS MO. 67
DPTR FM NORMAL 43 [PRESSURE DATA]
TOTAL FM JAN 1 247 HIGHEST SLP M ON M
DPTR FM NORMAL 11 LOWEST SLP M ON M
[REMARKS]
#FINAL-09-23#