000
CXUS54 KMAF 011110
CF6MRF
PRELIMINARY LOCAL CLIMATOLOGICAL DATA (WS FORM: F-6)
STATION: MARFA
MONTH: MAY
YEAR: 2023
LATITUDE: 30 22 N
LONGITUDE: 104 1 W
TEMPERATURE IN F: :PCPN: SNOW: WIND :SUNSHINE: SKY :PK WND
================================================================================
1 2 3 4 5 6A 6B 7 8 9 10 11 12 13 14 15 16 17 18
12Z AVG MX 2MIN
DY MAX MIN AVG DEP HDD CDD WTR SNW DPTH SPD SPD DIR MIN PSBL S-S WX SPD DR
================================================================================
1 83 47 65 M 0 0 M M M 6.6 16 50 M M 0 M M
2 84 53 69 M 0 4 T M M 7.1 21 60 M M 2 8 40 140
3 82 47 65 M 0 0 M M M 10.4 21 170 M M 0 28 170
4 80 50 65 M 0 0 T M M 13.8 22 200 M M 5 36 240
5 86 43 65 M 0 0 M M M 7.7 18 210 M M 0 30 240
6 88 43 66 M 0 1 M M M 7.5 15 230 M M 0 22 99
7 89 48 69 M 0 4 M M M 7.9 15 280 M M 0 22 210
8 91 44 68 M 0 3 M M M 7.1 30 110 M M 0 37 110
9 88 47 68 M 0 3 M M M 8.4 22 280 M M 0 39 110
10 90 50 70 M 0 5 M M M 8.5 17 180 M M 0 24 180
11 81 49 65 M 0 0 M M M 8.4 15 210 M M 0 24 240
12 84 48 66 M 0 1 0.63 M M 11.7 25 80 M M 2 13 45 110
13 71 49 60 M 5 0 M M M 12.1 22 50 M M 1 29 40
14 76 52 64 M 1 0 M M M 11.2 18 40 M M 4 18 40
15 74 56 65 M 0 0 0.32 M M 9.8 21 50 M M 5 13 26 40
16 75 54 65 M 0 0 0.01 M M 6.2 14 330 M M 4 M M
17 83 49 66 M 0 1 M M M 4.8 17 220 M M 0 M M
18 83 58 71 M 0 6 M M M 9.2 20 200 M M 3 24 200
19 83 55 69 M 0 4 0.12 M M 6.7 23 140 M M 2 3 37 220
20 69 57 63 M 2 0 M M M 15.0 22 50 M M 4 26 30
21 81 53 67 M 0 2 M M M 5.8 18 80 M M 4 1 16 120
22 82 52 67 M 0 2 T M M 7.0 22 60 M M 2 26 60
23 90 49 70 M 0 5 T M M 6.6 14 320 M M 1 37 220
24 90 55 73 M 0 8 M M M 7.6 23 40 M M 1 28 40
25 82 54 68 M 0 3 0.08 M M 8.3 21 80 M M 2 3 26 80
26 85 54 70 M 0 5 M M M 8.1 22 100 M M 0 35 340
27 84 56 70 M 0 5 0.20 M M 9.2 36 290 M M 4 13 44 290
28 78 54 66 M 0 1 M M M 7.6 23 200 M M 1 32 230
29 87 47 67 M 0 2 M M M 6.2 13 220 M M 0 17 270
30 90 50 70 M 0 5 M M M 7.2 14 110 M M 0 21 170
31 89 59 74 M 0 9 M M M 11.7 24 150 M M 0 8 33 150
================================================================================
SM 2578 1582 8 79 1.36 M 265.2 M 47
================================================================================
AV 83.2 51.0 8.6 FASTST M M 2 MAX(MPH)
MISC ----> 36 290 45 110
================================================================================
NOTES:
# LAST OF SEVERAL OCCURRENCES
COLUMN 17 PEAK WIND IN M.P.H.
PRELIMINARY LOCAL CLIMATOLOGICAL DATA (WS FORM: F-6) , PAGE 2
STATION: MARFA
MONTH: MAY
YEAR: 2023
LATITUDE: 30 22 N
LONGITUDE: 104 1 W
[TEMPERATURE DATA] [PRECIPITATION DATA] SYMBOLS USED IN COLUMN 16
AVERAGE MONTHLY: 67.1 TOTAL FOR MONTH: 1.36 1 = FOG OR MIST
DPTR FM NORMAL: 0.0 DPTR FM NORMAL: M 2 = FOG REDUCING VISIBILITY
HIGHEST: 91 ON 8 GRTST 24HR 0.63 ON 12-12 TO 1/4 MILE OR LESS
LOWEST: 43 ON 6, 5 3 = THUNDER
SNOW, ICE PELLETS, HAIL 4 = ICE PELLETS
TOTAL MONTH: M 5 = HAIL
GRTST 24HR M ON M 6 = FREEZING RAIN OR DRIZZLE
GRTST DEPTH: M ON M 7 = DUSTSTORM OR SANDSTORM:
VSBY 1/2 MILE OR LESS
8 = SMOKE OR HAZE
[NO. OF DAYS WITH] [WEATHER - DAYS WITH] 9 = BLOWING SNOW
X = TORNADO
MAX 32 OR BELOW: 0 0.01 INCH OR MORE: 6
MAX 90 OR ABOVE: 5 0.10 INCH OR MORE: 4
MIN 32 OR BELOW: 0 0.50 INCH OR MORE: 1
MIN 0 OR BELOW: 0 1.00 INCH OR MORE: 0
[HDD (BASE 65) ]
TOTAL THIS MO. 8 CLEAR (SCALE 0-3) 24
DPTR FM NORMAL M PTCLDY (SCALE 4-7) 7
TOTAL FM JUL 1 2227 CLOUDY (SCALE 8-10) 0
DPTR FM NORMAL M
[CDD (BASE 65) ]
TOTAL THIS MO. 79
DPTR FM NORMAL M [PRESSURE DATA]
TOTAL FM JAN 1 79 HIGHEST SLP M ON M
DPTR FM NORMAL M LOWEST SLP M ON M
[REMARKS]
#FINAL-05-23#