000
CXUS51 KBTV 010700
CF6MSS
PRELIMINARY LOCAL CLIMATOLOGICAL DATA (WS FORM: F-6)
STATION: MASSENA NY
MONTH: APRIL
YEAR: 2020
LATITUDE: 44 55 N
LONGITUDE: 74 51 W
TEMPERATURE IN F: :PCPN: SNOW: WIND :SUNSHINE: SKY :PK WND
================================================================================
1 2 3 4 5 6A 6B 7 8 9 10 11 12 13 14 15 16 17 18
12Z AVG MX 2MIN
DY MAX MIN AVG DEP HDD CDD WTR SNW DPTH SPD SPD DIR MIN PSBL S-S WX SPD DR
================================================================================
1 44 28 36 0 29 0 0.00 M M 7.9 16 40 M M 8 20 30
2 49 35 42 5 23 0 0.01 M M 8.9 17 10 M M 7 1 22 20
3 48 38 43 6 22 0 0.06 M M 13.5 24 50 M M 10 1 33 30
4 57 36 47 9 18 0 0.00 M M 6.0 13 40 M M 6 16 40
5 51 34 43 5 22 0 T M M 6.5 14 290 M M 8 18 20 290
6 56 25 41 2 24 0 0.00 M M 8.7 25 220 M M 2 1 30 240
7 56 25 41 2 24 0 0.00 M M 4.4 20 270 M M 0 22 270
8 49 34 42 2 23 0 0.00 M M 5.2 16 60 M M 7 20 60
9 44 37 41 1 24 0 0.23 M M 7.8 22 270 M M 9 1 31 260
10 44 33 39 -2 26 0 0.02 M M 13.6 26 290 M M 9 1 38 270
11 45 30 38 -3 27 0 0.00 M M 13.4 25 280 M M 4 36 260
12 33 33 33 -9 32 0 0.00 M M 9.2 16 200 M M 0 20 200
13 64 41 53 11 12 0 0.43 M M 14.8 35 250 M M 6 18 53 250
14 45 34 40 -3 25 0 T M M 14.6 25 220 M M 7 36 250
15 41 26 34 -9 31 0 0.03 M M 11.4 22 260 M M 6 1 32 220
16 42 20 31 -13 34 0 T M M 10.2 26 250 M M 4 18 36 260
17 44 26 35 -9 30 0 T M M 9.4 22 270 M M 6 30 300
18 50 21 36 -9 29 0 0.00 M M 7.2 21 220 M M 1 26 220
19 54 33 44 -1 21 0 0.04 M M 14.9 28 220 M M 6 36 220
20 44 25 35 -11 30 0 0.00 M M 4.6 17 300 M M 1 22 290
21 48 24 36 -10 29 0 0.06 M M 15.3 35 280 M M 7 44 280
22 40 23 32 -15 33 0 T M M 18.2 29 290 M M 6 8 41 260
23 47 26 37 -10 28 0 0.00 M M 6.6 16 290 M M 0 23 300
24 51 25 38 -10 27 0 0.00 M M 8.0 22 50 M M 5 25 50
25 60 24 42 -6 23 0 0.00 M M 3.4 12 350 M M 0 14 340
26 55 34 45 -3 20 0 0.00 M M 13.9 26 40 M M 8 35 50
27 51 35 43 -6 22 0 0.00 M M 10.3 21 40 M M 8 26 40
28 58 26 42 -7 23 0 0.00 M M 3.9 13 20 M M 0 18 70
29 68 28 48 -2 17 0 T M M 9.2 20 140 M M 4 26 140
30 60 53 57 7 8 0 0.13 M M 12.4 25 140 M M 8 35 150
================================================================================
SM 1498 912 736 0 1.01 M 293.4 M 153
================================================================================
AV 49.9 30.4 9.8 FASTST M M 5 MAX(MPH)
MISC ----> # 35 250 53 250
================================================================================
NOTES:
# LAST OF SEVERAL OCCURRENCES
COLUMN 17 PEAK WIND IN M.P.H.
PRELIMINARY LOCAL CLIMATOLOGICAL DATA (WS FORM: F-6) , PAGE 2
STATION: MASSENA NY
MONTH: APRIL
YEAR: 2020
LATITUDE: 44 55 N
LONGITUDE: 74 51 W
[TEMPERATURE DATA] [PRECIPITATION DATA] SYMBOLS USED IN COLUMN 16
AVERAGE MONTHLY: 40.2 TOTAL FOR MONTH: 1.01 1 = FOG OR MIST
DPTR FM NORMAL: -3.1 DPTR FM NORMAL: -1.81 2 = FOG REDUCING VISIBILITY
HIGHEST: 68 ON 29 GRTST 24HR 0.43 ON 13-13 TO 1/4 MILE OR LESS
LOWEST: 20 ON 16 3 = THUNDER
SNOW, ICE PELLETS, HAIL 4 = ICE PELLETS
TOTAL MONTH: M 5 = HAIL
GRTST 24HR M ON M 6 = FREEZING RAIN OR DRIZZLE
GRTST DEPTH: M ON M 7 = DUSTSTORM OR SANDSTORM:
VSBY 1/2 MILE OR LESS
8 = SMOKE OR HAZE
[NO. OF DAYS WITH] [WEATHER - DAYS WITH] 9 = BLOWING SNOW
X = TORNADO
MAX 32 OR BELOW: 0 0.01 INCH OR MORE: 9
MAX 90 OR ABOVE: 0 0.10 INCH OR MORE: 3
MIN 32 OR BELOW: 16 0.50 INCH OR MORE: 0
MIN 0 OR BELOW: 0 1.00 INCH OR MORE: 0
[HDD (BASE 65) ]
TOTAL THIS MO. 736 CLEAR (SCALE 0-3) 8
DPTR FM NORMAL 85 PTCLDY (SCALE 4-7) 18
TOTAL FM JUL 1 7295 CLOUDY (SCALE 8-10) 4
DPTR FM NORMAL -486
[CDD (BASE 65) ]
TOTAL THIS MO. 0
DPTR FM NORMAL -1 [PRESSURE DATA]
TOTAL FM JAN 1 0 HIGHEST SLP M ON M
DPTR FM NORMAL -1 LOWEST SLP 29.16 ON 9
[REMARKS]
#FINAL-04-20#