000
CXUS54 KLIX 010810
CF6MSY
PRELIMINARY LOCAL CLIMATOLOGICAL DATA (WS FORM: F-6)
STATION: NEW ORLEANS
MONTH: MAY
YEAR: 2020
LATITUDE: 29 58 N
LONGITUDE: 90 15 W
TEMPERATURE IN F: :PCPN: SNOW: WIND :SUNSHINE: SKY :PK WND
================================================================================
1 2 3 4 5 6A 6B 7 8 9 10 11 12 13 14 15 16 17 18
12Z AVG MX 2MIN
DY MAX MIN AVG DEP HDD CDD WTR SNW DPTH SPD SPD DIR MIN PSBL S-S WX SPD DR
================================================================================
1 83 56 70 -3 0 5 0.00 0.0 0 3.7 12 40 M M 2 16 60
2 83 60 72 -1 0 7 0.00 0.0 0 5.6 15 150 M M 3 17 150
3 83 66 75 1 0 10 0.00 0.0 M 6.1 15 150 M M 5 20 150
4 86 66 76 2 0 11 0.00 0.0 M 5.7 15 180 M M 4 18 160
5 90 67 79 5 0 14 0.00 0.0 M 4.9 15 290 M M 6 20 280
6 85 74 80 6 0 15 T 0.0 M 10.3 22 160 M M 4 8 25 10
7 79 62 71 -4 0 6 0.00 0.0 M 8.8 18 20 M M 0 25 30
8 87 64 76 1 0 11 0.88 0.0 M 9.5 25 310 M M 6 13 34 320
9 69 62 66 -9 0 1 0.00 0.0 M 11.4 23 50 M M 10 30 60
10 80 65 73 -2 0 8 0.00 0.0 M 6.8 13 20 M M 4 18 50
11 84 56 70 -6 0 5 0.00 0.0 M 6.5 14 40 M M 2 19 20
12 84 66 75 -1 0 10 0.00 0.0 M 11.8 22 140 M M 6 26 150
13 87 73 80 4 0 15 0.07 0.0 M 11.9 21 140 M M 6 27 140
14 84 70 77 1 0 12 4.76 0.0 M 13.8 30 20 M M 8 138 40 10
15 83 70 77 0 0 12 0.57 0.0 M 9.7 17 150 M M 9 13 22 170
16 86 74 80 3 0 15 T 0.0 M 14.1 26 130 M M 8 1 33 140
17 89 70 80 3 0 15 0.09 0.0 M 11.8 24 270 M M 7 1 30 270
18 86 70 78 1 0 13 T 0.0 M 10.1 18 260 M M 4 23 250
19 91 69 80 2 0 15 0.00 0.0 M 8.8 20 220 M M 2 24 210
20 86 75 81 3 0 16 0.00 0.0 M 6.4 14 100 M M 8 19 50
21 91 74 83 5 0 18 0.00 0.0 M 7.2 14 160 M M 6 18 18 150
22 92 78 85 7 0 20 0.00 0.0 M 9.0 20 150 M M 6 3 24 150
23 90 73 82 4 0 17 0.23 0.0 M 9.5 31 100 M M 6 3 41 100
24 91 74 83 5 0 18 T 0.0 M 9.5 18 120 M M 4 23 140
25 88 77 83 4 0 18 0.43 0.0 M 13.9 29 120 M M 6 13 37 110
26 86 75 81 2 0 16 0.43 0.0 M 4.3 17 10 M M 8 13 24 10
27 90 73 82 3 0 17 T 0.0 M 4.6 13 300 M M 7 3 16 280
28 89 70 80 1 0 15 0.01 0.0 M 5.1 15 150 M M 7 21 140
29 90 75 83 4 0 18 T 0.0 M 4.4 14 130 M M 8 3 15 130
30 93 75 84 4 0 19 0.89 0.0 M 4.3 28 120 M M 7 3 32 120
31 90 76 83 3 0 18 0.00 0.0 M 5.8 15 50 M M 7 21 50
================================================================================
SM 2675 2155 0 410 8.36 0.0 255.3 M 176
================================================================================
AV 86.3 69.5 8.2 FASTST M M 6 MAX(MPH)
MISC ----> 31 100 41 100
================================================================================
NOTES:
# LAST OF SEVERAL OCCURRENCES
COLUMN 17 PEAK WIND IN M.P.H.
PRELIMINARY LOCAL CLIMATOLOGICAL DATA (WS FORM: F-6) , PAGE 2
STATION: NEW ORLEANS
MONTH: MAY
YEAR: 2020
LATITUDE: 29 58 N
LONGITUDE: 90 15 W
[TEMPERATURE DATA] [PRECIPITATION DATA] SYMBOLS USED IN COLUMN 16
AVERAGE MONTHLY: 77.9 TOTAL FOR MONTH: 8.36 1 = FOG OR MIST
DPTR FM NORMAL: 1.2 DPTR FM NORMAL: 3.73 2 = FOG REDUCING VISIBILITY
HIGHEST: 93 ON 30 GRTST 24HR 5.33 ON 14-15 TO 1/4 MILE OR LESS
LOWEST: 56 ON 11, 1 3 = THUNDER
SNOW, ICE PELLETS, HAIL 4 = ICE PELLETS
TOTAL MONTH: 0.0 INCH 5 = HAIL
GRTST 24HR 0.0 6 = FREEZING RAIN OR DRIZZLE
GRTST DEPTH: 0 7 = DUSTSTORM OR SANDSTORM:
VSBY 1/2 MILE OR LESS
8 = SMOKE OR HAZE
[NO. OF DAYS WITH] [WEATHER - DAYS WITH] 9 = BLOWING SNOW
X = TORNADO
MAX 32 OR BELOW: 0 0.01 INCH OR MORE: 10
MAX 90 OR ABOVE: 10 0.10 INCH OR MORE: 7
MIN 32 OR BELOW: 0 0.50 INCH OR MORE: 4
MIN 0 OR BELOW: 0 1.00 INCH OR MORE: 1
[HDD (BASE 65) ]
TOTAL THIS MO. 0 CLEAR (SCALE 0-3) 5
DPTR FM NORMAL -1 PTCLDY (SCALE 4-7) 24
TOTAL FM JUL 1 756 CLOUDY (SCALE 8-10) 2
DPTR FM NORMAL -523
[CDD (BASE 65) ]
TOTAL THIS MO. 410
DPTR FM NORMAL 48 [PRESSURE DATA]
TOTAL FM JAN 1 1031 HIGHEST SLP M ON M
DPTR FM NORMAL 412 LOWEST SLP 29.79 ON 17
[REMARKS]
#FINAL-05-20#