000
CXUS55 KGJT 011010
CF6MTJ
PRELIMINARY LOCAL CLIMATOLOGICAL DATA (WS FORM: F-6)
STATION: MONTROSE CO
MONTH: NOVEMBER
YEAR: 2021
LATITUDE: 38 30 N
LONGITUDE: 107 53 W
TEMPERATURE IN F: :PCPN: SNOW: WIND :SUNSHINE: SKY :PK WND
================================================================================
1 2 3 4 5 6A 6B 7 8 9 10 11 12 13 14 15 16 17 18
12Z AVG MX 2MIN
DY MAX MIN AVG DEP HDD CDD WTR SNW DPTH SPD SPD DIR MIN PSBL S-S WX SPD DR
================================================================================
1 65 37 51 7 14 0 0.00 M M 4.9 14 330 M M 2 17 330
2 56 43 50 6 15 0 0.03 M M 5.3 13 300 M M 8 3 18 290
3 57 35 46 3 19 0 0.00 M M 5.6 13 340 M M 2 17 350
4 61 31 46 3 19 0 0.00 M M 5.8 12 140 M M 0 13 160
5 65 29 47 5 18 0 0.00 M M 5.4 13 170 M M 0 8 15 160
6 70 31 51 9 14 0 0.00 M M 6.2 14 150 M M 0 16 150
7 71 35 53 11 12 0 0.00 M M 6.6 20 220 M M 0 8 27 240
8 65 39 52 11 13 0 0.00 M M 5.8 14 360 M M 0 19 360
9 63 34 49 8 16 0 0.03 M M 7.3 30 240 M M 3 18 43 240
10 51 31 41 1 24 0 0.02 M M 5.7 17 310 M M 6 1 22 320
11 52 27 40 0 25 0 0.00 M M 6.0 12 140 M M 2 13 130
12 57 29 43 3 22 0 0.00 M M 5.9 17 140 M M 2 19 140
13 58 28 43 4 22 0 0.00 M M 5.3 12 160 M M 0 14 170
14 60 28 44 5 21 0 0.00 M M 5.7 12 160 M M 0 14 170
15 62 30 46 8 19 0 0.00 M M 5.0 10 140 M M 0 11 160
16 62 32 47 9 18 0 0.00 M M 5.8 14 290 M M 0 16 360
17 50 23 37 -1 28 0 0.00 M M 7.8 17 310 M M 1 21 340
18 52 20 36 -1 29 0 0.00 M M 5.0 12 150 M M 0 13 140
19 58 33 46 9 19 0 0.00 M M 3.5 12 330 M M 4 13 320
20 55 33 44 8 21 0 T M M 6.7 22 310 M M 6 28 330
21 47 24 36 0 29 0 0.00 M M 5.2 12 170 M M 1 13 160
22 54 20 37 2 28 0 0.00 M M 5.7 12 160 M M 0 8 14 170
23 53 20 37 2 28 0 T M M 5.3 20 200 M M 4 25 210
24 41 20 31 -3 34 0 0.03 M M 6.7 18 310 M M 7 1 24 310
25 42 16 29 -5 36 0 0.00 M M 5.5 13 140 M M 0 15 140
26 50 17 34 0 31 0 0.00 M M 5.5 10 140 M M 0 13 150
27 53 19 36 3 29 0 0.00 M M 5.4 12 150 M M 0 14 320
28 55 23 39 6 26 0 0.00 M M 5.6 12 150 M M 0 13 150
29 57 24 41 9 24 0 0.00 M M 5.5 10 160 M M 0 11 160
30 53 23 38 6 27 0 0.00 M M 5.4 12 150 M M 0 13 150
================================================================================
SM 1695 834 680 0 0.11 M 171.1 M 48
================================================================================
AV 56.5 27.8 5.7 FASTST M M 2 MAX(MPH)
MISC ----> 30 240 43 240
================================================================================
NOTES:
# LAST OF SEVERAL OCCURRENCES
COLUMN 17 PEAK WIND IN M.P.H.
PRELIMINARY LOCAL CLIMATOLOGICAL DATA (WS FORM: F-6) , PAGE 2
STATION: MONTROSE CO
MONTH: NOVEMBER
YEAR: 2021
LATITUDE: 38 30 N
LONGITUDE: 107 53 W
[TEMPERATURE DATA] [PRECIPITATION DATA] SYMBOLS USED IN COLUMN 16
AVERAGE MONTHLY: 42.2 TOTAL FOR MONTH: 0.11 1 = FOG OR MIST
DPTR FM NORMAL: 4.1 DPTR FM NORMAL: -0.45 2 = FOG REDUCING VISIBILITY
HIGHEST: 71 ON 7 GRTST 24HR 0.05 ON 9-10 TO 1/4 MILE OR LESS
LOWEST: 16 ON 25 3 = THUNDER
SNOW, ICE PELLETS, HAIL 4 = ICE PELLETS
TOTAL MONTH: M 5 = HAIL
GRTST 24HR M ON M 6 = FREEZING RAIN OR DRIZZLE
GRTST DEPTH: M ON M 7 = DUSTSTORM OR SANDSTORM:
VSBY 1/2 MILE OR LESS
8 = SMOKE OR HAZE
[NO. OF DAYS WITH] [WEATHER - DAYS WITH] 9 = BLOWING SNOW
X = TORNADO
MAX 32 OR BELOW: 0 0.01 INCH OR MORE: 4
MAX 90 OR ABOVE: 0 0.10 INCH OR MORE: 0
MIN 32 OR BELOW: 22 0.50 INCH OR MORE: 0
MIN 0 OR BELOW: 0 1.00 INCH OR MORE: 0
[HDD (BASE 65) ]
TOTAL THIS MO. 680 CLEAR (SCALE 0-3) 24
DPTR FM NORMAL -127 PTCLDY (SCALE 4-7) 6
TOTAL FM JUL 1 1219 CLOUDY (SCALE 8-10) 0
DPTR FM NORMAL -137
[CDD (BASE 65) ]
TOTAL THIS MO. 0
DPTR FM NORMAL 0 [PRESSURE DATA]
TOTAL FM JAN 1 908 HIGHEST SLP 30.71 ON 25
DPTR FM NORMAL 209 LOWEST SLP 29.81 ON 16
[REMARKS]
#FINAL-11-21#