000
CXUS53 KILX 011000
CF6MTO
PRELIMINARY LOCAL CLIMATOLOGICAL DATA (WS FORM: F-6)
STATION: MATTOON IL AIRPORT
MONTH: DECEMBER
YEAR: 2022
LATITUDE: 39 28 N
LONGITUDE: 88 17 W
TEMPERATURE IN F: :PCPN: SNOW: WIND :SUNSHINE: SKY :PK WND
================================================================================
1 2 3 4 5 6A 6B 7 8 9 10 11 12 13 14 15 16 17 18
12Z AVG MX 2MIN
DY MAX MIN AVG DEP HDD CDD WTR SNW DPTH SPD SPD DIR MIN PSBL S-S WX SPD DR
================================================================================
1 37 17 27 -10 38 0 0.00 M M 7.9 23 140 M M 2 35 150
2 54 37 46 9 19 0 T M M 17.9 29 170 M M 10 54 190
3 55 20 38 1 27 0 0.01 M M 13.3 38 300 M M 2 47 300
4 40 18 29 -7 36 0 0.00 M M 6.5 14 180 M M 0 20 190
5 45 28 37 1 28 0 0.00 M M 7.6 14 160 M M 8 1 21 130
6 48 39 44 8 21 0 0.00 M M 3.6 9 340 M M 10 1 12 350
7 51 34 43 8 22 0 0.00 M M 4.5 10 350 M M 5 128 15 20
8 45 38 42 7 23 0 0.05 M M 8.5 15 60 M M M 18 20 50
9 51 35 43 8 22 0 0.18 M M 8.9 17 290 M M 9 1 25 140
10 44 39 42 8 23 0 T M M 2.9 8 310 M M 10 128 10 230
11 41 36 39 5 26 0 0.00 M M 5.7 12 330 M M 10 18 16 320
12 46 34 40 6 25 0 0.00 M M 6.0 14 120 M M 6 18 110
13 48 33 41 7 24 0 0.08 M M 14.6 21 110 M M 4 1 30 90
14 54 38 46 13 19 0 1.25 M M 12.9 36 270 M M 10 1 52 260
15 38 33 36 3 29 0 T M M 9.0 15 220 M M 8 30 260
16 34 30 32 -1 33 0 T M M 10.9 18 270 M M 10 35 270
17 30 22 26 -7 39 0 0.00 M M 10.9 23 280 M M 6 34 260
18 28 16 22 -10 43 0 T M M 8.8 23 260 M M 3 38 270
19 33 17 25 -7 40 0 0.00 M M 3.6 9 70 M M 4 12 70
20 42 25 34 2 31 0 0.00 M M 4.8 13 350 M M 6 1 16 340
21 40 28 34 2 31 0 0.00 M M 7.4 14 130 M M 5 18 19 140
22 38 -8 15 -16 50 0 M M M 19.1 37 290 M M 10 18 50 300
23 2 -9 -3 -34 68 0 T M M 24.9 37 290 M M 10 89 52 280
24 18 2 10 -21 55 0 0.00 M M 20.8 31 270 M M 3 8 45 260
25 20 5 13 -18 52 0 T M M 10.8 25 270 M M 1 38 270
26 27 19 23 -7 42 0 T M M 7.6 15 320 M M 10 16 21 160
27 25 10 18 -12 47 0 0.00 M M 10.4 18 180 M M 5 37 170
28 48 25 37 7 28 0 0.00 M M 17.2 25 150 M M 0 1 48 170
29 57 45 51 21 14 0 T M M 15.4 22 160 M M 9 1 39 180
30 56 36 46 16 19 0 1.00 M M 7.6 16 170 M M 10 1 24 150
31 48 32 40 11 25 0 0.00 M M 5.3 17 180 M M 3 1 32 150
================================================================================
SM 1243 774 999 0 2.57 M 315.3 M 189
================================================================================
AV 40.1 25.0 10.2 FASTST M M 6 MAX(MPH)
MISC ----> 38 300 54 190
================================================================================
NOTES:
# LAST OF SEVERAL OCCURRENCES
COLUMN 17 PEAK WIND IN M.P.H.
PRELIMINARY LOCAL CLIMATOLOGICAL DATA (WS FORM: F-6) , PAGE 2
STATION: MATTOON IL AIRPORT
MONTH: DECEMBER
YEAR: 2022
LATITUDE: 39 28 N
LONGITUDE: 88 17 W
[TEMPERATURE DATA] [PRECIPITATION DATA] SYMBOLS USED IN COLUMN 16
AVERAGE MONTHLY: 32.5 TOTAL FOR MONTH: 2.57 1 = FOG OR MIST
DPTR FM NORMAL: -0.5 DPTR FM NORMAL: 0.73 2 = FOG REDUCING VISIBILITY
HIGHEST: 57 ON 29 GRTST 24HR 1.26 ON 13-14 TO 1/4 MILE OR LESS
LOWEST: -9 ON 23 3 = THUNDER
SNOW, ICE PELLETS, HAIL 4 = ICE PELLETS
TOTAL MONTH: M 5 = HAIL
GRTST 24HR M ON M 6 = FREEZING RAIN OR DRIZZLE
GRTST DEPTH: M ON M 7 = DUSTSTORM OR SANDSTORM:
VSBY 1/2 MILE OR LESS
8 = SMOKE OR HAZE
[NO. OF DAYS WITH] [WEATHER - DAYS WITH] 9 = BLOWING SNOW
X = TORNADO
MAX 32 OR BELOW: 7 0.01 INCH OR MORE: 6
MAX 90 OR ABOVE: 0 0.10 INCH OR MORE: 3
MIN 32 OR BELOW: 18 0.50 INCH OR MORE: 2
MIN 0 OR BELOW: 2 1.00 INCH OR MORE: 2
[HDD (BASE 65) ]
TOTAL THIS MO. 999 CLEAR (SCALE 0-3) 7
DPTR FM NORMAL 7 PTCLDY (SCALE 4-7) 10
TOTAL FM JUL 1 2030 CLOUDY (SCALE 8-10) 14
DPTR FM NORMAL -4
[CDD (BASE 65) ]
TOTAL THIS MO. 0
DPTR FM NORMAL 0 [PRESSURE DATA]
TOTAL FM JAN 1 1255 HIGHEST SLP 30.57 ON 1
DPTR FM NORMAL 138 LOWEST SLP 29.47 ON 14
[REMARKS]
#FINAL-12-22#