000
CXUS54 KFWD 010731
CF6MWL
PRELIMINARY LOCAL CLIMATOLOGICAL DATA (WS FORM: F-6)
STATION: MINERAL WELLS
MONTH: MAY
YEAR: 2021
LATITUDE: 32 46 N
LONGITUDE: 98 4 W
TEMPERATURE IN F: :PCPN: SNOW: WIND :SUNSHINE: SKY :PK WND
================================================================================
1 2 3 4 5 6A 6B 7 8 9 10 11 12 13 14 15 16 17 18
12Z AVG MX 2MIN
DY MAX MIN AVG DEP HDD CDD WTR SNW DPTH SPD SPD DIR MIN PSBL S-S WX SPD DR
================================================================================
1 71 63 67 -1 0 2 0.30 M M 6.1 15 120 M M 10 1 19 130
2 83 63 73 4 0 8 0.11 M M 7.6 16 160 M M 4 1 23 150
3 91 65 78 9 0 13 0.00 M M 9.8 17 300 M M 2 24 290
4 74 55 65 -4 0 0 0.00 M M 12.9 25 320 M M 4 35 340
5 76 47 62 -7 3 0 0.00 M M 4.7 12 130 M M 0 1 18 70
6 83 50 67 -3 0 2 0.00 M M 4.5 14 40 M M 0 20 360
7 86 55 71 1 0 6 0.00 M M 10.1 22 170 M M 0 30 150
8 89 60 75 5 0 10 0.00 M M 15.0 25 180 M M 0 37 170
9 80 64 72 1 0 7 T M M 10.2 20 350 M M 5 29 170
10 64 54 59 -12 6 0 0.05 M M 9.5 16 40 M M 10 13 23 40
11 61 55 58 -13 7 0 0.45 M M 8.9 17 140 M M 10 13 24 320
12 63 53 58 -14 7 0 T M M 7.6 15 360 M M 10 1 19 350
13 71 57 64 -8 1 0 0.00 M M 4.3 10 90 M M 9 16 60
14 79 55 67 -5 0 2 0.00 M M 10.7 17 130 M M 2 23 130
15 80 62 71 -1 0 6 0.25 M M 10.7 21 170 M M 5 13 28 170
16 80 67 74 1 0 9 0.13 M M 11.1 23 160 M M 7 13 32 130
17 83 62 73 0 0 8 1.13 M M 9.0 26 300 M M 6 13 39 300
18 71 60 66 -7 0 1 2.32 M M 6.9 24 30 M M 5 13 34 40
19 78 63 71 -3 0 6 0.00 M M 5.6 14 110 M M 4 1 18 160
20 82 63 73 -1 0 8 0.00 M M 6.6 13 110 M M 3 1 17 130
21 83 67 75 1 0 10 0.00 M M 9.9 18 130 M M 4 1 27 130
22 75 68 72 -3 0 7 0.34 M M 10.3 23 130 M M 9 1 29 130
23 73 62 68 -7 0 3 0.15 M M 10.3 20 130 M M 8 1 27 130
24 77 64 71 -4 0 6 0.31 M M 9.4 18 120 M M 8 13 24 130
25 85 64 75 -1 0 10 1.07 M M 9.9 26 120 M M 5 13 34 240
26 89 69 79 3 0 14 0.00 M M 9.2 16 150 M M 2 12 23 160
27 88 72 80 4 0 15 0.00 M M 11.0 20 200 M M 4 1 29 200
28 77 65 71 -5 0 6 0.02 M M 5.4 16 120 M M 5 3 24 120
29 84 63 74 -3 0 9 0.00 M M 6.2 14 40 M M 5 20 20
30 75 67 71 -6 0 6 0.00 M M 10.3 16 110 M M 9 21 110
31 71 65 68 -9 0 3 2.01 M M 9.1 21 340 M M 9 13 29 340
================================================================================
SM 2422 1899 24 177 8.64 M 272.8 M 164
================================================================================
AV 78.1 61.3 8.8 FASTST M M 5 MAX(MPH)
MISC ----> # 26 300 39 300
================================================================================
NOTES:
# LAST OF SEVERAL OCCURRENCES
COLUMN 17 PEAK WIND IN M.P.H.
PRELIMINARY LOCAL CLIMATOLOGICAL DATA (WS FORM: F-6) , PAGE 2
STATION: MINERAL WELLS
MONTH: MAY
YEAR: 2021
LATITUDE: 32 46 N
LONGITUDE: 98 4 W
[TEMPERATURE DATA] [PRECIPITATION DATA] SYMBOLS USED IN COLUMN 16
AVERAGE MONTHLY: 69.7 TOTAL FOR MONTH: 8.64 1 = FOG OR MIST
DPTR FM NORMAL: -3.1 DPTR FM NORMAL: 4.64 2 = FOG REDUCING VISIBILITY
HIGHEST: 91 ON 3 GRTST 24HR 2.54 ON 17-18 TO 1/4 MILE OR LESS
LOWEST: 47 ON 5 3 = THUNDER
SNOW, ICE PELLETS, HAIL 4 = ICE PELLETS
TOTAL MONTH: M 5 = HAIL
GRTST 24HR M ON M 6 = FREEZING RAIN OR DRIZZLE
GRTST DEPTH: M ON M 7 = DUSTSTORM OR SANDSTORM:
VSBY 1/2 MILE OR LESS
8 = SMOKE OR HAZE
[NO. OF DAYS WITH] [WEATHER - DAYS WITH] 9 = BLOWING SNOW
X = TORNADO
MAX 32 OR BELOW: 0 0.01 INCH OR MORE: 14
MAX 90 OR ABOVE: 1 0.10 INCH OR MORE: 12
MIN 32 OR BELOW: 0 0.50 INCH OR MORE: 4
MIN 0 OR BELOW: 0 1.00 INCH OR MORE: 4
[HDD (BASE 65) ]
TOTAL THIS MO. 24 CLEAR (SCALE 0-3) 8
DPTR FM NORMAL 8 PTCLDY (SCALE 4-7) 14
TOTAL FM JUL 1 2569 CLOUDY (SCALE 8-10) 9
DPTR FM NORMAL 164
[CDD (BASE 65) ]
TOTAL THIS MO. 177
DPTR FM NORMAL -79 [PRESSURE DATA]
TOTAL FM JAN 1 257 HIGHEST SLP M ON M
DPTR FM NORMAL -137 LOWEST SLP 29.40 ON 3
[REMARKS]
#FINAL-05-21#