000
CXUS54 KFWD 010731
CF6MWL
PRELIMINARY LOCAL CLIMATOLOGICAL DATA (WS FORM: F-6)
STATION: MINERAL WELLS
MONTH: APRIL
YEAR: 2021
LATITUDE: 32 46 N
LONGITUDE: 98 4 W
TEMPERATURE IN F: :PCPN: SNOW: WIND :SUNSHINE: SKY :PK WND
================================================================================
1 2 3 4 5 6A 6B 7 8 9 10 11 12 13 14 15 16 17 18
12Z AVG MX 2MIN
DY MAX MIN AVG DEP HDD CDD WTR SNW DPTH SPD SPD DIR MIN PSBL S-S WX SPD DR
================================================================================
1 69 34 52 -9 13 0 0.00 M M 4.3 12 150 M M 0 18 200
2 70 39 55 -7 10 0 0.00 M M 11.1 23 140 M M 3 32 120
3 71 52 62 0 3 0 0.00 M M 11.4 21 160 M M 7 28 180
4 73 57 65 3 0 0 0.00 M M 9.5 16 160 M M 10 22 170
5 79 52 66 4 0 1 0.00 M M 12.3 22 160 M M 3 1 30 160
6 85 64 75 13 0 10 T M M 18.5 28 160 M M 4 40 150
7 77 50 64 1 1 0 0.00 M M 13.3 25 320 M M 3 35 330
8 85 43 64 1 1 0 0.00 M M 6.6 18 150 M M 0 24 150
9 93 58 76 13 0 11 0.00 M M 14.0 33 360 M M 1 18 49 360
10 73 46 60 -3 5 0 0.00 M M 9.6 21 340 M M 0 29 350
11 87 40 64 0 1 0 0.00 M M 9.7 22 180 M M 0 33 160
12 83 56 70 6 0 5 0.04 0.0 M 10.3 18 340 M M 1 3 26 330
13 76 51 64 0 1 0 0.09 M M 7.9 17 10 M M 7 3 24 10
14 73 52 63 -1 2 0 0.00 M M 10.3 18 340 M M 8 26 340
15 58 53 56 -9 9 0 1.24 M M 8.8 18 80 M M 10 13 25 90
16 62 50 56 -9 9 0 0.21 M M 10.2 23 360 M M 9 13 32 320
17 59 45 52 -13 13 0 0.00 M M 11.9 23 360 M M 3 33 340
18 69 38 54 -11 11 0 0.00 M M 6.2 17 320 M M 0 31 360
19 74 38 56 -10 9 0 0.00 M M 5.0 15 200 M M 0 29 200
20 57 39 48 -18 17 0 0.00 M M 12.3 24 340 M M 0 35 330
21 59 31 45 -21 20 0 0.00 M M 3.5 13 90 M M 6 19 70
22 60 50 55 -11 10 0 T M M 8.5 17 140 M M 10 24 130
23 71 57 64 -2 1 0 0.08 M M 10.1 22 140 M M 9 13 29 150
24 74 50 62 -5 3 0 0.00 M M 9.0 17 330 M M 5 12 24 340
25 85 45 65 -2 0 0 0.00 M M 11.8 21 170 M M 2 12 32 150
26 83 62 73 6 0 8 0.00 M M 15.5 26 160 M M 0 36 160
27 76 68 72 4 0 7 T M M 13.6 26 140 M M 7 35 160
28 77 66 72 4 0 7 2.27 M M 6.7 23 110 M M 9 13 33 220
29 67 61 64 -4 1 0 1.51 M M 8.6 22 360 M M 10 13 29 360
30 70 60 65 -3 0 0 0.05 M M 7.8 17 80 M M 10 13 24 70
================================================================================
SM 2195 1507 140 49 5.49 0.0 298.3 M 137
================================================================================
AV 73.2 50.2 9.9 FASTST M M 5 MAX(MPH)
MISC ----> 33 360 49 360
================================================================================
NOTES:
# LAST OF SEVERAL OCCURRENCES
COLUMN 17 PEAK WIND IN M.P.H.
PRELIMINARY LOCAL CLIMATOLOGICAL DATA (WS FORM: F-6) , PAGE 2
STATION: MINERAL WELLS
MONTH: APRIL
YEAR: 2021
LATITUDE: 32 46 N
LONGITUDE: 98 4 W
[TEMPERATURE DATA] [PRECIPITATION DATA] SYMBOLS USED IN COLUMN 16
AVERAGE MONTHLY: 61.7 TOTAL FOR MONTH: 5.49 1 = FOG OR MIST
DPTR FM NORMAL: -3.0 DPTR FM NORMAL: 3.11 2 = FOG REDUCING VISIBILITY
HIGHEST: 93 ON 9 GRTST 24HR 2.81 ON 28-29 TO 1/4 MILE OR LESS
LOWEST: 31 ON 21 3 = THUNDER
SNOW, ICE PELLETS, HAIL 4 = ICE PELLETS
TOTAL MONTH: 0.0 INCH 5 = HAIL
GRTST 24HR 0.0 6 = FREEZING RAIN OR DRIZZLE
GRTST DEPTH: M ON M 7 = DUSTSTORM OR SANDSTORM:
VSBY 1/2 MILE OR LESS
8 = SMOKE OR HAZE
[NO. OF DAYS WITH] [WEATHER - DAYS WITH] 9 = BLOWING SNOW
X = TORNADO
MAX 32 OR BELOW: 0 0.01 INCH OR MORE: 8
MAX 90 OR ABOVE: 1 0.10 INCH OR MORE: 4
MIN 32 OR BELOW: 1 0.50 INCH OR MORE: 3
MIN 0 OR BELOW: 0 1.00 INCH OR MORE: 3
[HDD (BASE 65) ]
TOTAL THIS MO. 140 CLEAR (SCALE 0-3) 15
DPTR FM NORMAL 40 PTCLDY (SCALE 4-7) 6
TOTAL FM JUL 1 2545 CLOUDY (SCALE 8-10) 9
DPTR FM NORMAL 68
[CDD (BASE 65) ]
TOTAL THIS MO. 49
DPTR FM NORMAL -43 [PRESSURE DATA]
TOTAL FM JAN 1 80 HIGHEST SLP M ON M
DPTR FM NORMAL -46 LOWEST SLP 29.47 ON 9
[REMARKS]
#FINAL-04-21#