000
CXUS54 KLZK 011131
CF6MWT
PRELIMINARY LOCAL CLIMATOLOGICAL DATA (WS FORM: F-6)
STATION: Mount Ida
MONTH: JUNE
YEAR: 2020
LATITUDE: 34 32 N
LONGITUDE: 93 35 W
TEMPERATURE IN F: :PCPN: SNOW: WIND :SUNSHINE: SKY :PK WND
================================================================================
1 2 3 4 5 6A 6B 7 8 9 10 11 12 13 14 15 16 17 18
12Z AVG MX 2MIN
DY MAX MIN AVG DEP HDD CDD WTR SNW DPTH SPD SPD DIR MIN PSBL S-S WX SPD DR
================================================================================
1 82 56 69 -3 0 4 0.00 0.0 0 0.5 7 120 M M 0 11 60
2 83 61 72 -1 0 7 0.00 0.0 0 0.2 5 190 M M 0 1 7 210
3 87 67 77 4 0 12 0.11 0.0 0 1.1 8 230 M M 2 1 16 200
4 88 70 79 6 0 14 0.19 0.0 0 1.0 14 130 M M 2 1 20 140
5 94 71 83 9 0 18 T 0.0 0 2.1 21 140 M M 1 28 130
6 93 67 80 6 0 15 0.00 0.0 0 1.7 9 110 M M 1 15 120
7 92 66 79 5 0 14 0.00 0.0 0 1.9 9 110 M M 1 12 16 90
8 80 70 75 1 0 10 1.75 0.0 0 2.7 13 320 M M 6 1 21 320
9 91 70 81 6 0 16 0.00 0.0 0 4.4 12 220 M M 3 1 26 240
10 81 58 70 -5 0 5 0.00 0.0 0 5.3 16 300 M M 2 26 290
11 86 53 70 -5 0 5 0.00 0.0 0 0.9 8 140 M M 0 13 150
12 89 56 73 -3 0 8 0.00 0.0 0 0.6 7 130 M M 0 10 80
13 91 61 76 0 0 11 0.00 0.0 0 0.7 8 140 M M 1 11 160
14 90 66 78 2 0 13 0.00 0.0 0 1.9 10 140 M M 2 13 150
15 91 63 77 1 0 12 0.00 0.0 0 0.6 7 150 M M 1 1 13 260
16 87 65 76 0 0 11 0.00 0.0 0 2.4 9 140 M M 0 1 12 120
17 87 62 75 -2 0 10 0.00 0.0 0 1.7 9 130 M M 2 1 12 130
18 88 63 76 -1 0 11 0.00 0.0 0 3.1 10 130 M M 2 1 15 130
19 89 66 78 1 0 13 0.00 0.0 0 1.8 10 150 M M 0 1 15 120
20 83 68 76 -1 0 11 0.47 0.0 0 1.4 13 140 M M 5 12 22 140
21 80 67 74 -4 0 9 0.39 0.0 0 1.4 9 140 M M 7 12 12 140
22 87 68 78 0 0 13 0.21 0.0 0 1.3 10 150 M M 3 1 20 160
23 85 68 77 -1 0 12 0.44 0.0 0 1.0 16 270 M M 2 1 30 290
24 87 65 76 -2 0 11 0.00 0.0 0 1.3 9 130 M M 3 1 13 130
25 88 61 75 -3 0 10 0.00 0.0 0 3.2 10 140 M M 1 1 16 130
26 81 70 76 -3 0 11 0.56 0.0 0 1.4 10 200 M M 7 1 17 170
27 88 74 81 2 0 16 T 0.0 0 3.5 12 180 M M 2 18 18 250
28 89 74 82 3 0 17 0.05 0.0 0 4.4 12 140 M M 3 1 21 200
29 86 70 78 -1 0 13 1.68 0.0 0 2.7 13 130 M M 6 12 19 270
30 88 79 84 5 0 19 T 0.0 0 4.1 12 210 M M 7 21 200
================================================================================
SM 2611 1975 0 351 5.85 0.0 60.3 M 72
================================================================================
AV 87.0 65.8 2.0 FASTST M M 2 MAX(MPH)
MISC ----> # 21 140 # 30 290
================================================================================
NOTES:
# LAST OF SEVERAL OCCURRENCES
COLUMN 17 PEAK WIND IN M.P.H.
PRELIMINARY LOCAL CLIMATOLOGICAL DATA (WS FORM: F-6) , PAGE 2
STATION: Mount Ida
MONTH: JUNE
YEAR: 2020
LATITUDE: 34 32 N
LONGITUDE: 93 35 W
[TEMPERATURE DATA] [PRECIPITATION DATA] SYMBOLS USED IN COLUMN 16
AVERAGE MONTHLY: 76.4 TOTAL FOR MONTH: 5.85 1 = FOG OR MIST
DPTR FM NORMAL: 0.2 DPTR FM NORMAL: 1.16 2 = FOG REDUCING VISIBILITY
HIGHEST: 94 ON 5 GRTST 24HR 1.75 ON 8- 8 TO 1/4 MILE OR LESS
LOWEST: 53 ON 11 3 = THUNDER
SNOW, ICE PELLETS, HAIL 4 = ICE PELLETS
TOTAL MONTH: 0.0 INCH 5 = HAIL
GRTST 24HR 0.0 6 = FREEZING RAIN OR DRIZZLE
GRTST DEPTH: 0 7 = DUSTSTORM OR SANDSTORM:
VSBY 1/2 MILE OR LESS
8 = SMOKE OR HAZE
[NO. OF DAYS WITH] [WEATHER - DAYS WITH] 9 = BLOWING SNOW
X = TORNADO
MAX 32 OR BELOW: 0 0.01 INCH OR MORE: 10
MAX 90 OR ABOVE: 7 0.10 INCH OR MORE: 9
MIN 32 OR BELOW: 0 0.50 INCH OR MORE: 3
MIN 0 OR BELOW: 0 1.00 INCH OR MORE: 2
[HDD (BASE 65) ]
TOTAL THIS MO. 0 CLEAR (SCALE 0-3) 23
DPTR FM NORMAL -1 PTCLDY (SCALE 4-7) 7
TOTAL FM JUL 1 2899 CLOUDY (SCALE 8-10) 0
DPTR FM NORMAL -393
[CDD (BASE 65) ]
TOTAL THIS MO. 351
DPTR FM NORMAL 14 [PRESSURE DATA]
TOTAL FM JAN 1 544 HIGHEST SLP 30.30 ON 12
DPTR FM NORMAL 12 LOWEST SLP 29.46 ON 8
[REMARKS]
ALL SNOWFALL DATA IS FROM THE MT IDA 4 S COOPERATIVE OBSERVER SITE
#FINAL-06-20#