000
CXUS56 KSGX 231045
CF6MYF
PRELIMINARY LOCAL CLIMATOLOGICAL DATA (WS FORM: F-6)
STATION: SAN DIEGO/MONTGOMERY FLD CA
MONTH: APRIL
YEAR: 2024
LATITUDE: 32 49 N
LONGITUDE: 117 9 W
TEMPERATURE IN F: :PCPN: SNOW: WIND :SUNSHINE: SKY :PK WND
================================================================================
1 2 3 4 5 6A 6B 7 8 9 10 11 12 13 14 15 16 17 18
12Z AVG MX 2MIN
DY MAX MIN AVG DEP HDD CDD WTR SNW DPTH SPD SPD DIR MIN PSBL S-S WX SPD DR
================================================================================
1 66 50 58 -2 7 0 0.00 M M 5.3 16 300 M M 2 21 310
2 71 47 59 -1 6 0 0.00 M M 3.9 13 290 M M 0 17 270
3 75 50 63 3 2 0 0.00 M M 4.2 13 230 M M 1 16 240
4 64 51 58 -2 7 0 0.04 M M 7.6 17 280 M M 9 1 23 270
5 58 46 52 -8 13 0 0.28 M M 10.2 21 270 M M 7 38 26 280
6 62 43 53 -7 12 0 0.00 M M 5.5 14 240 M M 1 20 260
7 65 44 55 -6 10 0 0.00 M M 4.0 14 290 M M 0 18 260
8 64 46 55 -6 10 0 0.00 M M 5.0 15 270 M M 1 20 310
9 79 46 63 2 2 0 0.00 M M 4.7 14 340 M M 0 17 310
10 77 51 64 3 1 0 0.00 M M 3.8 12 300 M M 0 1 15 310
11 76 53 65 4 0 0 0.00 M M 4.1 15 210 M M 3 128 18 220
12 62 54 58 -3 7 0 0.00 M M 7.4 14 200 M M 10 128 20 180
13 66 52 59 -2 6 0 0.11 M M 8.1 17 320 M M 10 1 23 210
14 64 47 56 -5 9 0 0.01 M M 5.6 17 240 M M 4 22 260
15 67 52 60 -1 5 0 0.00 M M 5.5 15 310 M M 3 23 230
16 77 50 64 2 1 0 0.00 M M 4.2 16 300 M M 0 20 300
17 74 50 62 0 3 0 0.00 M M 3.4 14 300 M M 0 18 18 300
18 73 54 64 2 1 0 0.00 M M 5.5 21 240 M M 5 18 27 250
19 67 57 62 0 3 0 0.00 M M 4.9 13 240 M M 6 20 220
20 70 58 64 2 1 0 0.00 M M 4.7 13 300 M M 6 16 300
21 71 56 64 2 1 0 0.00 M M 4.9 13 240 M M 7 18 16 240
22 63 56 60 -2 5 0 0.00 M M 5.3 10 270 M M 10 18 16 250
================================================================================
SM 1511 1113 112 0 0.44 M 117.8 M 85
================================================================================
AV 68.7 50.6 5.4 FASTST M M 4 MAX(MPH)
MISC ----> # 21 270 27 250
================================================================================
NOTES:
# LAST OF SEVERAL OCCURRENCES
COLUMN 17 PEAK WIND IN M.P.H.
PRELIMINARY LOCAL CLIMATOLOGICAL DATA (WS FORM: F-6) , PAGE 2
STATION: SAN DIEGO/MONTGOMERY FLD CA
MONTH: APRIL
YEAR: 2024
LATITUDE: 32 49 N
LONGITUDE: 117 9 W
[TEMPERATURE DATA] [PRECIPITATION DATA] SYMBOLS USED IN COLUMN 16
AVERAGE MONTHLY: 59.6 TOTAL FOR MONTH: 0.44 1 = FOG OR MIST
DPTR FM NORMAL: -1.4 DPTR FM NORMAL: -0.18 2 = FOG REDUCING VISIBILITY
HIGHEST: 79 ON 9 GRTST 24HR 0.32 ON 4- 5 TO 1/4 MILE OR LESS
LOWEST: 43 ON 6 3 = THUNDER
SNOW, ICE PELLETS, HAIL 4 = ICE PELLETS
TOTAL MONTH: M 5 = HAIL
GRTST 24HR M ON M 6 = FREEZING RAIN OR DRIZZLE
GRTST DEPTH: M ON M 7 = DUSTSTORM OR SANDSTORM:
VSBY 1/2 MILE OR LESS
8 = SMOKE OR HAZE
[NO. OF DAYS WITH] [WEATHER - DAYS WITH] 9 = BLOWING SNOW
X = TORNADO
MAX 32 OR BELOW: 0 0.01 INCH OR MORE: 4
MAX 90 OR ABOVE: 0 0.10 INCH OR MORE: 2
MIN 32 OR BELOW: 0 0.50 INCH OR MORE: 0
MIN 0 OR BELOW: 0 1.00 INCH OR MORE: 0
[HDD (BASE 65) ]
TOTAL THIS MO. 112 CLEAR (SCALE 0-3) 11
DPTR FM NORMAL 13 PTCLDY (SCALE 4-7) 7
TOTAL FM JUL 1 911 CLOUDY (SCALE 8-10) 4
DPTR FM NORMAL -310
[CDD (BASE 65) ]
TOTAL THIS MO. 0
DPTR FM NORMAL -12 [PRESSURE DATA]
TOTAL FM JAN 1 1 HIGHEST SLP M ON M
DPTR FM NORMAL -29 LOWEST SLP 29.80 ON 1
[REMARKS]