000
CXUS55 KBOI 011002
CF6MYL
PRELIMINARY LOCAL CLIMATOLOGICAL DATA (WS FORM: F-6)
STATION: MCCALL ID
MONTH: JUNE
YEAR: 2023
LATITUDE: 44 52 N
LONGITUDE: 116 6 W
TEMPERATURE IN F: :PCPN: SNOW: WIND :SUNSHINE: SKY :PK WND
================================================================================
1 2 3 4 5 6A 6B 7 8 9 10 11 12 13 14 15 16 17 18
12Z AVG MX 2MIN
DY MAX MIN AVG DEP HDD CDD WTR SNW DPTH SPD SPD DIR MIN PSBL S-S WX SPD DR
================================================================================
1 68 43 56 4 9 0 0.00 M M 5.8 15 300 M M 2 21 300
2 68 42 55 3 10 0 0.06 M M 5.8 14 130 M M 3 13 22 300
3 72 45 59 7 6 0 T M M 7.0 17 10 M M 6 25 30
4 68 44 56 4 9 0 T M M 3.7 15 10 M M 3 3 22 10
5 68 49 59 6 6 0 0.08 M M 3.6 17 30 M M 5 1 26 50
6 76 42 59 6 6 0 0.00 M M 2.8 12 190 M M 0 18 290
7 78 47 63 10 2 0 0.00 M M 4.5 20 10 M M 2 27 30
8 63 52 58 5 7 0 0.11 M M 3.4 9 340 M M 7 13 14 340
9 64 49 57 4 8 0 0.12 M M 4.6 18 240 M M 8 13 26 250
10 65 49 57 3 8 0 0.01 M M 3.8 14 110 M M 6 18 110
11 71 48 60 6 5 0 0.15 M M 4.4 18 10 M M 5 13 26 10
12 72 45 59 5 6 0 0.10 M M 4.1 16 10 M M 3 13 24 340
13 74 46 60 6 5 0 T M M 3.5 18 290 M M 3 3 26 290
14 63 45 54 -1 11 0 0.00 M M 6.8 16 260 M M 1 24 270
15 63 42 53 -2 12 0 0.00 M M 8.7 17 360 M M 1 24 360
16 69 36 53 -2 12 0 0.00 M M 4.9 14 290 M M 0 19 260
17 67 50 59 4 6 0 0.03 M M 5.6 17 190 M M 8 1 26 170
18 57 40 49 -7 16 0 0.02 M M 7.4 22 200 M M 7 31 190
19 43 31 37 -19 28 0 0.28 M M 4.8 15 280 M M 8 12 22 300
20 53 28 41 -15 24 0 0.28 M M 4.3 15 20 M M 7 123 23 40
21 58 28 43 -14 22 0 0.00 M M 3.1 14 190 M M 2 12 19 190
22 68 32 50 -7 15 0 0.00 M M 3.8 12 170 M M 0 18 180
23 69 41 55 -2 10 0 0.00 M M 6.7 20 40 M M 5 29 40
24 70 38 54 -4 11 0 T M M 4.7 17 180 M M 1 24 20
25 73 45 59 1 6 0 0.03 M M 5.2 16 350 M M 2 1 23 350
26 69 47 58 0 7 0 0.04 M M 4.3 21 70 M M 6 13 27 80
27 65 44 55 -4 10 0 0.21 M M 3.6 16 290 M M 3 123 23 270
28 65 47 56 -3 9 0 0.13 M M 2.9 14 50 M M 5 13 18 40
29 77 43 60 0 5 0 0.00 M M 3.6 12 270 M M 1 16 340
30 81 48 65 5 0 0 0.00 M M 3.1 14 270 M M 0 19 280
================================================================================
SM 2017 1286 291 0 1.65 M 140.5 M 110
================================================================================
AV 67.2 42.9 4.7 FASTST M M 4 MAX(MPH)
MISC ----> 22 200 31 190
================================================================================
NOTES:
# LAST OF SEVERAL OCCURRENCES
COLUMN 17 PEAK WIND IN M.P.H.
PRELIMINARY LOCAL CLIMATOLOGICAL DATA (WS FORM: F-6) , PAGE 2
STATION: MCCALL ID
MONTH: JUNE
YEAR: 2023
LATITUDE: 44 52 N
LONGITUDE: 116 6 W
[TEMPERATURE DATA] [PRECIPITATION DATA] SYMBOLS USED IN COLUMN 16
AVERAGE MONTHLY: 55.0 TOTAL FOR MONTH: 1.65 1 = FOG OR MIST
DPTR FM NORMAL: -0.3 DPTR FM NORMAL: -0.38 2 = FOG REDUCING VISIBILITY
HIGHEST: 81 ON 30 GRTST 24HR 0.28 ON 18-19 TO 1/4 MILE OR LESS
LOWEST: 28 ON 21,20 3 = THUNDER
SNOW, ICE PELLETS, HAIL 4 = ICE PELLETS
TOTAL MONTH: M 5 = HAIL
GRTST 24HR M ON M 6 = FREEZING RAIN OR DRIZZLE
GRTST DEPTH: M ON M 7 = DUSTSTORM OR SANDSTORM:
VSBY 1/2 MILE OR LESS
8 = SMOKE OR HAZE
[NO. OF DAYS WITH] [WEATHER - DAYS WITH] 9 = BLOWING SNOW
X = TORNADO
MAX 32 OR BELOW: 0 0.01 INCH OR MORE: 15
MAX 90 OR ABOVE: 0 0.10 INCH OR MORE: 8
MIN 32 OR BELOW: 4 0.50 INCH OR MORE: 0
MIN 0 OR BELOW: 0 1.00 INCH OR MORE: 0
[HDD (BASE 65) ]
TOTAL THIS MO. 291 CLEAR (SCALE 0-3) 15
DPTR FM NORMAL -8 PTCLDY (SCALE 4-7) 13
TOTAL FM JUL 1 8744 CLOUDY (SCALE 8-10) 2
DPTR FM NORMAL 76
[CDD (BASE 65) ]
TOTAL THIS MO. 0
DPTR FM NORMAL -8 [PRESSURE DATA]
TOTAL FM JAN 1 0 HIGHEST SLP 30.25 ON 21
DPTR FM NORMAL -8 LOWEST SLP 29.60 ON 18
[REMARKS]
#FINAL-06-23#