000
CXUS56 KSTO 011401
CF6MYV
PRELIMINARY LOCAL CLIMATOLOGICAL DATA (WS FORM: F-6)
STATION: MARYSVILLE
MONTH: JANUARY
YEAR: 2023
LATITUDE: 39 6 N
LONGITUDE: 121-34 E
TEMPERATURE IN F: :PCPN: SNOW: WIND :SUNSHINE: SKY :PK WND
================================================================================
1 2 3 4 5 6A 6B 7 8 9 10 11 12 13 14 15 16 17 18
12Z AVG MX 2MIN
DY MAX MIN AVG DEP HDD CDD WTR SNW DPTH SPD SPD DIR MIN PSBL S-S WX SPD DR
================================================================================
1 M M M M M M 0.00 0.0 M M M M M M M M M
2 M M M M M M 0.00 M M M M M M M M M M
3 M M M M M M M M M M M M M M M M M
4 61 43 52 6 13 0 0.74 M M 12.3 38 160 M M 9 13 47 160
5 54 48 51 5 14 0 0.98 M M 14.6 26 170 M M 8 13 36 170
6 58 47 53 7 12 0 0.01 M M 5.9 15 150 M M 6 18 160
7 60 47 54 8 11 0 0.11 M M 13.7 41 180 M M 9 56 170
8 60 50 55 9 10 0 0.49 M M 16.2 45 160 M M 8 1 58 160
9 60 46 53 7 12 0 1.01 0.0 M 13.6 33 180 M M 5 1 46 180
10 55 47 51 5 14 0 1.00 M M 15.9 41 190 M M 8 13 52 190
11 55 47 51 5 14 0 0.37 M M 8.4 26 160 M M 10 36 150
12 63 49 56 10 9 0 0.01 M M M 10 60 M M M 13 150
13 57 51 54 8 11 0 1.09 M M M M M M M M M M
14 57 48 53 6 12 0 1.14 M M M M M M M M M M
15 52 47 50 3 15 0 0.29 M M M M M M M M M M
16 52 39 46 -1 19 0 0.04 M M M M M M M M M M
17 56 34 45 -2 20 0 0.00 M M 4.0 10 320 M M 0 1 14 320
18 54 33 44 -3 21 0 0.37 M M 7.4 17 150 M M 5 1 22 160
19 53 37 45 -2 20 0 0.00 M M 9.9 18 330 M M 4 12 24 330
20 56 37 47 0 18 0 0.00 M M 10.0 20 330 M M 0 26 340
21 54 30 42 -5 23 0 0.00 M M 2.0 7 300 M M 0 18 9 230
22 57 32 45 -2 20 0 0.00 M M 12.0 26 330 M M 0 33 330
23 61 39 50 3 15 0 0.00 M M 14.2 25 340 M M 0 36 340
24 61 30 46 -1 19 0 0.00 M M 2.7 10 160 M M 0 1 12 150
25 68 31 50 3 15 0 0.00 M M 10.1 26 320 M M 0 1 32 330
26 68 41 55 7 10 0 0.00 M M 8.7 21 360 M M 0 27 360
27 61 35 48 0 17 0 0.00 M M 2.0 8 150 M M 0 1 12 190
28 58 33 46 -2 19 0 0.00 M M 5.7 12 170 M M 0 1 15 140
29 49 39 44 -4 21 0 0.01 M M 9.9 18 340 M M 6 1 24 340
30 56 35 46 -2 19 0 0.00 M M 16.7 25 340 M M 0 32 340
31 55 33 44 -4 21 0 0.00 M M 6.6 17 330 M M 0 23 320
================================================================================
SM 1611 1128 444 0 7.66 0.0 222.5 M 78
================================================================================
AV 57.5 40.3 9.7 FASTST M M 3 MAX(MPH)
MISC ----> 45 160 58 160
================================================================================
NOTES:
# LAST OF SEVERAL OCCURRENCES
COLUMN 17 PEAK WIND IN M.P.H.
PRELIMINARY LOCAL CLIMATOLOGICAL DATA (WS FORM: F-6) , PAGE 2
STATION: MARYSVILLE
MONTH: JANUARY
YEAR: 2023
LATITUDE: 39 6 N
LONGITUDE: 121-34 E
[TEMPERATURE DATA] [PRECIPITATION DATA] SYMBOLS USED IN COLUMN 16
AVERAGE MONTHLY: 48.9 TOTAL FOR MONTH: 7.66 1 = FOG OR MIST
DPTR FM NORMAL: 2.1 DPTR FM NORMAL: 3.85 2 = FOG REDUCING VISIBILITY
HIGHEST: 68 ON 26,25 GRTST 24HR 2.22 ON 13-14 TO 1/4 MILE OR LESS
LOWEST: 30 ON 24,21 3 = THUNDER
SNOW, ICE PELLETS, HAIL 4 = ICE PELLETS
TOTAL MONTH: 0.0 INCH 5 = HAIL
GRTST 24HR 0.0 6 = FREEZING RAIN OR DRIZZLE
GRTST DEPTH: M ON M 7 = DUSTSTORM OR SANDSTORM:
VSBY 1/2 MILE OR LESS
8 = SMOKE OR HAZE
[NO. OF DAYS WITH] [WEATHER - DAYS WITH] 9 = BLOWING SNOW
X = TORNADO
MAX 32 OR BELOW: 0 0.01 INCH OR MORE: 15
MAX 90 OR ABOVE: 0 0.10 INCH OR MORE: 11
MIN 32 OR BELOW: 4 0.50 INCH OR MORE: 6
MIN 0 OR BELOW: 0 1.00 INCH OR MORE: 4
[HDD (BASE 65) ]
TOTAL THIS MO. 444 CLEAR (SCALE 0-3) 12
DPTR FM NORMAL -119 PTCLDY (SCALE 4-7) 6
TOTAL FM JUL 1 1300 CLOUDY (SCALE 8-10) 13
DPTR FM NORMAL -296
[CDD (BASE 65) ]
TOTAL THIS MO. 0
DPTR FM NORMAL 0 [PRESSURE DATA]
TOTAL FM JAN 1 0 HIGHEST SLP 30.49 ON 26
DPTR FM NORMAL 0 LOWEST SLP 29.49 ON 16
[REMARKS]
#FINAL-01-23#