000
CXHW50 PHFO 011250
CF6NGF
PRELIMINARY LOCAL CLIMATOLOGICAL DATA (WS FORM: F-6)
STATION: KANEOHE BAY MCAS HI
MONTH: SEPTEMBER
YEAR: 2022
LATITUDE: 21 25 N
LONGITUDE: 157 46 W
TEMPERATURE IN F: :PCPN: SNOW: WIND :SUNSHINE: SKY :PK WND
================================================================================
1 2 3 4 5 6A 6B 7 8 9 10 11 12 13 14 15 16 17 18
12Z AVG MX 2MIN
DY MAX MIN AVG DEP HDD CDD WTR SNW DPTH SPD SPD DIR MIN PSBL S-S WX SPD DR
================================================================================
1 85 77 81 1 0 16 0.00 M M 11.0 16 40 M M 2 21 70
2 85 76 81 1 0 16 0.02 M M 10.4 15 50 M M 7 18 60
3 83 78 81 1 0 16 0.12 M M 10.9 14 60 M M 9 21 80
4 84 79 82 2 0 17 0.01 M M 9.8 15 60 M M 7 22 90
5 85 78 82 2 0 17 0.05 M M 10.8 15 60 M M 6 M M
6 85 78 82 2 0 17 0.03 M M 11.0 15 70 M M 6 24 80
7 85 79 82 2 0 17 T M M 11.5 15 60 M M 3 8 22 70
8 85 77 81 1 0 16 0.04 M M 10.3 14 60 M M 4 16 80
9 81 72 77 -3 0 12 0.62 M M 7.7 13 80 M M 9 17 60
10 79 75 77 -3 0 12 0.00 M M 7.2 10 40 M M 3 M M
11 77 76 77 -3 0 12 0.00 M M 7.5 13 60 M M 4 M M
12 85 75 80 0 0 15 0.01 M M 9.2 14 60 M M 5 M M
13 84 77 81 1 0 16 0.08 M M 8.7 14 60 M M 5 20 90
14 84 74 79 -1 0 14 0.13 M M 6.4 12 50 M M 5 M M
15 84 75 80 0 0 15 0.00 M M 6.0 13 60 M M 6 M M
16 84 79 82 2 0 17 0.25 M M 4.4 10 200 M M 7 M M
17 85 78 82 2 0 17 0.00 M M 5.8 12 60 M M 4 17 80
18 85 78 82 2 0 17 0.01 M M 9.2 13 60 M M 7 21 60
19 85 77 81 1 0 16 0.02 M M 11.1 15 90 M M 6 24 90
20 85 77 81 1 0 16 T M M 10.8 15 60 M M 5 25 70
21 85 78 82 2 0 17 T M M 8.9 14 60 M M 3 18 90
22 87 76 82 2 0 17 T M M 5.8 13 90 M M 5 16 100
23 86 77 82 2 0 17 T M M 6.5 13 100 M M 5 18 120
24 86 77 82 2 0 17 0.00 M M 8.0 13 120 M M 7 21 100
25 86 76 81 1 0 16 T M M 7.0 12 50 M M 4 18 110
26 86 78 82 2 0 17 0.00 M M 8.0 13 50 M M 4 17 90
27 84 78 81 1 0 16 0.00 M M 9.8 14 60 M M 2 18 60
28 85 78 82 2 0 17 0.00 M M 8.2 10 60 M M 2 M M
29 86 77 82 2 0 17 0.00 M M 7.6 12 80 M M 3 M M
30 85 78 82 2 0 17 0.04 M M 8.5 12 70 M M 4 M M
================================================================================
SM 2531 2308 0 479 1.43 M 258.0 M 149
================================================================================
AV 84.4 76.9 8.6 FASTST M M 5 MAX(MPH)
MISC ----> 16 40 25 70
================================================================================
NOTES:
# LAST OF SEVERAL OCCURRENCES
COLUMN 17 PEAK WIND IN M.P.H.
PRELIMINARY LOCAL CLIMATOLOGICAL DATA (WS FORM: F-6) , PAGE 2
STATION: KANEOHE BAY MCAS HI
MONTH: SEPTEMBER
YEAR: 2022
LATITUDE: 21 25 N
LONGITUDE: 157 46 W
[TEMPERATURE DATA] [PRECIPITATION DATA] SYMBOLS USED IN COLUMN 16
AVERAGE MONTHLY: 80.7 TOTAL FOR MONTH: 1.43 1 = FOG OR MIST
DPTR FM NORMAL: 0.8 DPTR FM NORMAL: -0.07 2 = FOG REDUCING VISIBILITY
HIGHEST: 87 ON 22 GRTST 24HR 0.62 ON 9- 9 TO 1/4 MILE OR LESS
LOWEST: 72 ON 9 3 = THUNDER
SNOW, ICE PELLETS, HAIL 4 = ICE PELLETS
TOTAL MONTH: M 5 = HAIL
GRTST 24HR M ON M 6 = FREEZING RAIN OR DRIZZLE
GRTST DEPTH: M ON M 7 = DUSTSTORM OR SANDSTORM:
VSBY 1/2 MILE OR LESS
8 = SMOKE OR HAZE
[NO. OF DAYS WITH] [WEATHER - DAYS WITH] 9 = BLOWING SNOW
X = TORNADO
MAX 32 OR BELOW: 0 0.01 INCH OR MORE: 14
MAX 90 OR ABOVE: 0 0.10 INCH OR MORE: 4
MIN 32 OR BELOW: 0 0.50 INCH OR MORE: 1
MIN 0 OR BELOW: 0 1.00 INCH OR MORE: 0
[HDD (BASE 65) ]
TOTAL THIS MO. 0 CLEAR (SCALE 0-3) 5
DPTR FM NORMAL 0 PTCLDY (SCALE 4-7) 23
TOTAL FM JUL 1 0 CLOUDY (SCALE 8-10) 2
DPTR FM NORMAL 0
[CDD (BASE 65) ]
TOTAL THIS MO. 479
DPTR FM NORMAL 33 [PRESSURE DATA]
TOTAL FM JAN 1 3471 HIGHEST SLP M ON M
DPTR FM NORMAL 318 LOWEST SLP 31.99 ON 1
[REMARKS]
#FINAL-09-22#