000
CXUS51 KOKX 012354
CF6NYC
PRELIMINARY LOCAL CLIMATOLOGICAL DATA (WS FORM: F-6)
STATION: CENTRAL PARK NY
MONTH: FEBRUARY
YEAR: 2023
LATITUDE: 40 46 N
LONGITUDE: 73 58 W
TEMPERATURE IN F: :PCPN: SNOW: WIND :SUNSHINE: SKY :PK WND
================================================================================
1 2 3 4 5 6A 6B 7 8 9 10 11 12 13 14 15 16 17 18
12Z AVG MX 2MIN
DY MAX MIN AVG DEP HDD CDD WTR SNW DPTH SPD SPD DIR MIN PSBL S-S WX SPD DR
================================================================================
1 38 26 32 -2 33 0 0.02 0.4 T 5.6 12 290 M M 5 16 270
2 40 29 35 1 30 0 0.00 0.0 0 4.9 16 240 M M 0 26 250
3 35 11 23 -11 42 0 0.00 0.0 0 11.8 29 310 M M 3 43 310
4 27 3 15 -19 50 0 0.00 0.0 0 8.7 22 300 M M 2 35 300
5 49 27 38 4 27 0 0.00 0.0 0 3.6 14 230 M M 0 23 240
6 52 34 43 9 22 0 0.00 0.0 0 5.0 17 30 M M 4 26 360
7 43 30 37 3 28 0 0.02 0.0 0 4.9 12 220 M M 2 19 40
8 53 39 46 11 19 0 T 0.0 0 6.1 16 300 M M 1 8 27 300
9 55 42 49 14 16 0 0.00 0.0 0 3.6 13 150 M M 6 22 150
10 61 45 53 18 12 0 0.00 0.0 0 8.4 20 270 M M 2 28 290
11 46 36 41 6 24 0 0.00 0.0 0 5.9 20 300 M M 1 30 310
12 48 38 43 8 22 0 0.01 0.0 0 4.3 14 50 M M 2 20 50
13 57 41 49 14 16 0 0.00 0.0 0 7.4 14 240 M M 4 22 230
14 54 40 47 11 18 0 0.00 0.0 0 5.6 17 300 M M 0 29 300
15 67 47 57 21 8 0 0.00 0.0 0 4.5 15 230 M M 1 26 230
16 70 56 63 27 2 0 0.07 0.0 0 3.6 14 240 M M 3 8 24 260
17 61 32 47 11 18 0 0.18 T 0 7.2 22 300 M M 8 18 67 210
18 43 27 35 -1 30 0 0.00 0.0 0 8.2 16 300 M M 3 27 290
19 50 37 44 7 21 0 0.00 0.0 0 3.4 14 170 M M 0 24 180
20 61 47 54 17 11 0 0.00 0.0 0 6.0 13 270 M M 2 21 280
21 50 37 44 7 21 0 0.27 0.0 0 4.8 14 60 M M 7 138 20 50
22 44 37 41 4 24 0 0.14 T 0 6.0 14 60 M M 6 148 18 110
23 44 38 41 4 24 0 0.02 0.0 0 7.3 16 60 M M 10 1 22 100
24 45 25 35 -3 30 0 0.00 0.0 0 8.8 22 300 M M 4 1 38 310
25 33 23 28 -10 37 0 T T 0 3.5 14 300 M M 5 21 300
26 50 30 40 2 25 0 0.00 0.0 0 5.4 16 230 M M 2 8 27 230
27 46 33 40 2 25 0 0.21 0.9 0 5.1 15 90 M M 3 12 26 120
28 38 32 35 -3 30 0 0.34 0.9 2 5.6 21 60 M M 9 1 28 40
================================================================================
SM 1360 942 665 0 1.28 2.2 165.2 M 95
================================================================================
AV 48.6 33.6 5.9 FASTST M M 3 MAX(MPH)
MISC ----> 29 310 67 210
================================================================================
NOTES:
# LAST OF SEVERAL OCCURRENCES
COLUMN 17 PEAK WIND IN M.P.H.
PRELIMINARY LOCAL CLIMATOLOGICAL DATA (WS FORM: F-6) , PAGE 2
STATION: CENTRAL PARK NY
MONTH: FEBRUARY
YEAR: 2023
LATITUDE: 40 46 N
LONGITUDE: 73 58 W
[TEMPERATURE DATA] [PRECIPITATION DATA] SYMBOLS USED IN COLUMN 16
AVERAGE MONTHLY: 41.1 TOTAL FOR MONTH: 1.28 1 = FOG OR MIST
DPTR FM NORMAL: 5.2 DPTR FM NORMAL: -1.91 2 = FOG REDUCING VISIBILITY
HIGHEST: 70 ON 16 GRTST 24HR 0.55 ON 27-28 TO 1/4 MILE OR LESS
LOWEST: 3 ON 4 3 = THUNDER
SNOW, ICE PELLETS, HAIL 4 = ICE PELLETS
TOTAL MONTH: 2.2 INCHES 5 = HAIL
GRTST 24HR 0.9 ON 27-27 6 = FREEZING RAIN OR DRIZZLE
GRTST DEPTH: 2 ON 28 7 = DUSTSTORM OR SANDSTORM:
VSBY 1/2 MILE OR LESS
8 = SMOKE OR HAZE
[NO. OF DAYS WITH] [WEATHER - DAYS WITH] 9 = BLOWING SNOW
X = TORNADO
MAX 32 OR BELOW: 1 0.01 INCH OR MORE: 10
MAX 90 OR ABOVE: 0 0.10 INCH OR MORE: 5
MIN 32 OR BELOW: 12 0.50 INCH OR MORE: 0
MIN 0 OR BELOW: 0 1.00 INCH OR MORE: 0
[HDD (BASE 65) ]
TOTAL THIS MO. 665 CLEAR (SCALE 0-3) 14
DPTR FM NORMAL -151 PTCLDY (SCALE 4-7) 12
TOTAL FM JUL 1 2843 CLOUDY (SCALE 8-10) 2
DPTR FM NORMAL -531
[CDD (BASE 65) ]
TOTAL THIS MO. 0
DPTR FM NORMAL 0 [PRESSURE DATA]
TOTAL FM JAN 1 0 HIGHEST SLP 30.66 ON 4
DPTR FM NORMAL 0 LOWEST SLP 29.48 ON 17
[REMARKS]
#FINAL-02-23#