000
CXUS51 KOKX 010910
CF6NYC
PRELIMINARY LOCAL CLIMATOLOGICAL DATA (WS FORM: F-6)
STATION: CENTRAL PARK NY
MONTH: MARCH
YEAR: 2022
LATITUDE: 40 46 N
LONGITUDE: 73 58 W
TEMPERATURE IN F: :PCPN: SNOW: WIND :SUNSHINE: SKY :PK WND
================================================================================
1 2 3 4 5 6A 6B 7 8 9 10 11 12 13 14 15 16 17 18
12Z AVG MX 2MIN
DY MAX MIN AVG DEP HDD CDD WTR SNW DPTH SPD SPD DIR MIN PSBL S-S WX SPD DR
================================================================================
1 48 31 40 1 25 0 0.00 0.0 0 5.8 14 180 M M 7 24 200
2 52 40 46 7 19 0 0.00 0.0 0 5.3 13 240 M M 2 21 250
3 48 24 36 -3 29 0 0.03 0.0 0 9.7 18 300 M M 3 30 320
4 37 21 29 -11 36 0 0.00 0.0 0 5.4 13 240 M M 0 21 230
5 46 32 39 -1 26 0 0.00 0.0 0 3.5 13 160 M M 1 21 130
6 68 43 56 16 9 0 0.06 0.0 0 5.4 15 230 M M 6 18 23 220
7 74 50 62 22 3 0 0.03 0.0 0 7.4 29 280 M M 3 49 270
8 50 39 45 5 20 0 0.00 0.0 0 9.2 23 310 M M 2 36 290
9 41 33 37 -4 28 0 0.56 0.4 0 5.9 14 80 M M 8 1 18 60
10 51 33 42 1 23 0 0.00 0.0 T 1.8 8 140 M M 1 18 11 40
11 55 40 48 7 17 0 0.00 0.0 0 4.5 13 140 M M 2 23 150
12 48 24 36 -6 29 0 0.50 T 0 9.8 26 310 M M 9 18 44 320
13 35 22 29 -13 36 0 T T 0 8.9 22 280 M M 4 8 34 290
14 56 33 45 3 20 0 0.00 0.0 0 5.5 15 220 M M 2 26 210
15 68 46 57 15 8 0 T 0.0 0 5.0 13 280 M M 2 20 240
16 67 48 58 15 7 0 0.00 0.0 0 4.4 13 140 M M 0 20 160
17 53 45 49 6 16 0 0.08 0.0 0 5.6 14 60 M M 10 128 19 50
18 74 50 62 19 3 0 0.00 0.0 0 4.8 12 150 M M 3 18 19 160
19 70 49 60 16 5 0 0.05 0.0 0 2.7 14 290 M M 7 138 20 290
20 61 46 54 10 11 0 0.00 0.0 0 8.1 18 300 M M 8 31 310
21 62 44 53 9 12 0 0.00 0.0 0 8.1 17 310 M M 1 8 27 280
22 58 43 51 7 14 0 0.00 0.0 0 7.3 16 310 M M 3 25 300
23 49 38 44 -1 21 0 0.06 0.0 0 7.6 16 60 M M 4 1 22 50
24 47 38 43 -2 22 0 0.93 0.0 0 11.3 22 60 M M 10 1 31 60
25 60 44 52 6 13 0 0.02 0.0 0 4.3 18 240 M M 7 1 30 240
26 53 42 48 2 17 0 T 0.0 0 6.0 14 270 M M 9 3 23 290
27 46 28 37 -9 28 0 T T 0 10.4 21 310 M M 7 35 310
28 33 23 28 -19 37 0 0.00 0.0 0 12.3 23 270 M M 5 35 300
29 38 24 31 -16 34 0 0.00 0.0 0 10.6 20 310 M M 4 29 300
30 47 29 38 -9 27 0 0.00 0.0 0 4.6 12 160 M M 3 17 150
31 66 45 56 8 9 0 0.07 0.0 0 4.9 14 210 M M 9 18 27 200
================================================================================
SM 1661 1147 604 0 2.39 0.4 206.1 M 142
================================================================================
AV 53.6 37.0 6.6 FASTST M M 5 MAX(MPH)
MISC ----> 29 280 49 270
================================================================================
NOTES:
# LAST OF SEVERAL OCCURRENCES
COLUMN 17 PEAK WIND IN M.P.H.
PRELIMINARY LOCAL CLIMATOLOGICAL DATA (WS FORM: F-6) , PAGE 2
STATION: CENTRAL PARK NY
MONTH: MARCH
YEAR: 2022
LATITUDE: 40 46 N
LONGITUDE: 73 58 W
[TEMPERATURE DATA] [PRECIPITATION DATA] SYMBOLS USED IN COLUMN 16
AVERAGE MONTHLY: 45.3 TOTAL FOR MONTH: 2.39 1 = FOG OR MIST
DPTR FM NORMAL: 2.5 DPTR FM NORMAL: -1.90 2 = FOG REDUCING VISIBILITY
HIGHEST: 74 ON 18, 7 GRTST 24HR 0.93 ON 24-24 TO 1/4 MILE OR LESS
LOWEST: 21 ON 4 3 = THUNDER
SNOW, ICE PELLETS, HAIL 4 = ICE PELLETS
TOTAL MONTH: 0.4 INCH 5 = HAIL
GRTST 24HR 0.4 ON 9- 9 6 = FREEZING RAIN OR DRIZZLE
GRTST DEPTH: T 7 = DUSTSTORM OR SANDSTORM:
VSBY 1/2 MILE OR LESS
8 = SMOKE OR HAZE
[NO. OF DAYS WITH] [WEATHER - DAYS WITH] 9 = BLOWING SNOW
X = TORNADO
MAX 32 OR BELOW: 0 0.01 INCH OR MORE: 11
MAX 90 OR ABOVE: 0 0.10 INCH OR MORE: 3
MIN 32 OR BELOW: 10 0.50 INCH OR MORE: 3
MIN 0 OR BELOW: 0 1.00 INCH OR MORE: 0
[HDD (BASE 65) ]
TOTAL THIS MO. 604 CLEAR (SCALE 0-3) 13
DPTR FM NORMAL -84 PTCLDY (SCALE 4-7) 13
TOTAL FM JUL 1 3771 CLOUDY (SCALE 8-10) 5
DPTR FM NORMAL -291
[CDD (BASE 65) ]
TOTAL THIS MO. 0
DPTR FM NORMAL -1 [PRESSURE DATA]
TOTAL FM JAN 1 0 HIGHEST SLP M ON M
DPTR FM NORMAL -1 LOWEST SLP 29.25 ON 12
[REMARKS]
#FINAL-03-22#