000
CXUS55 KPSR 011421
CLMNYL
CLIMATE REPORT
NATIONAL WEATHER SERVICE PHOENIX AZ
721 AM MST SAT JUL 01 2023
...................................
...THE YUMA AZ CLIMATE SUMMARY FOR THE MONTH OF JUNE 2023...
CLIMATE NORMAL PERIOD 1991 TO 2020
CLIMATE RECORD PERIOD 1876 TO 2023
WEATHER OBSERVED NORMAL DEPART LAST YEAR`S
VALUE DATE(S) VALUE FROM VALUE
NORMAL
..............................................................
TEMPERATURE (F)
RECORD
HIGH 122 06/26/1990
LOW 51 06/05/1925
HIGHEST 108 06/30 113 -5
LOWEST 64 06/01 64 0
06/23
AVG. MAXIMUM 98.4 103.3 -4.9
AVG. MINIMUM 70.5 75.0 -4.5
MEAN 84.5 89.1 -4.6
DAYS MAX >= 90 29 29.0 0.0
DAYS MAX >= 100 13
DAYS MAX >= 110 0
DAYS MIN <= 32 0 0.0 0.0
DAYS MIN >= 90 0
PRECIPITATION (INCHES)
RECORD
MAXIMUM 0.62 1912
MINIMUM 0.00 2021
TOTALS 0.00R 0.01 -0.01
DAYS >= .01 0 0.1 -0.1
DAYS >= .10 0 0.0 0.0
DAYS >= .50 0 0.0 0.0
DAYS >= 1.00 0 0.0 0.0
GREATEST
24 HR. TOTAL 0.00 06/05 TO 06/05
DEGREE DAYS
HEATING TOTAL 0 0 0
SINCE 7/1 928 678 250
COOLING TOTAL 590 724 -134
SINCE 1/1 1348 1625 -277
..............................................................
WIND (MPH)
AVERAGE WIND SPEED 7.0
HIGHEST GUST SPEED/DIRECTION 36/290 DATE 06/11
AVERAGE RH (PERCENT) 27
WEATHER CONDITIONS. NUMBER OF DAYS WITH
THUNDERSTORM 0 HEAVY RAIN 0
RAIN 0 LIGHT RAIN 0
FOG W/VIS <= 1/4 MILE 0
- INDICATES NEGATIVE NUMBERS.
R INDICATES RECORD WAS SET OR TIED.
MM INDICATES DATA IS MISSING.
T INDICATES TRACE AMOUNT.
$$