000
CXUS56 KMTR 010900
CF6OAK
PRELIMINARY LOCAL CLIMATOLOGICAL DATA (WS FORM: F-6)
STATION: OAKLAND AIRPORT
MONTH: OCTOBER
YEAR: 2023
LATITUDE: 37 43 N
LONGITUDE: 122 13 W
TEMPERATURE IN F: :PCPN: SNOW: WIND :SUNSHINE: SKY :PK WND
================================================================================
1 2 3 4 5 6A 6B 7 8 9 10 11 12 13 14 15 16 17 18
12Z AVG MX 2MIN
DY MAX MIN AVG DEP HDD CDD WTR SNW DPTH SPD SPD DIR MIN PSBL S-S WX SPD DR
================================================================================
1 72 52 62 -2 3 0 0.00 M M 5.4 16 300 M M 3 21 310
2 72 51 62 -2 3 0 0.00 M M 5.2 16 290 M M 4 1 20 300
3 74 50 62 -1 3 0 0.00 M M 3.9 13 300 M M 1 16 310
4 85 56 71 8 0 6 0.00 M M 4.5 10 250 M M 0 8 13 250
5 90 58 74 11 0 9 0.00 M M 4.6 13 310 M M 0 17 320
6 91 60 76 13 0 11 0.00 M M 4.9 15 310 M M 0 18 300
7 88 59 74 11 0 9 0.00 M M 5.7 13 300 M M 0 17 300
8 70 57 64 1 1 0 0.00 M M 8.8 20 290 M M 2 34 310
9 70 57 64 1 1 0 T M M 6.9 17 250 M M 9 1 29 290
10 69 59 64 2 1 0 T M M 12.2 33 290 M M 7 1 42 280
11 71 53 62 0 3 0 0.00 M M 9.9 22 290 M M 1 36 310
12 74 47 61 -1 4 0 0.00 M M 4.4 16 270 M M 3 19 270
13 70 52 61 -1 4 0 0.00 M M 5.6 16 290 M M 7 8 21 280
14 73 59 66 4 0 1 0.00 M M 5.0 15 290 M M 7 18 300
15 75 54 65 3 0 0 0.00 M M 5.1 13 290 M M 5 12 16 300
16 74 49 62 0 3 0 0.00 M M 5.2 14 290 M M 4 1 17 310
17 74 56 65 4 0 0 0.00 M M 4.1 14 300 M M 4 1 17 300
18 83 52 68 7 0 3 0.00 M M 3.3 8 300 M M 0 12 270
19 87 55 71 10 0 6 0.00 M M 4.8 13 290 M M 1 16 310
20 67 58 63 2 2 0 0.00 M M 7.4 16 290 M M 6 23 310
21 70 51 61 0 4 0 0.00 M M 7.4 16 270 M M 4 24 250
22 68 59 64 4 1 0 0.11 M M 10.8 18 250 M M 9 1 24 250
23 68 57 63 3 2 0 T M M 6.9 16 270 M M 4 1 20 260
24 69 54 62 2 3 0 0.00 M M 7.1 22 290 M M 6 1 34 310
25 66 55 61 1 4 0 0.00 M M 12.7 20 270 M M 6 32 300
26 65 42 54 -6 11 0 0.00 M M 7.8 18 280 M M 2 21 280
27 62 43 53 -6 12 0 T M M 6.9 15 260 M M 3 20 240
28 69 43 56 -3 9 0 0.00 M M 5.5 15 310 M M 1 1 21 300
29 75 44 60 1 5 0 0.00 M M 6.2 18 50 M M 0 30 60
30 70 40 55 -4 10 0 0.00 M M 3.9 10 320 M M 3 14 260
31 71 40 56 -2 9 0 0.00 M M 3.8 10 300 M M 4 13 300
================================================================================
SM 2282 1622 98 45 0.11 M 195.9 M 106
================================================================================
AV 73.6 52.3 6.3 FASTST M M 3 MAX(MPH)
MISC ----> 33 290 42 280
================================================================================
NOTES:
# LAST OF SEVERAL OCCURRENCES
COLUMN 17 PEAK WIND IN M.P.H.
PRELIMINARY LOCAL CLIMATOLOGICAL DATA (WS FORM: F-6) , PAGE 2
STATION: OAKLAND AIRPORT
MONTH: OCTOBER
YEAR: 2023
LATITUDE: 37 43 N
LONGITUDE: 122 13 W
[TEMPERATURE DATA] [PRECIPITATION DATA] SYMBOLS USED IN COLUMN 16
AVERAGE MONTHLY: 63.0 TOTAL FOR MONTH: 0.11 1 = FOG OR MIST
DPTR FM NORMAL: 1.6 DPTR FM NORMAL: -0.77 2 = FOG REDUCING VISIBILITY
HIGHEST: 91 ON 6 GRTST 24HR 0.11 ON 22-22 TO 1/4 MILE OR LESS
LOWEST: 40 ON 31,30 3 = THUNDER
SNOW, ICE PELLETS, HAIL 4 = ICE PELLETS
TOTAL MONTH: M 5 = HAIL
GRTST 24HR M ON M 6 = FREEZING RAIN OR DRIZZLE
GRTST DEPTH: M ON M 7 = DUSTSTORM OR SANDSTORM:
VSBY 1/2 MILE OR LESS
8 = SMOKE OR HAZE
[NO. OF DAYS WITH] [WEATHER - DAYS WITH] 9 = BLOWING SNOW
X = TORNADO
MAX 32 OR BELOW: 0 0.01 INCH OR MORE: 1
MAX 90 OR ABOVE: 2 0.10 INCH OR MORE: 1
MIN 32 OR BELOW: 0 0.50 INCH OR MORE: 0
MIN 0 OR BELOW: 0 1.00 INCH OR MORE: 0
[HDD (BASE 65) ]
TOTAL THIS MO. 98 CLEAR (SCALE 0-3) 16
DPTR FM NORMAL -35 PTCLDY (SCALE 4-7) 13
TOTAL FM JUL 1 192 CLOUDY (SCALE 8-10) 2
DPTR FM NORMAL -108
[CDD (BASE 65) ]
TOTAL THIS MO. 45
DPTR FM NORMAL 25 [PRESSURE DATA]
TOTAL FM JAN 1 172 HIGHEST SLP M ON M
DPTR FM NORMAL -3 LOWEST SLP 29.77 ON 22
[REMARKS]
#FINAL-10-23#