000
CXUS54 KMAF 011110
CF6ODO
PRELIMINARY LOCAL CLIMATOLOGICAL DATA (WS FORM: F-6)
STATION: ODESSA SCHLEYMEYER
MONTH: JUNE
YEAR: 2021
LATITUDE: 31 55 N
LONGITUDE: 102 23 W
TEMPERATURE IN F: :PCPN: SNOW: WIND :SUNSHINE: SKY :PK WND
================================================================================
1 2 3 4 5 6A 6B 7 8 9 10 11 12 13 14 15 16 17 18
12Z AVG MX 2MIN
DY MAX MIN AVG DEP HDD CDD WTR SNW DPTH SPD SPD DIR MIN PSBL S-S WX SPD DR
================================================================================
1 78 58 68 -11 0 3 0.00 M M 5.4 14 140 M M 4 1 17 120
2 84 61 73 -7 0 8 0.05 M M 9.3 24 300 M M 2 13 29 290
3 81 61 71 -9 0 6 T M M 8.4 17 150 M M 3 22 50
4 81 59 70 -10 0 5 0.00 M M 7.5 17 110 M M 0 23 110
5 88 61 75 -5 0 10 0.00 M M 10.3 18 160 M M 0 25 160
6 98 68 83 2 0 18 T M M 13.2 28 280 M M 0 3 37 290
7 96 72 84 3 0 19 T M M 8.3 20 180 M M 2 29 180
8 98 73 86 5 0 21 0.00 M M 13.7 22 180 M M 1 18 26 180
9 101 74 88 7 0 23 0.00 M M 10.7 28 180 M M 0 18 35 180
10 102 74 88 7 0 23 0.00 M M 12.5 24 170 M M 0 29 160
11 105 76 91 9 0 26 0.00 M M 12.5 24 170 M M 0 31 160
12 101 72 87 5 0 22 0.00 M M 13.0 23 150 M M 0 28 140
13 98 74 86 4 0 21 0.00 M M 9.2 18 140 M M 0 25 140
14 91 70 81 -1 0 16 0.00 M M 10.2 24 110 M M 0 34 110
15 95 68 82 0 0 17 0.00 M M 7.6 17 80 M M 0 24 120
16 96 71 84 2 0 19 0.00 M M 9.9 21 120 M M 0 29 130
17 95 73 84 2 0 19 M M M 8.6 17 120 M M 0 23 150
18 96 74 85 3 0 20 0.00 M M 10.4 18 140 M M 0 24 150
19 96 73 85 3 0 20 0.00 M M 12.0 20 160 M M 0 26 150
20 106 72 89 7 0 24 0.00 M M 11.5 21 160 M M 0 3 29 160
21 92 70 81 -1 0 16 0.00 M M 16.6 30 40 M M 3 38 38 40
22 94 67 81 -1 0 16 T M M 10.2 23 190 M M 4 29 190
23 99 74 87 4 0 22 0.00 M M 16.4 23 160 M M 0 29 200
24 98 73 86 3 0 21 0.00 M M 15.4 23 170 M M 0 29 170
25 101 76 89 6 0 24 T M M 14.5 26 190 M M 1 38 35 190
26 102 67 85 2 0 20 0.16 M M 14.7 36 180 M M 1 13 44 190
27 80 63 72 -11 0 7 1.19 M M 11.6 32 40 M M 5 13 43 40
28 78 65 72 -11 0 7 4.00 M M 11.8 21 80 M M 8 13 25 80
29 83 67 75 -8 0 10 0.12 M M 9.0 26 140 M M 6 1 31 140
30 85 70 78 -5 0 13 0.00 M M 10.5 21 150 M M 6 25 140
================================================================================
SM 2798 2076 0 496 5.52 M 334.9 M 46
================================================================================
AV 93.3 69.2 11.2 FASTST M M 2 MAX(MPH)
MISC ----> 36 180 44 190
================================================================================
NOTES:
# LAST OF SEVERAL OCCURRENCES
COLUMN 17 PEAK WIND IN M.P.H.
PRELIMINARY LOCAL CLIMATOLOGICAL DATA (WS FORM: F-6) , PAGE 2
STATION: ODESSA SCHLEYMEYER
MONTH: JUNE
YEAR: 2021
LATITUDE: 31 55 N
LONGITUDE: 102 23 W
[TEMPERATURE DATA] [PRECIPITATION DATA] SYMBOLS USED IN COLUMN 16
AVERAGE MONTHLY: 81.2 TOTAL FOR MONTH: 5.52 1 = FOG OR MIST
DPTR FM NORMAL: -0.5 DPTR FM NORMAL: 4.25 2 = FOG REDUCING VISIBILITY
HIGHEST: 106 ON 20 GRTST 24HR 4.08 ON 28-29 TO 1/4 MILE OR LESS
LOWEST: 58 ON 1 3 = THUNDER
SNOW, ICE PELLETS, HAIL 4 = ICE PELLETS
TOTAL MONTH: M 5 = HAIL
GRTST 24HR M ON M 6 = FREEZING RAIN OR DRIZZLE
GRTST DEPTH: M ON M 7 = DUSTSTORM OR SANDSTORM:
VSBY 1/2 MILE OR LESS
8 = SMOKE OR HAZE
[NO. OF DAYS WITH] [WEATHER - DAYS WITH] 9 = BLOWING SNOW
X = TORNADO
MAX 32 OR BELOW: 0 0.01 INCH OR MORE: 5
MAX 90 OR ABOVE: 21 0.10 INCH OR MORE: 4
MIN 32 OR BELOW: 0 0.50 INCH OR MORE: 2
MIN 0 OR BELOW: 0 1.00 INCH OR MORE: 2
[HDD (BASE 65) ]
TOTAL THIS MO. 0 CLEAR (SCALE 0-3) 24
DPTR FM NORMAL 0 PTCLDY (SCALE 4-7) 5
TOTAL FM JUL 1 2656 CLOUDY (SCALE 8-10) 1
DPTR FM NORMAL 144
[CDD (BASE 65) ]
TOTAL THIS MO. 496
DPTR FM NORMAL -5 [PRESSURE DATA]
TOTAL FM JAN 1 857 HIGHEST SLP 30.15 ON 1
DPTR FM NORMAL -84 LOWEST SLP 29.52 ON 20
[REMARKS]
#FINAL-06-21#