000
CXUS53 KGID 011503
CLMODX
CLIMATE REPORT
NATIONAL WEATHER SERVICE HASTINGS NE
903 AM CST THU FEB 01 2024
...................................
...THE ORD NE CLIMATE SUMMARY FOR THE MONTH OF JANUARY 2024...
CLIMATE NORMAL PERIOD 1991 TO 2020
CLIMATE RECORD PERIOD 1895 TO 2024
WEATHER OBSERVED NORMAL DEPART LAST YEAR`S
VALUE DATE(S) VALUE FROM VALUE DATE(S)
NORMAL
................................................................
TEMPERATURE (F)
HIGHEST 66R 01/31 MM MM 47 01/01
LOWEST -17 01/14 MM MM -10 01/31
01/20
AVG. MAXIMUM 29.6 36.0 -6.4 33.3
AVG. MINIMUM 9.5 12.2 -2.7 14.3
MEAN 19.5 24.1 -4.6 23.8
DAYS MAX >= 90 0 0.0 0.0 0
DAYS MAX <= 32 16 11.5 4.5 10
DAYS MIN <= 32 31 30.6 0.4 30
DAYS MIN <= 0 8 5.0 3.0 6
PRECIPITATION (INCHES)
TOTALS 0.70 0.37 0.33 2.06
DAILY AVG. 0.02 0.01 0.01 0.07
DAYS >= .01 7 3.6 3.4 3
DAYS >= .10 2 1.2 0.8 3
DAYS >= .50 0 0.0 0.0 2
DAYS >= 1.00 0 0.0 0.0 0
GREATEST
24 HR. TOTAL 0.31 01/08 TO 01/08
DEGREE DAYS
HEATING TOTAL 1402 1268 134 1271
SINCE 7/1 3629 3965 -336 MM
COOLING TOTAL 0 0 0 0
SINCE 1/1 0 0 0 MM
................................................................
WIND (MPH)
AVERAGE WIND SPEED 8.6
HIGHEST WIND SPEED/DIRECTION 36/320 DATE 01/13
36/330 01/18
HIGHEST GUST SPEED/DIRECTION 48/320 DATE 01/13
SKY COVER
POSSIBLE SUNSHINE (PERCENT) MM
AVERAGE SKY COVER 0.29
NUMBER OF DAYS FAIR 20
NUMBER OF DAYS PC 5
NUMBER OF DAYS CLOUDY 6
AVERAGE RH (PERCENT) 76
WEATHER CONDITIONS. NUMBER OF DAYS WITH
THUNDERSTORM 0 MIXED PRECIP 0
HEAVY RAIN 0 RAIN 0
LIGHT RAIN 0 FREEZING RAIN 0
LT FREEZING RAIN 1 HAIL 0
HEAVY SNOW 3 SNOW 4
LIGHT SNOW 10 SLEET 0
FOG 19 FOG W/VIS <= 1/4 MILE 9
HAZE 12
- INDICATES NEGATIVE NUMBERS.
R INDICATES RECORD WAS SET OR TIED.
MM INDICATES DATA IS MISSING.
T INDICATES TRACE AMOUNT.
$$