000
CXUS53 KGID 012254
CLMODX
CLIMATE REPORT
NATIONAL WEATHER SERVICE HASTINGS NE
454 PM CST MON JAN 01 2024
...................................
...THE ORD NE CLIMATE SUMMARY FOR THE MONTH OF DECEMBER 2023...
CLIMATE NORMAL PERIOD 1991 TO 2020
CLIMATE RECORD PERIOD 1895 TO 2023
WEATHER OBSERVED NORMAL DEPART LAST YEAR`S
VALUE DATE(S) VALUE FROM VALUE DATE(S)
NORMAL
................................................................
TEMPERATURE (F)
HIGHEST 66 12/06 MM MM 55 12/06
LOWEST 8 12/31 MM MM -17 12/22
AVG. MAXIMUM 45.4 38.2 7.2 34.6
AVG. MINIMUM 21.1 14.2 6.9 12.0
MEAN 33.2 26.2 7.0 23.3
DAYS MAX >= 90 0 0.0 0.0 0
DAYS MAX <= 32 5 11.0 -6.0 14
DAYS MIN <= 32 30 30.6 -0.6 31
DAYS MIN <= 0 0 3.8 -3.8 6
PRECIPITATION (INCHES)
TOTALS 1.35 0.56 0.79 0.82
DAILY AVG. 0.04 0.02 0.02 0.03
DAYS >= .01 6 3.6 2.4 6
DAYS >= .10 2 1.4 0.6 2
DAYS >= .50 1 0.3 0.7 0
DAYS >= 1.00 0 0.1 -0.1 0
GREATEST
24 HR. TOTAL 0.98 12/23 TO 12/24
DEGREE DAYS
HEATING TOTAL 978 1203 -225 1282
SINCE 7/1 2227 2699 -472 MM
COOLING TOTAL 0 0 0 0
SINCE 1/1 1052 839 213 MM
................................................................
WIND (MPH)
AVERAGE WIND SPEED 8.3
HIGHEST WIND SPEED/DIRECTION 35/320 DATE 12/09
35/340 12/24
HIGHEST GUST SPEED/DIRECTION 49/330 DATE 12/25
SKY COVER
POSSIBLE SUNSHINE (PERCENT) MM
AVERAGE SKY COVER 0.33
NUMBER OF DAYS FAIR 19
NUMBER OF DAYS PC 8
NUMBER OF DAYS CLOUDY 4
AVERAGE RH (PERCENT) 71
WEATHER CONDITIONS. NUMBER OF DAYS WITH
THUNDERSTORM 0 MIXED PRECIP 0
HEAVY RAIN 1 RAIN 1
LIGHT RAIN 4 FREEZING RAIN 0
LT FREEZING RAIN 1 HAIL 0
HEAVY SNOW 1 SNOW 1
LIGHT SNOW 6 SLEET 0
FOG 14 FOG W/VIS <= 1/4 MILE 2
HAZE 4
- INDICATES NEGATIVE NUMBERS.
R INDICATES RECORD WAS SET OR TIED.
MM INDICATES DATA IS MISSING.
T INDICATES TRACE AMOUNT.
$$