000
CXUS52 KCAE 011500
CF6OGB
PRELIMINARY LOCAL CLIMATOLOGICAL DATA (WS FORM: F-6)
STATION: ORANGEBURG AIRPORT SC
MONTH: NOVEMBER
YEAR: 2023
LATITUDE: 33 27 N
LONGITUDE: 80 51 W
TEMPERATURE IN F: :PCPN: SNOW: WIND :SUNSHINE: SKY :PK WND
================================================================================
1 2 3 4 5 6A 6B 7 8 9 10 11 12 13 14 15 16 17 18
12Z AVG MX 2MIN
DY MAX MIN AVG DEP HDD CDD WTR SNW DPTH SPD SPD DIR MIN PSBL S-S WX SPD DR
================================================================================
1 57 38 48 -12 17 0 0.00 M M 8.2 20 360 M M 1 27 20
2 60 35 48 -12 17 0 0.00 M M 4.5 13 30 M M 0 17 40
3 69 36 53 -6 12 0 0.00 M M 3.7 10 20 M M 3 14 40
4 76 41 59 0 6 0 0.00 M M 2.8 10 350 M M 0 17 20
5 79 39 59 0 6 0 0.00 M M 1.1 7 360 M M 0 10 10
6 78 44 61 3 4 0 0.00 M M 0.7 8 40 M M 0 1 12 40
7 81 45 63 5 2 0 0.00 M M 3.0 15 240 M M 0 18 21 250
8 84 49 67 9 0 2 0.00 M M 2.7 14 230 M M 0 1 16 240
9 83 52 68 10 0 3 0.00 M M 5.8 18 240 M M 0 1 25 230
10 81 54 68 11 0 3 0.00 M M 6.7 18 270 M M 4 1 26 280
11 60 51 56 -1 9 0 0.28 M M 8.2 14 30 M M 10 18 19 40
12 62 50 56 -1 9 0 0.19 M M 7.7 15 30 M M 8 1 24 40
13 68 46 57 1 8 0 0.00 M M 4.3 14 40 M M 0 1 19 30
14 67 45 56 0 9 0 0.00 M M 4.0 16 60 M M 0 1 27 70
15 63 51 57 1 8 0 0.00 M M 6.4 12 40 M M 4 17 70
16 71 56 64 8 1 0 0.00 M M 6.9 12 40 M M 5 17 30
17 79 61 70 15 0 5 0.00 M M 5.5 12 60 M M 7 18 20 40
18 81 59 70 15 0 5 0.00 M M 3.5 13 20 M M 3 16 20
19 70 52 61 6 4 0 0.00 M M 4.9 14 70 M M 3 21 60
20 70 51 61 7 4 0 0.00 M M 5.9 13 50 M M 8 19 50
21 70 56 63 9 2 0 M M M 7.0 16 150 M M 9 18 24 160
22 70 50 60 6 5 0 0.55 M M 10.0 24 280 M M 6 18 32 280
23 65 42 54 0 11 0 0.00 M M 1.9 9 50 M M 0 13 60
24 67 49 58 4 7 0 M M M 2.0 7 250 M M 3 10 240
25 61 46 54 1 11 0 0.00 M M 6.8 14 40 M M 1 21 70
26 49 40 45 -8 20 0 M M M 3.9 10 20 M M 4 1 13 330
27 62 46 54 1 11 0 M M M 7.4 14 320 M M 4 1 M M
28 58 35 47 -6 18 0 0.00 M M 5.2 17 270 M M 0 1 25 240
29 57 33 45 -8 20 0 0.00 M M 3.5 9 70 M M 0 1 15 40
30 62 30 46 -6 19 0 0.00 M M 1.0 8 180 M M 1 1 12 170
================================================================================
SM 2060 1382 240 18 1.02 M 145.2 M 84
================================================================================
AV 68.7 46.1 4.8 FASTST M M 3 MAX(MPH)
MISC ----> 24 280 32 280
================================================================================
NOTES:
# LAST OF SEVERAL OCCURRENCES
COLUMN 17 PEAK WIND IN M.P.H.
PRELIMINARY LOCAL CLIMATOLOGICAL DATA (WS FORM: F-6) , PAGE 2
STATION: ORANGEBURG AIRPORT SC
MONTH: NOVEMBER
YEAR: 2023
LATITUDE: 33 27 N
LONGITUDE: 80 51 W
[TEMPERATURE DATA] [PRECIPITATION DATA] SYMBOLS USED IN COLUMN 16
AVERAGE MONTHLY: 57.4 TOTAL FOR MONTH: 1.02 1 = FOG OR MIST
DPTR FM NORMAL: 1.6 DPTR FM NORMAL: -1.68 2 = FOG REDUCING VISIBILITY
HIGHEST: 84 ON 8 GRTST 24HR 0.55 ON 22-22 TO 1/4 MILE OR LESS
LOWEST: 30 ON 30 3 = THUNDER
SNOW, ICE PELLETS, HAIL 4 = ICE PELLETS
TOTAL MONTH: M 5 = HAIL
GRTST 24HR M ON M 6 = FREEZING RAIN OR DRIZZLE
GRTST DEPTH: M ON M 7 = DUSTSTORM OR SANDSTORM:
VSBY 1/2 MILE OR LESS
8 = SMOKE OR HAZE
[NO. OF DAYS WITH] [WEATHER - DAYS WITH] 9 = BLOWING SNOW
X = TORNADO
MAX 32 OR BELOW: 0 0.01 INCH OR MORE: 3
MAX 90 OR ABOVE: 0 0.10 INCH OR MORE: 3
MIN 32 OR BELOW: 1 0.50 INCH OR MORE: 1
MIN 0 OR BELOW: 0 1.00 INCH OR MORE: 0
[HDD (BASE 65) ]
TOTAL THIS MO. 240 CLEAR (SCALE 0-3) 19
DPTR FM NORMAL -51 PTCLDY (SCALE 4-7) 9
TOTAL FM JUL 1 279 CLOUDY (SCALE 8-10) 2
DPTR FM NORMAL -95
[CDD (BASE 65) ]
TOTAL THIS MO. 18
DPTR FM NORMAL 2 [PRESSURE DATA]
TOTAL FM JAN 1 2226 HIGHEST SLP 30.53 ON 2
DPTR FM NORMAL -2 LOWEST SLP 29.74 ON 18
[REMARKS]
#FINAL-11-23#