000
CXUS52 KCAE 011950
CLMOGB
CLIMATE REPORT
NATIONAL WEATHER SERVICE COLUMBIA SC
250 PM EST FRI MAR 01 2024
...................................
...THE ORANGEBURG AIRPORT SC CLIMATE SUMMARY FOR THE MONTH OF FEBRUARY 2024...
CLIMATE NORMAL PERIOD: 1991 TO 2020
CLIMATE RECORD PERIOD: 9999 TO 9999
WEATHER OBSERVED NORMAL DEPART LAST YEAR`S
VALUE DATE(S) VALUE FROM VALUE
NORMAL
..............................................................
TEMPERATURE (F)
HIGHEST 80 02/28 MM MM
LOWEST 32 02/08 MM MM
02/20
AVG. MAXIMUM 65.8 61.7 4.1
AVG. MINIMUM 42.3 39.3 3.0
MEAN 54.1 50.5 3.6
DAYS MAX >= 90 0 0.0 0.0
DAYS MAX <= 32 0 0.0 0.0
DAYS MIN <= 32 2 6.9 -4.9
DAYS MIN <= 0 0 0.0 0.0
PRECIPITATION (INCHES)
TOTALS 2.70 3.34 -0.64
DAYS >= .01 5 9.6 -4.6
DAYS >= .10 4 5.5 -1.5
DAYS >= .50 1 2.2 -1.2
DAYS >= 1.00 1 0.9 0.1
GREATEST
24 HR. TOTAL 1.81 02/11 TO 02/12
DAYS >= TRACE MM
DEGREE DAYS
HEATING TOTAL 311 412 -101
SINCE 7/1 1416 1841 -425
COOLING TOTAL 4 6 -2
SINCE 1/1 24 10 14
..............................................................
WIND (MPH)
AVERAGE WIND SPEED 6.1
RESULTANT WIND SPEED/DIRECTION 1/250
HIGHEST WIND SPEED/DIRECTION 32/270 DATE 02/13
HIGHEST GUST SPEED/DIRECTION 44/230 DATE 02/28
SKY COVER
POSSIBLE SUNSHINE (PERCENT) MM
AVERAGE SKY COVER 0.18
NUMBER OF DAYS FAIR 23
NUMBER OF DAYS PC 4
NUMBER OF DAYS CLOUDY 2
AVERAGE RH (PERCENT) 60
WEATHER CONDITIONS. NUMBER OF DAYS WITH
THUNDERSTORM 0 MIXED PRECIP 0
HEAVY RAIN 1 RAIN 2
LIGHT RAIN 7 FREEZING RAIN 0
LT FREEZING RAIN 0 HAIL 0
HEAVY SNOW 0 SNOW 0
LIGHT SNOW 0 SLEET 0
FOG 9 FOG W/VIS <= 1/4 MILE 1
HAZE 3
- INDICATES NEGATIVE NUMBERS.
R INDICATES RECORD WAS SET OR TIED.
MM INDICATES DATA IS MISSING.
T INDICATES TRACE AMOUNT.
$$