000
CXHW52 PHFO 011250
CF6OGG
PRELIMINARY LOCAL CLIMATOLOGICAL DATA (WS FORM: F-6)
STATION: KAHULUI HI
MONTH: OCTOBER
YEAR: 2021
LATITUDE: 20 53 N
LONGITUDE: 156 26 W
TEMPERATURE IN F: :PCPN: SNOW: WIND :SUNSHINE: SKY :PK WND
================================================================================
1 2 3 4 5 6A 6B 7 8 9 10 11 12 13 14 15 16 17 18
12Z AVG MX 2MIN
DY MAX MIN AVG DEP HDD CDD WTR SNW DPTH SPD SPD DIR MIN PSBL S-S WX SPD DR
================================================================================
1 91 75 83 3 0 18 0.00 M M 18.2 33 40 M M 3 40 40
2 90 75 83 3 0 18 0.00 M M 16.0 28 40 M M 3 35 70
3 89 68 79 -1 0 14 0.00 M M 13.5 31 40 M M 3 37 40
4 87 74 81 1 0 16 T M M 17.6 30 40 M M 2 37 40
5 89 76 83 3 0 18 0.00 M M 18.3 31 50 M M 2 37 50
6 88 76 82 2 0 17 0.00 M M 17.8 30 40 M M 2 38 40
7 87 73 80 0 0 15 0.01 M M 16.5 31 40 M M 2 8 39 40
8 86 71 79 -1 0 14 0.07 M M 15.6 29 50 M M 4 1 39 70
9 82 71 77 -3 0 12 0.13 M M 16.7 30 50 M M 5 18 37 60
10 86 72 79 -1 0 14 0.03 M M 19.2 33 50 M M 5 8 43 40
11 85 73 79 -1 0 14 T M M 17.3 29 40 M M 4 8 37 60
12 86 73 80 0 0 15 T M M 20.8 31 40 M M 2 8 44 60
13 88 74 81 1 0 16 T M M 20.6 33 40 M M 3 18 43 60
14 87 72 80 0 0 15 0.00 M M 18.2 29 40 M M 3 8 39 60
15 85 73 79 -1 0 14 0.02 M M 13.8 26 40 M M 6 1 33 40
16 85 71 78 -2 0 13 0.25 M M 15.4 26 80 M M 5 1 36 70
17 86 66 76 -3 0 11 0.00 M M 18.5 29 70 M M 2 37 60
18 88 69 79 0 0 14 0.00 M M 14.9 25 50 M M 2 32 50
19 86 70 78 -1 0 13 0.00 M M 11.5 23 30 M M 1 27 30
20 85 61 73 -6 0 8 0.00 M M 9.1 20 30 M M 1 24 30
21 86 64 75 -4 0 10 0.00 M M 11.0 25 40 M M 3 32 40
22 88 71 80 1 0 15 0.00 M M 15.9 29 60 M M 2 36 50
23 87 74 81 2 0 16 0.00 M M 16.7 29 40 M M 4 36 40
24 87 73 80 1 0 15 T M M 16.3 29 40 M M 3 18 35 50
25 87 71 79 0 0 14 0.00 M M 15.6 30 40 M M 1 36 40
26 88 62 75 -4 0 10 0.00 M M 9.0 26 30 M M 2 30 40
27 86 63 75 -4 0 10 0.00 M M 11.9 29 30 M M 1 32 30
28 87 64 76 -3 0 11 0.00 M M 12.0 26 40 M M 2 8 31 40
29 86 65 76 -2 0 11 0.00 M M 10.4 23 30 M M 2 27 30
30 85 61 73 -5 0 8 0.00 M M 7.2 14 30 M M 1 20 350
31 86 63 75 -3 0 10 0.00 M M 5.4 15 40 M M 2 19 20
================================================================================
SM 2689 2164 0 419 0.51 M 460.9 M 83
================================================================================
AV 86.7 69.8 14.9 FASTST M M 3 MAX(MPH)
MISC ----> # 33 40 44 60
================================================================================
NOTES:
# LAST OF SEVERAL OCCURRENCES
COLUMN 17 PEAK WIND IN M.P.H.
PRELIMINARY LOCAL CLIMATOLOGICAL DATA (WS FORM: F-6) , PAGE 2
STATION: KAHULUI HI
MONTH: OCTOBER
YEAR: 2021
LATITUDE: 20 53 N
LONGITUDE: 156 26 W
[TEMPERATURE DATA] [PRECIPITATION DATA] SYMBOLS USED IN COLUMN 16
AVERAGE MONTHLY: 78.3 TOTAL FOR MONTH: 0.51 1 = FOG OR MIST
DPTR FM NORMAL: -1.1 DPTR FM NORMAL: -0.32 2 = FOG REDUCING VISIBILITY
HIGHEST: 91 ON 1 GRTST 24HR 0.26 ON 15-16 TO 1/4 MILE OR LESS
LOWEST: 61 ON 30,20 3 = THUNDER
SNOW, ICE PELLETS, HAIL 4 = ICE PELLETS
TOTAL MONTH: M 5 = HAIL
GRTST 24HR M ON M 6 = FREEZING RAIN OR DRIZZLE
GRTST DEPTH: M ON M 7 = DUSTSTORM OR SANDSTORM:
VSBY 1/2 MILE OR LESS
8 = SMOKE OR HAZE
[NO. OF DAYS WITH] [WEATHER - DAYS WITH] 9 = BLOWING SNOW
X = TORNADO
MAX 32 OR BELOW: 0 0.01 INCH OR MORE: 6
MAX 90 OR ABOVE: 2 0.10 INCH OR MORE: 2
MIN 32 OR BELOW: 0 0.50 INCH OR MORE: 0
MIN 0 OR BELOW: 0 1.00 INCH OR MORE: 0
[HDD (BASE 65) ]
TOTAL THIS MO. 0 CLEAR (SCALE 0-3) 21
DPTR FM NORMAL 0 PTCLDY (SCALE 4-7) 10
TOTAL FM JUL 1 0 CLOUDY (SCALE 8-10) 0
DPTR FM NORMAL 0
[CDD (BASE 65) ]
TOTAL THIS MO. 419
DPTR FM NORMAL -27 [PRESSURE DATA]
TOTAL FM JAN 1 3621 HIGHEST SLP 30.15 ON 25
DPTR FM NORMAL -140 LOWEST SLP 29.84 ON 3
[REMARKS]
#FINAL-10-21#