000
CXHW52 PHFO 011250
CF6OGG
PRELIMINARY LOCAL CLIMATOLOGICAL DATA (WS FORM: F-6)
STATION: KAHULUI HI
MONTH: APRIL
YEAR: 2020
LATITUDE: 20 53 N
LONGITUDE: 156 26 W
TEMPERATURE IN F: :PCPN: SNOW: WIND :SUNSHINE: SKY :PK WND
================================================================================
1 2 3 4 5 6A 6B 7 8 9 10 11 12 13 14 15 16 17 18
12Z AVG MX 2MIN
DY MAX MIN AVG DEP HDD CDD WTR SNW DPTH SPD SPD DIR MIN PSBL S-S WX SPD DR
================================================================================
1 85 64 75 1 0 10 0.00 0.0 M 9.6 23 40 M M M 26 30
2 85 60 73 -1 0 8 0.00 0.0 M 9.9 25 30 M M M 29 40
3 84 63 74 0 0 9 0.00 0.0 M 5.9 12 30 M M M 16 360
4 89 63 76 2 0 11 0.00 0.0 M 7.7 20 30 M M M 8 24 30
5 84 67 76 2 0 11 0.10 0.0 M 6.2 20 40 M M M 24 40
6 86 64 75 1 0 10 1.68 0.0 M 6.5 22 210 M M M 1 25 190
7 85 67 76 2 0 11 0.09 0.0 M 8.7 18 210 M M M 1 23 190
8 86 63 75 1 0 10 T 0.0 M 7.3 13 350 M M M 1 17 360
9 82 69 76 2 0 11 0.01 0.0 M 6.7 16 360 M M M 1 20 360
10 85 64 75 1 0 10 0.00 0.0 M 8.2 20 200 M M M 24 200
11 84 69 77 3 0 12 0.00 0.0 M 10.3 21 190 M M M 25 200
12 81 69 75 1 0 10 0.53 0.0 M 8.9 15 40 M M M 18 18 40
13 86 69 78 4 0 13 0.36 0.0 M 6.4 18 190 M M M 1 25 190
14 81 69 75 1 0 10 T 0.0 M 3.5 9 230 M M M 12 280
15 87 70 79 5 0 14 0.00 0.0 M 11.0 25 60 M M M 35 60
16 84 71 78 4 0 13 0.00 0.0 M 17.1 25 50 M M M 35 50
17 86 64 75 1 0 10 0.00 0.0 M 14.6 24 40 M M M 30 40
18 86 62 74 0 0 9 0.00 0.0 M 10.9 25 30 M M M 31 40
19 85 61 73 -1 0 8 0.00 0.0 M 6.3 16 40 M M M 19 30
20 86 61 74 0 0 9 0.00 0.0 M 5.6 15 30 M M M 19 20
21 87 63 75 1 0 10 0.00 0.0 M 7.8 22 40 M M M 25 40
22 88 63 76 2 0 11 0.00 0.0 M 9.9 18 30 M M M 23 50
23 86 73 80 6 0 15 0.00 0.0 M 16.0 25 60 M M M 34 80
24 85 71 78 4 0 13 T 0.0 M 15.8 25 40 M M M 1 33 40
25 84 70 77 3 0 12 T 0.0 M 16.2 28 40 M M M 34 40
26 85 70 78 4 0 13 0.00 0.0 M 15.6 30 40 M M M 34 50
27 86 70 78 4 0 13 0.01 0.0 M 15.6 30 40 M M M 1 34 40
28 86 72 79 4 0 14 T 0.0 M 16.9 28 40 M M M 32 40
29 84 71 78 3 0 13 T 0.0 M 17.3 29 40 M M M 32 20
30 85 71 78 3 0 13 0.01 0.0 M 19.8 36 40 M M M 41 40
================================================================================
SM 2553 2003 0 336 2.79 0.0 322.2 M M
================================================================================
AV 85.1 66.8 10.7 FASTST M M 0 MAX(MPH)
MISC ----> # 36 40 # 41 40
================================================================================
NOTES:
# LAST OF SEVERAL OCCURRENCES
COLUMN 17 PEAK WIND IN M.P.H.
PRELIMINARY LOCAL CLIMATOLOGICAL DATA (WS FORM: F-6) , PAGE 2
STATION: KAHULUI HI
MONTH: APRIL
YEAR: 2020
LATITUDE: 20 53 N
LONGITUDE: 156 26 W
[TEMPERATURE DATA] [PRECIPITATION DATA] SYMBOLS USED IN COLUMN 16
AVERAGE MONTHLY: 75.9 TOTAL FOR MONTH: 2.79 1 = FOG OR MIST
DPTR FM NORMAL: 1.9 DPTR FM NORMAL: 1.24 2 = FOG REDUCING VISIBILITY
HIGHEST: 89 ON 4 GRTST 24HR 1.68 ON 6- 6 TO 1/4 MILE OR LESS
LOWEST: 60 ON 2 3 = THUNDER
SNOW, ICE PELLETS, HAIL 4 = ICE PELLETS
TOTAL MONTH: 0.0 INCH 5 = HAIL
GRTST 24HR 0.0 6 = FREEZING RAIN OR DRIZZLE
GRTST DEPTH: M ON M 7 = DUSTSTORM OR SANDSTORM:
VSBY 1/2 MILE OR LESS
8 = SMOKE OR HAZE
[NO. OF DAYS WITH] [WEATHER - DAYS WITH] 9 = BLOWING SNOW
X = TORNADO
MAX 32 OR BELOW: 0 0.01 INCH OR MORE: 8
MAX 90 OR ABOVE: 0 0.10 INCH OR MORE: 4
MIN 32 OR BELOW: 0 0.50 INCH OR MORE: 2
MIN 0 OR BELOW: 0 1.00 INCH OR MORE: 1
[HDD (BASE 65) ]
TOTAL THIS MO. 0 CLEAR (SCALE 0-3) 0
DPTR FM NORMAL 0 PTCLDY (SCALE 4-7) 0
TOTAL FM JUL 1 0 CLOUDY (SCALE 8-10) 0
DPTR FM NORMAL 0
[CDD (BASE 65) ]
TOTAL THIS MO. 336
DPTR FM NORMAL 64 [PRESSURE DATA]
TOTAL FM JAN 1 1168 HIGHEST SLP 30.18 ON 15
DPTR FM NORMAL 242 LOWEST SLP 29.87 ON 2
[REMARKS]
#FINAL-04-20#