000
CXUS54 KOUN 011406
CF6OKC
PRELIMINARY LOCAL CLIMATOLOGICAL DATA (WS FORM: F-6)
STATION: OKLAHOMA CITY
MONTH: MARCH
YEAR: 2020
LATITUDE: 35 24 N
LONGITUDE: 97 36 W
TEMPERATURE IN F: :PCPN: SNOW: WIND :SUNSHINE: SKY :PK WND
================================================================================
1 2 3 4 5 6A 6B 7 8 9 10 11 12 13 14 15 16 17 18
12Z AVG MX 2MIN
DY MAX MIN AVG DEP HDD CDD WTR SNW DPTH SPD SPD DIR MIN PSBL S-S WX SPD DR
================================================================================
1 77 47 62 14 3 0 0.00 0.0 0 16.9 30 200 M M 4 37 190
2 57 40 49 1 16 0 0.00 0.0 0 9.7 24 10 M M 7 30 360
3 66 39 53 5 12 0 0.00 0.0 0 7.1 14 60 M M 8 16 70
4 57 41 49 0 16 0 0.00 0.0 0 8.9 22 40 M M 10 28 40
5 67 28 48 -1 17 0 0.00 0.0 0 10.9 26 30 M M 2 34 30
6 64 34 49 0 16 0 0.00 0.0 0 6.6 14 80 M M 1 16 80
7 69 33 51 1 14 0 0.00 0.0 0 15.9 29 180 M M 4 37 160
8 57 44 51 1 14 0 0.23 0.0 0 18.8 30 180 M M 7 1 37 170
9 72 45 59 9 6 0 0.13 0.0 0 17.0 32 240 M M 6 1 42 190
10 73 37 55 5 10 0 0.00 0.0 0 8.1 17 160 M M 3 21 170
11 76 55 66 15 0 1 0.00 0.0 0 8.6 22 210 M M 8 27 220
12 81 53 67 16 0 2 0.00 0.0 0 15.2 25 20 M M 8 32 30
13 57 43 50 -1 15 0 0.34 0.0 0 16.8 29 70 M M 10 13 35 50
14 50 41 46 -6 19 0 0.60 0.0 0 11.3 23 320 M M 9 13 27 320
15 45 40 43 -9 22 0 0.01 0.0 0 10.9 17 40 M M 10 1 21 20
16 55 44 50 -2 15 0 0.13 0.0 0 4.8 10 30 M M 8 12 13 120
17 54 48 51 -1 14 0 0.85 0.0 0 11.4 20 140 M M 9 13 23 120
18 75 54 65 12 0 0 0.70 0.0 0 12.0 21 200 M M 9 123 26 200
19 77 58 68 15 0 3 0.52 0.0 0 16.0 36 240 M M 7 13 45 240
20 60 36 48 -5 17 0 0.00 0.0 0 18.8 36 320 M M 6 42 320
21 54 31 43 -11 22 0 0.10 0.0 0 8.7 21 120 M M 7 3 24 130
22 55 44 50 -4 15 0 0.30 0.0 0 7.8 16 210 M M 10 1 20 210
23 66 50 58 4 7 0 T 0.0 0 10.7 21 170 M M 10 12 26 160
24 67 50 59 5 6 0 T 0.0 0 9.2 22 180 M M 5 1 30 180
25 83 44 64 9 1 0 0.00 0.0 0 12.6 29 200 M M 5 1 34 200
26 92 58 75 20 0 10 0.00 0.0 0 14.9 26 200 M M 7 34 220
27 79 63 71 16 0 6 T 0.0 0 11.2 21 190 M M 9 135 25 160
28 69 49 59 3 6 0 0.32 0.0 0 17.8 33 260 M M 5 13 51 280
29 69 40 55 -1 10 0 0.00 0.0 0 5.3 14 230 M M 5 18 240
30 62 49 56 0 9 0 0.75 0.0 0 10.3 22 150 M M 9 13 28 140
31 65 48 57 1 8 0 0.06 0.0 0 7.0 14 30 M M 6 1 18 20
================================================================================
SM 2050 1386 310 22 5.04 0.0 361.2 M 214
================================================================================
AV 66.1 44.7 11.7 FASTST M M 7 MAX(MPH)
MISC ----> # 36 240 # 51 280
================================================================================
NOTES:
# LAST OF SEVERAL OCCURRENCES
COLUMN 17 PEAK WIND IN M.P.H.
PRELIMINARY LOCAL CLIMATOLOGICAL DATA (WS FORM: F-6) , PAGE 2
STATION: OKLAHOMA CITY
MONTH: MARCH
YEAR: 2020
LATITUDE: 35 24 N
LONGITUDE: 97 36 W
[TEMPERATURE DATA] [PRECIPITATION DATA] SYMBOLS USED IN COLUMN 16
AVERAGE MONTHLY: 55.4 TOTAL FOR MONTH: 5.04 1 = FOG OR MIST
DPTR FM NORMAL: 3.2 DPTR FM NORMAL: 1.98 2 = FOG REDUCING VISIBILITY
HIGHEST: 92 ON 26 GRTST 24HR 0.85 ON 17-17 TO 1/4 MILE OR LESS
LOWEST: 28 ON 5 3 = THUNDER
SNOW, ICE PELLETS, HAIL 4 = ICE PELLETS
TOTAL MONTH: 0.0 INCH 5 = HAIL
GRTST 24HR 0.0 6 = FREEZING RAIN OR DRIZZLE
GRTST DEPTH: 0 7 = DUSTSTORM OR SANDSTORM:
VSBY 1/2 MILE OR LESS
8 = SMOKE OR HAZE
[NO. OF DAYS WITH] [WEATHER - DAYS WITH] 9 = BLOWING SNOW
X = TORNADO
MAX 32 OR BELOW: 0 0.01 INCH OR MORE: 14
MAX 90 OR ABOVE: 1 0.10 INCH OR MORE: 12
MIN 32 OR BELOW: 2 0.50 INCH OR MORE: 5
MIN 0 OR BELOW: 0 1.00 INCH OR MORE: 0
[HDD (BASE 65) ]
TOTAL THIS MO. 310 CLEAR (SCALE 0-3) 3
DPTR FM NORMAL -99 PTCLDY (SCALE 4-7) 16
TOTAL FM JUL 1 3189 CLOUDY (SCALE 8-10) 12
DPTR FM NORMAL 30
[CDD (BASE 65) ]
TOTAL THIS MO. 22
DPTR FM NORMAL 10 [PRESSURE DATA]
TOTAL FM JAN 1 22 HIGHEST SLP 30.59 ON 6
DPTR FM NORMAL 9 LOWEST SLP 29.53 ON 28
[REMARKS]
#FINAL-03-20#