000
CXUS55 KGGW 010800
CF6OLF
PRELIMINARY LOCAL CLIMATOLOGICAL DATA (WS FORM: F-6)
STATION: WOLF POINT MT
MONTH: MARCH
YEAR: 2020
LATITUDE: 48 5 N
LONGITUDE: 105 35 W
TEMPERATURE IN F: :PCPN: SNOW: WIND :SUNSHINE: SKY :PK WND
================================================================================
1 2 3 4 5 6A 6B 7 8 9 10 11 12 13 14 15 16 17 18
12Z AVG MX 2MIN
DY MAX MIN AVG DEP HDD CDD WTR SNW DPTH SPD SPD DIR MIN PSBL S-S WX SPD DR
================================================================================
1 37 21 29 6 36 0 0.00 0.0 0 16.5 39 310 M M 5 51 290
2 44 20 32 8 33 0 T M 0 15.6 35 300 M M 4 45 290
3 46 29 38 14 27 0 T M 0 7.6 25 300 M M 4 1 33 300
4 50 29 40 15 25 0 T M 0 13.4 37 300 M M 2 47 300
5 47 28 38 13 27 0 0.00 0.0 0 7.4 17 280 M M 0 23 280
6 60 29 45 19 20 0 0.00 0.0 0 3.7 9 40 M M 0 11 30
7 58 32 45 19 20 0 0.00 0.0 0 4.8 14 270 M M 0 17 280
8 37 20 29 2 36 0 T M 0 11.8 26 330 M M 5 1 32 330
9 43 20 32 5 33 0 0.00 0.0 0 4.9 12 320 M M 3 14 310
10 47 20 34 6 31 0 0.02 M 0 4.8 17 250 M M 3 1 22 240
11 51 31 41 13 24 0 0.01 M 0 11.7 23 290 M M 5 29 270
12 40 23 32 3 33 0 0.00 0.0 0 11.1 24 320 M M 4 29 330
13 28 18 23 -6 42 0 0.00 0.0 0 13.6 25 80 M M 5 32 70
14 29 19 24 -6 41 0 0.02 M 0 20.6 31 100 M M 10 18 37 90
15 30 23 27 -3 38 0 0.01 M 0 9.0 16 70 M M 10 18 20 70
16 23 8 16 -15 49 0 T M 0 11.3 21 260 M M 6 8 25 270
17 42 1 22 -9 43 0 0.00 0.0 0 4.4 13 80 M M 2 15 80
18 31 22 27 -5 38 0 0.01 M 0 11.6 18 40 M M 10 18 23 30
19 25 10 18 -14 47 0 T M 0 7.8 15 30 M M 7 18 19 20
20 31 6 19 -13 46 0 0.00 0.0 0 6.7 17 180 M M 4 23 190
21 43 17 30 -3 35 0 0.00 0.0 0 4.0 14 340 M M 1 16 220
22 43 20 32 -2 33 0 0.00 0.0 0 3.7 10 270 M M 3 8 12 220
23 59 23 41 7 24 0 0.00 0.0 0 4.7 13 210 M M 0 18 17 220
24 47 28 38 4 27 0 0.00 0.0 0 14.2 30 280 M M 4 36 290
25 34 26 30 -5 35 0 0.01 M 0 5.3 13 70 M M 10 128 15 70
26 48 21 35 0 30 0 0.00 0.0 0 4.6 15 210 M M 4 12 20 200
27 54 25 40 4 25 0 0.00 0.0 0 3.0 10 250 M M 0 18 12 260
28 59 26 43 7 22 0 0.00 0.0 0 6.9 20 310 M M 2 24 290
29 64 24 44 7 21 0 0.00 0.0 0 4.0 16 220 M M 1 23 200
30 66 33 50 13 15 0 0.00 0.0 0 4.8 13 240 M M 1 19 260
31 53 27 40 2 25 0 0.02 M 0 9.9 22 50 M M 5 8 26 310
================================================================================
SM 1369 679 981 0 0.10 0.0 263.4 M 120
================================================================================
AV 44.2 21.9 8.5 FASTST M M 4 MAX(MPH)
MISC ----> # 39 310 # 51 290
================================================================================
NOTES:
# LAST OF SEVERAL OCCURRENCES
COLUMN 17 PEAK WIND IN M.P.H.
PRELIMINARY LOCAL CLIMATOLOGICAL DATA (WS FORM: F-6) , PAGE 2
STATION: WOLF POINT MT
MONTH: MARCH
YEAR: 2020
LATITUDE: 48 5 N
LONGITUDE: 105 35 W
[TEMPERATURE DATA] [PRECIPITATION DATA] SYMBOLS USED IN COLUMN 16
AVERAGE MONTHLY: 33.0 TOTAL FOR MONTH: 0.10 1 = FOG OR MIST
DPTR FM NORMAL: 2.4 DPTR FM NORMAL: -0.36 2 = FOG REDUCING VISIBILITY
HIGHEST: 66 ON 30 GRTST 24HR 0.02 ON 31-31 TO 1/4 MILE OR LESS
LOWEST: 1 ON 17 3 = THUNDER
SNOW, ICE PELLETS, HAIL 4 = ICE PELLETS
TOTAL MONTH: 0.0 INCH 5 = HAIL
GRTST 24HR 0.0 6 = FREEZING RAIN OR DRIZZLE
GRTST DEPTH: 0 7 = DUSTSTORM OR SANDSTORM:
VSBY 1/2 MILE OR LESS
8 = SMOKE OR HAZE
[NO. OF DAYS WITH] [WEATHER - DAYS WITH] 9 = BLOWING SNOW
X = TORNADO
MAX 32 OR BELOW: 7 0.01 INCH OR MORE: 7
MAX 90 OR ABOVE: 0 0.10 INCH OR MORE: 0
MIN 32 OR BELOW: 30 0.50 INCH OR MORE: 0
MIN 0 OR BELOW: 0 1.00 INCH OR MORE: 0
[HDD (BASE 65) ]
TOTAL THIS MO. 981 CLEAR (SCALE 0-3) 13
DPTR FM NORMAL -87 PTCLDY (SCALE 4-7) 14
TOTAL FM JUL 1 7297 CLOUDY (SCALE 8-10) 4
DPTR FM NORMAL -393
[CDD (BASE 65) ]
TOTAL THIS MO. 0
DPTR FM NORMAL 0 [PRESSURE DATA]
TOTAL FM JAN 1 0 HIGHEST SLP M ON M
DPTR FM NORMAL 0 LOWEST SLP 29.52 ON 2
[REMARKS]
#FINAL-03-20#