000
CXUS53 KOAX 010930
CF6OMA
PRELIMINARY LOCAL CLIMATOLOGICAL DATA (WS FORM: F-6)
STATION: OMAHA NE
MONTH: JULY
YEAR: 2021
LATITUDE: 41 17 N
LONGITUDE: 95 54 W
TEMPERATURE IN F: :PCPN: SNOW: WIND :SUNSHINE: SKY :PK WND
================================================================================
1 2 3 4 5 6A 6B 7 8 9 10 11 12 13 14 15 16 17 18
12Z AVG MX 2MIN
DY MAX MIN AVG DEP HDD CDD WTR SNW DPTH SPD SPD DIR MIN PSBL S-S WX SPD DR
================================================================================
1 88 65 77 0 0 12 0.00 0.0 0 6.6 14 80 M M 4 19 60
2 90 63 77 0 0 12 0.00 0.0 0 2.9 10 360 M M 2 14 360
3 89 69 79 2 0 14 0.00 0.0 0 6.2 15 170 M M 3 20 200
4 91 71 81 3 0 16 0.00 0.0 0 11.0 21 210 M M 3 29 230
5 92 71 82 4 0 17 0.00 0.0 0 9.4 15 170 M M 2 24 180
6 91 72 82 4 0 17 0.00 0.0 0 8.9 17 190 M M 6 23 190
7 78 63 71 -7 0 6 0.46 0.0 0 9.7 18 360 M M 9 13 23 350
8 80 60 70 -8 0 5 0.00 0.0 0 7.9 17 150 M M 4 24 140
9 92 63 78 0 0 13 0.56 0.0 0 11.5 67 360 M M 6 13 96 10
10 81 64 73 -5 0 8 0.83 0.0 0 11.6 31 320 M M 9 13 43 300
11 82 62 72 -6 0 7 0.03 0.0 0 10.5 22 20 M M 7 27 30
12 82 57 70 -8 0 5 0.00 0.0 0 4.7 12 50 M M 2 1 15 10
13 88 64 76 -2 0 11 0.00 0.0 0 9.3 20 160 M M 4 23 180
14 89 73 81 3 0 16 0.02 0.0 0 9.1 18 230 M M 9 3 25 280
15 81 69 75 -3 0 10 0.46 0.0 0 4.3 9 60 M M 8 1 13 100
16 83 63 73 -5 0 8 0.00 0.0 0 5.7 13 80 M M 3 18 60
17 83 69 76 -2 0 11 0.00 0.0 0 7.8 15 120 M M 7 3 19 120
18 84 65 75 -3 0 10 0.00 0.0 0 6.5 15 140 M M 4 19 120
19 87 61 74 -4 0 9 0.00 0.0 0 4.5 10 70 M M 2 1 17 70
20 88 64 76 -2 0 11 0.00 0.0 0 3.4 8 100 M M 3 12 20
21 87 66 77 -1 0 12 0.00 0.0 0 7.1 17 170 M M 5 1 22 150
22 89 71 80 2 0 15 0.00 0.0 0 12.8 22 170 M M 3 29 180
23 95 72 84 6 0 19 0.00 0.0 0 12.6 23 190 M M 1 8 31 200
24 92 74 83 5 0 18 0.00 0.0 0 6.6 13 10 M M 7 17 170
25 90 65 78 0 0 13 0.00 0.0 0 4.3 12 130 M M 7 12 14 120
26 92 69 81 3 0 16 0.00 0.0 0 9.9 17 160 M M 0 23 180
27 97 72 85 7 0 20 0.00 0.0 0 9.1 16 190 M M 0 20 190
28 99 76 88 10 0 23 0.00 0.0 0 9.6 18 210 M M 1 24 220
29 96 79 88 10 0 23 0.00 0.0 0 9.0 17 20 M M 5 22 10
30 88 71 80 2 0 15 0.46 0.0 0 8.0 23 30 M M 8 138 30 20
31 82 68 75 -3 0 10 1.62 0.0 0 8.8 24 300 M M 7 138 45 310
================================================================================
SM 2726 2091 0 402 4.44 0.0 249.3 M 141
================================================================================
AV 87.9 67.5 8.0 FASTST M M 5 MAX(MPH)
MISC ----> 67 360 96 10
================================================================================
NOTES:
# LAST OF SEVERAL OCCURRENCES
COLUMN 17 PEAK WIND IN M.P.H.
PRELIMINARY LOCAL CLIMATOLOGICAL DATA (WS FORM: F-6) , PAGE 2
STATION: OMAHA NE
MONTH: JULY
YEAR: 2021
LATITUDE: 41 17 N
LONGITUDE: 95 54 W
[TEMPERATURE DATA] [PRECIPITATION DATA] SYMBOLS USED IN COLUMN 16
AVERAGE MONTHLY: 77.7 TOTAL FOR MONTH: 4.44 1 = FOG OR MIST
DPTR FM NORMAL: -0.4 DPTR FM NORMAL: 0.89 2 = FOG REDUCING VISIBILITY
HIGHEST: 99 ON 28 GRTST 24HR 2.08 ON 30-31 TO 1/4 MILE OR LESS
LOWEST: 57 ON 12 3 = THUNDER
SNOW, ICE PELLETS, HAIL 4 = ICE PELLETS
TOTAL MONTH: 0.0 INCH 5 = HAIL
GRTST 24HR 0.0 6 = FREEZING RAIN OR DRIZZLE
GRTST DEPTH: 0 7 = DUSTSTORM OR SANDSTORM:
VSBY 1/2 MILE OR LESS
8 = SMOKE OR HAZE
[NO. OF DAYS WITH] [WEATHER - DAYS WITH] 9 = BLOWING SNOW
X = TORNADO
MAX 32 OR BELOW: 0 0.01 INCH OR MORE: 8
MAX 90 OR ABOVE: 12 0.10 INCH OR MORE: 6
MIN 32 OR BELOW: 0 0.50 INCH OR MORE: 3
MIN 0 OR BELOW: 0 1.00 INCH OR MORE: 1
[HDD (BASE 65) ]
TOTAL THIS MO. 0 CLEAR (SCALE 0-3) 11
DPTR FM NORMAL 0 PTCLDY (SCALE 4-7) 15
TOTAL FM JUL 1 0 CLOUDY (SCALE 8-10) 5
DPTR FM NORMAL 0
[CDD (BASE 65) ]
TOTAL THIS MO. 402
DPTR FM NORMAL -3 [PRESSURE DATA]
TOTAL FM JAN 1 895 HIGHEST SLP 30.20 ON 19
DPTR FM NORMAL 106 LOWEST SLP 29.71 ON 9
[REMARKS]
#FINAL-07-21#