000
CXAK59 PAFG 011007
CLMOME
CLIMATE REPORT
NATIONAL WEATHER SERVICE FAIRBANKS AK
107 AM AKST FRI MAR 01 2024
...................................
...THE NOME AK CLIMATE SUMMARY FOR THE MONTH OF FEBRUARY 2024...
CLIMATE NORMAL PERIOD 1991 TO 2020
CLIMATE RECORD PERIOD 1906 TO 2024
WEATHER OBSERVED NORMAL DEPART LAST YEAR`S
VALUE DATE(S) VALUE FROM VALUE DATE(S)
NORMAL
................................................................
TEMPERATURE (F)
RECORD
HIGH 48 02/13/1986
LOW -42 02/08/1978
02/07/1978
02/28/1971
HIGHEST 32 02/13 MM MM 33 02/21
02/17
02/18
02/22
LOWEST -28 02/01 MM MM -24 02/15
AVG. MAXIMUM 20.5 16.8 3.7 11.2
AVG. MINIMUM 7.3 1.3 6.0 -5.3
MEAN 13.9 9.0 4.9 3.0
DAYS MAX >= 90 0 0.0 0.0 0
DAYS MAX <= 32 28 25.0 3.0 26
DAYS MIN <= 32 28 27.9 0.1 28
DAYS MIN <= 0 7 13.5 -6.5 20
PRECIPITATION (INCHES)
RECORD
MAXIMUM 4.44 1920
MINIMUM T
TOTALS 0.76 0.99 -0.23 1.22
DAILY AVG. 0.03 NAN NAN 0.04
DAYS >= .01 14 10.5 3.5 10
DAYS >= .10 2 3.8 -1.8 3
DAYS >= .50 0 0.0 0.0 0
DAYS >= 1.00 0 0.0 0.0 0
GREATEST
24 HR. TOTAL 0.15 02/13 TO 02/13 0.46
DEGREE DAYS
HEATING TOTAL 1426 1567 -141 1729
SINCE 7/1 8817 9247 -430 MM
COOLING TOTAL 0 0 0 0
SINCE 1/1 0 0 0 MM
................................................................
WIND (MPH)
AVERAGE WIND SPEED 11.2
HIGHEST WIND SPEED/DIRECTION 36/040 DATE 02/03
HIGHEST GUST SPEED/DIRECTION 47/080 DATE 02/21
SKY COVER
AVERAGE SKY COVER 0.70
NUMBER OF DAYS FAIR 7
WEATHER CONDITIONS. NUMBER OF DAYS WITH
THUNDERSTORM 0 MIXED PRECIP 0
HEAVY RAIN 0 RAIN 0
LIGHT RAIN 0 FREEZING RAIN 0
LT FREEZING RAIN 4 HAIL 0
HEAVY SNOW 3 SNOW 6
LIGHT SNOW 20 SLEET 0
FOG 18 FOG W/VIS <= 1/4 MILE 5
HAZE 8
- INDICATES NEGATIVE NUMBERS.
R INDICATES RECORD WAS SET OR TIED.
MM INDICATES DATA IS MISSING.
T INDICATES TRACE AMOUNT.
$$