000
CXUS53 KARX 020845
CF6ONA
PRELIMINARY LOCAL CLIMATOLOGICAL DATA (WS FORM: F-6)
STATION: WINONA_MUNI_(AWOS) MN
MONTH: MAY
YEAR: 2022
LATITUDE: 44 4 N
LONGITUDE: 91 42 W
TEMPERATURE IN F: :PCPN: SNOW: WIND :SUNSHINE: SKY :PK WND
================================================================================
1 2 3 4 5 6A 6B 7 8 9 10 11 12 13 14 15 16 17 18
12Z AVG MX 2MIN
DY MAX MIN AVG DEP HDD CDD WTR SNW DPTH SPD SPD DIR MIN PSBL S-S WX SPD DR
================================================================================
1 50 45 48 M 17 0 0.04 0.0 0 8.0 12 290 M M 10 1 23 290
2 46 41 44 M 21 0 T 0.0 0 4.6 10 290 M M 10 16 300
3 59 39 49 M 16 0 0.01 0.0 0 5.2 13 40 M M 7 18 40
4 63 34 49 M 16 0 0.00 0.0 0 2.6 8 140 M M 0 M M
5 63 37 50 M 15 0 0.00 0.0 0 1.4 9 130 M M 3 M M
6 68 45 57 M 8 0 0.00 0.0 0 2.0 10 140 M M 0 M M
7 72 39 56 M 9 0 0.00 0.0 0 6.2 15 100 M M 0 20 140
8 64 52 58 M 7 0 0.03 0.0 0 10.9 22 140 M M 6 27 140
9 86 55 71 M 0 6 0.83 0.0 0 11.0 21 160 M M 7 13 33 290
10 77 55 66 M 0 1 0.01 0.0 0 2.2 6 340 M M 6 128 M M
11 86 63 75 M 0 10 0.00 0.0 0 5.6 14 120 M M 5 18 21 110
12 93 64 79 M 0 14 0.00 0.0 0 5.7 13 150 M M 1 23 180
13 82 59 71 M 0 6 0.00 0.0 0 5.4 12 240 M M 1 20 240
14 84 52 68 M 0 3 0.00 0.0 0 5.5 15 320 M M 1 24 330
15 75 46 61 M 4 0 0.00 0.0 0 4.9 15 320 M M 1 23 310
16 73 46 60 M 5 0 0.00 0.0 0 6.2 18 310 M M 1 25 310
17 68 45 57 M 8 0 0.17 0.0 0 3.1 9 140 M M 3 1 M M
18 70 54 62 M 3 0 0.01 0.0 0 5.4 10 110 M M 6 M M
19 73 50 62 M 3 0 M 0.0 0 4.4 16 210 M M 3 13 29 320
20 M M M M M M M 0.0 0 M M M M M M M M
21 M M M M M M 0.00 0.0 0 M M M M M M M M
22 M M M M M M 0.00 0.0 0 M M M M M M M M
23 M M M M M M 0.00 0.0 0 M M M M M M M M
24 M M M M M M M 0.0 0 M M M M M M M M
25 M M M M M M M 0.0 0 M M M M M M M M
26 M M M M M M M 0.0 0 M M M M M M M M
27 M M M M M M 0.00 0.0 0 M M M M M M M M
28 M M M M M M M 0.0 0 M M M M M M M M
29 M M M M M M M 0.0 0 M M M M M M M M
30 M M M M M M M 0.0 0 M M M M M M M M
31 M M M M M M M 0.0 0 M M M M M 0 M M
================================================================================
SM 1352 921 132 40 1.10 0.0 100.3 M 71
================================================================================
AV 71.2 48.5 5.3 FASTST M M 4 MAX(MPH)
MISC ----> 22 140 33 290
================================================================================
NOTES:
# LAST OF SEVERAL OCCURRENCES
COLUMN 17 PEAK WIND IN M.P.H.
PRELIMINARY LOCAL CLIMATOLOGICAL DATA (WS FORM: F-6) , PAGE 2
STATION: WINONA_MUNI_(AWOS) MN
MONTH: MAY
YEAR: 2022
LATITUDE: 44 4 N
LONGITUDE: 91 42 W
[TEMPERATURE DATA] [PRECIPITATION DATA] SYMBOLS USED IN COLUMN 16
AVERAGE MONTHLY: 59.8 TOTAL FOR MONTH: 1.10 1 = FOG OR MIST
DPTR FM NORMAL: 0.0 DPTR FM NORMAL: M 2 = FOG REDUCING VISIBILITY
HIGHEST: 93 ON 12 GRTST 24HR 0.83 ON 9- 9 TO 1/4 MILE OR LESS
LOWEST: 34 ON 4 3 = THUNDER
SNOW, ICE PELLETS, HAIL 4 = ICE PELLETS
TOTAL MONTH: 0.0 INCH 5 = HAIL
GRTST 24HR 0.0 6 = FREEZING RAIN OR DRIZZLE
GRTST DEPTH: 0 7 = DUSTSTORM OR SANDSTORM:
VSBY 1/2 MILE OR LESS
8 = SMOKE OR HAZE
[NO. OF DAYS WITH] [WEATHER - DAYS WITH] 9 = BLOWING SNOW
X = TORNADO
MAX 32 OR BELOW: 0 0.01 INCH OR MORE: 7
MAX 90 OR ABOVE: 1 0.10 INCH OR MORE: 2
MIN 32 OR BELOW: 0 0.50 INCH OR MORE: 1
MIN 0 OR BELOW: 0 1.00 INCH OR MORE: 0
[HDD (BASE 65) ]
TOTAL THIS MO. 132 CLEAR (SCALE 0-3) 10
DPTR FM NORMAL M PTCLDY (SCALE 4-7) 8
TOTAL FM JUL 1 6882 CLOUDY (SCALE 8-10) 13
DPTR FM NORMAL M
[CDD (BASE 65) ]
TOTAL THIS MO. 40
DPTR FM NORMAL M [PRESSURE DATA]
TOTAL FM JAN 1 40 HIGHEST SLP M ON M
DPTR FM NORMAL M LOWEST SLP M ON M
[REMARKS]
#FINAL-05-22#