000
CXUS56 KBOI 011002
CF6ONO
PRELIMINARY LOCAL CLIMATOLOGICAL DATA (WS FORM: F-6)
STATION: ONTARIO OR
MONTH: OCTOBER
YEAR: 2023
LATITUDE: 44 1 N
LONGITUDE: 117 1 W
TEMPERATURE IN F: :PCPN: SNOW: WIND :SUNSHINE: SKY :PK WND
================================================================================
1 2 3 4 5 6A 6B 7 8 9 10 11 12 13 14 15 16 17 18
12Z AVG MX 2MIN
DY MAX MIN AVG DEP HDD CDD WTR SNW DPTH SPD SPD DIR MIN PSBL S-S WX SPD DR
================================================================================
1 58 52 55 -5 10 0 T M M 10.9 21 310 M M 10 28 330
2 70 50 60 0 5 0 T M M 2.3 12 320 M M 8 14 260
3 70 52 61 2 4 0 0.09 M M 2.9 15 310 M M 7 1 20 320
4 74 45 60 2 5 0 0.00 M M 2.5 10 230 M M 0 13 230
5 79 44 62 4 3 0 0.00 M M 2.9 7 260 M M 0 8 9 140
6 79 44 62 4 3 0 0.00 M M 3.0 9 160 M M 0 13 170
7 81 44 63 6 2 0 0.00 M M 3.1 9 260 M M 0 8 12 270
8 82 44 63 6 2 0 0.00 M M 2.6 7 260 M M 0 11 80
9 82 45 64 8 1 0 0.00 M M 4.6 17 270 M M 1 8 26 280
10 65 48 57 1 8 0 0.08 M M 4.9 23 190 M M 5 3 32 180
11 62 47 55 0 10 0 0.05 M M 9.0 21 260 M M 5 1 27 270
12 68 43 56 1 9 0 0.00 M M 5.0 14 330 M M 1 20 320
13 70 34 52 -2 13 0 0.00 M M 3.2 8 30 M M 0 11 220
14 74 53 64 10 1 0 T M M 5.0 17 150 M M 4 24 160
15 79 50 65 12 0 0 0.00 M M 3.2 13 140 M M 1 18 140
16 77 44 61 8 4 0 0.00 M M 3.0 7 360 M M 1 8 11 10
17 74 48 61 9 4 0 0.00 M M 4.8 14 250 M M 0 18 250
18 78 42 60 8 5 0 0.00 M M 1.2 8 260 M M 0 9 270
19 78 42 60 9 5 0 0.00 M M 3.5 13 160 M M 0 8 17 160
20 77 42 60 9 5 0 0.00 M M 1.4 8 260 M M 0 8 10 260
21 77 40 59 9 6 0 0.00 M M 2.1 9 260 M M 0 8 11 260
22 69 44 57 7 8 0 T M M 4.1 21 320 M M 3 26 320
23 73 50 62 13 3 0 T M M 13.9 24 320 M M 1 32 320
24 64 42 53 4 12 0 0.00 M M 6.7 20 320 M M 2 8 27 320
25 59 37 48 0 17 0 0.03 M M 7.7 24 150 M M 7 33 150
26 53 33 43 -5 22 0 0.00 M M 5.2 15 260 M M 8 18 260
27 53 28 41 -7 24 0 0.00 M M 10.2 23 330 M M 8 32 330
28 50 31 41 -6 24 0 0.00 M M 13.0 25 330 M M 1 33 330
29 48 21 35 -12 30 0 0.00 M M 3.5 14 330 M M 0 19 320
30 51 18 35 -11 30 0 0.00 M M 2.5 7 260 M M 0 9 250
31 53 19 36 -10 29 0 0.00 M M 3.3 9 260 M M 0 8 11 270
================================================================================
SM 2127 1276 304 0 0.25 M 151.2 M 73
================================================================================
AV 68.6 41.2 4.9 FASTST M M 2 MAX(MPH)
MISC ----> 25 330 # 33 150
================================================================================
NOTES:
# LAST OF SEVERAL OCCURRENCES
COLUMN 17 PEAK WIND IN M.P.H.
PRELIMINARY LOCAL CLIMATOLOGICAL DATA (WS FORM: F-6) , PAGE 2
STATION: ONTARIO OR
MONTH: OCTOBER
YEAR: 2023
LATITUDE: 44 1 N
LONGITUDE: 117 1 W
[TEMPERATURE DATA] [PRECIPITATION DATA] SYMBOLS USED IN COLUMN 16
AVERAGE MONTHLY: 54.9 TOTAL FOR MONTH: 0.25 1 = FOG OR MIST
DPTR FM NORMAL: 2.1 DPTR FM NORMAL: -0.39 2 = FOG REDUCING VISIBILITY
HIGHEST: 82 ON 9, 8 GRTST 24HR 0.13 ON 10-11 TO 1/4 MILE OR LESS
LOWEST: 18 ON 30 3 = THUNDER
SNOW, ICE PELLETS, HAIL 4 = ICE PELLETS
TOTAL MONTH: M 5 = HAIL
GRTST 24HR M ON M 6 = FREEZING RAIN OR DRIZZLE
GRTST DEPTH: M ON M 7 = DUSTSTORM OR SANDSTORM:
VSBY 1/2 MILE OR LESS
8 = SMOKE OR HAZE
[NO. OF DAYS WITH] [WEATHER - DAYS WITH] 9 = BLOWING SNOW
X = TORNADO
MAX 32 OR BELOW: 0 0.01 INCH OR MORE: 4
MAX 90 OR ABOVE: 0 0.10 INCH OR MORE: 0
MIN 32 OR BELOW: 5 0.50 INCH OR MORE: 0
MIN 0 OR BELOW: 0 1.00 INCH OR MORE: 0
[HDD (BASE 65) ]
TOTAL THIS MO. 304 CLEAR (SCALE 0-3) 21
DPTR FM NORMAL -78 PTCLDY (SCALE 4-7) 9
TOTAL FM JUL 1 358 CLOUDY (SCALE 8-10) 1
DPTR FM NORMAL -101
[CDD (BASE 65) ]
TOTAL THIS MO. 0
DPTR FM NORMAL -4 [PRESSURE DATA]
TOTAL FM JAN 1 1302 HIGHEST SLP M ON M
DPTR FM NORMAL 202 LOWEST SLP 29.59 ON 10
[REMARKS]
#FINAL-10-23#