000
CXUS56 KSGX 011145
CF6ONT
PRELIMINARY LOCAL CLIMATOLOGICAL DATA (WS FORM: F-6)
STATION: ONTARIO INTL AIRPORT CA
MONTH: FEBRUARY
YEAR: 2022
LATITUDE: 34 2 N
LONGITUDE: 117 37 W
TEMPERATURE IN F: :PCPN: SNOW: WIND :SUNSHINE: SKY :PK WND
================================================================================
1 2 3 4 5 6A 6B 7 8 9 10 11 12 13 14 15 16 17 18
12Z AVG MX 2MIN
DY MAX MIN AVG DEP HDD CDD WTR SNW DPTH SPD SPD DIR MIN PSBL S-S WX SPD DR
================================================================================
1 60 47 54 -2 11 0 0.00 M M 3.3 12 290 M M 5 18 15 270
2 60 40 50 -6 15 0 0.00 M M 16.6 37 40 M M 0 51 40
3 68 38 53 -3 12 0 0.00 M M 9.9 24 30 M M 2 34 40
4 70 43 57 1 8 0 0.00 M M 14.1 36 30 M M 1 44 40
5 70 35 53 -3 12 0 0.00 M M 3.7 13 280 M M 1 17 280
6 79 44 62 6 3 0 0.00 M M 13.0 32 30 M M 0 41 20
7 77 47 62 6 3 0 0.00 M M 4.8 22 60 M M 0 30 70
8 79 46 63 6 2 0 0.00 M M 6.1 25 30 M M 3 33 20
9 84 61 73 16 0 8 0.00 M M 9.8 22 70 M M 1 31 50
10 84 58 71 14 0 6 0.00 M M 14.5 39 70 M M 0 58 60
11 85 53 69 12 0 4 0.00 M M 5.8 20 20 M M 0 27 30
12 87 59 73 16 0 8 0.00 M M 6.6 15 50 M M 1 23 40
13 85 52 69 12 0 4 0.00 M M 3.5 12 220 M M 1 15 220
14 79 50 65 8 0 0 0.00 M M 6.6 14 260 M M 4 1 18 260
15 58 42 50 -7 15 0 T M M 7.7 24 220 M M 8 138 28 210
16 64 39 52 -5 13 0 0.00 M M 5.1 16 210 M M 2 22 210
17 70 44 57 0 8 0 0.00 M M 11.1 44 30 M M 0 59 40
18 74 42 58 1 7 0 0.00 M M 4.0 14 270 M M 1 15 290
19 78 43 61 4 4 0 0.00 M M 2.9 15 240 M M 3 19 250
20 69 44 57 -1 8 0 0.00 M M 6.6 17 230 M M 4 22 240
21 58 50 54 -4 11 0 0.00 M M 9.4 18 220 M M 8 24 230
22 59 42 51 -7 14 0 0.06 M M 11.0 24 220 M M 8 31 240
23 55 39 47 -11 18 0 0.09 M M 4.5 17 240 M M 5 1 22 260
24 59 32 46 -12 19 0 0.00 M M 4.3 16 270 M M 0 8 22 240
25 65 37 51 -7 14 0 0.00 M M 3.6 12 240 M M 0 15 270
26 70 35 53 -5 12 0 0.00 M M 5.0 16 70 M M 2 22 70
27 76 36 56 -2 9 0 0.00 M M 2.0 8 40 M M 2 13 20
28 83 46 65 7 0 0 0.00 M M 6.6 21 50 M M 2 8 29 40
================================================================================
SM 2005 1244 218 30 0.15 M 202.1 M 64
================================================================================
AV 71.6 44.4 7.2 FASTST M M 2 MAX(MPH)
MISC ----> 44 30 59 40
================================================================================
NOTES:
# LAST OF SEVERAL OCCURRENCES
COLUMN 17 PEAK WIND IN M.P.H.
PRELIMINARY LOCAL CLIMATOLOGICAL DATA (WS FORM: F-6) , PAGE 2
STATION: ONTARIO INTL AIRPORT CA
MONTH: FEBRUARY
YEAR: 2022
LATITUDE: 34 2 N
LONGITUDE: 117 37 W
[TEMPERATURE DATA] [PRECIPITATION DATA] SYMBOLS USED IN COLUMN 16
AVERAGE MONTHLY: 58.0 TOTAL FOR MONTH: 0.15 1 = FOG OR MIST
DPTR FM NORMAL: 0.9 DPTR FM NORMAL: -2.92 2 = FOG REDUCING VISIBILITY
HIGHEST: 87 ON 12 GRTST 24HR 0.15 ON 22-23 TO 1/4 MILE OR LESS
LOWEST: 32 ON 24 3 = THUNDER
SNOW, ICE PELLETS, HAIL 4 = ICE PELLETS
TOTAL MONTH: M 5 = HAIL
GRTST 24HR M ON M 6 = FREEZING RAIN OR DRIZZLE
GRTST DEPTH: M ON M 7 = DUSTSTORM OR SANDSTORM:
VSBY 1/2 MILE OR LESS
8 = SMOKE OR HAZE
[NO. OF DAYS WITH] [WEATHER - DAYS WITH] 9 = BLOWING SNOW
X = TORNADO
MAX 32 OR BELOW: 0 0.01 INCH OR MORE: 2
MAX 90 OR ABOVE: 0 0.10 INCH OR MORE: 0
MIN 32 OR BELOW: 1 0.50 INCH OR MORE: 0
MIN 0 OR BELOW: 0 1.00 INCH OR MORE: 0
[HDD (BASE 65) ]
TOTAL THIS MO. 218 CLEAR (SCALE 0-3) 20
DPTR FM NORMAL -10 PTCLDY (SCALE 4-7) 5
TOTAL FM JUL 1 917 CLOUDY (SCALE 8-10) 3
DPTR FM NORMAL -58
[CDD (BASE 65) ]
TOTAL THIS MO. 30
DPTR FM NORMAL 22 [PRESSURE DATA]
TOTAL FM JAN 1 30 HIGHEST SLP 30.36 ON 4
DPTR FM NORMAL 25 LOWEST SLP 29.74 ON 15
[REMARKS]
#FINAL-02-22#