000
CXUS56 KSGX 011245
CF6ONT
PRELIMINARY LOCAL CLIMATOLOGICAL DATA (WS FORM: F-6)
STATION: ONTARIO INTL AIRPORT CA
MONTH: OCTOBER
YEAR: 2020
LATITUDE: 34 2 N
LONGITUDE: 117 37 W
TEMPERATURE IN F: :PCPN: SNOW: WIND :SUNSHINE: SKY :PK WND
================================================================================
1 2 3 4 5 6A 6B 7 8 9 10 11 12 13 14 15 16 17 18
12Z AVG MX 2MIN
DY MAX MIN AVG DEP HDD CDD WTR SNW DPTH SPD SPD DIR MIN PSBL S-S WX SPD DR
================================================================================
1 106 69 88 16 0 23 0.00 0.0 0 5.1 16 250 M M 0 8 19 250
2 105 69 87 16 0 22 0.00 0.0 0 4.9 16 260 M M 1 20 260
3 101 67 84 13 0 19 0.00 0.0 0 4.4 16 260 M M 1 8 20 230
4 99 65 82 11 0 17 0.00 0.0 0 3.5 16 270 M M 3 8 19 270
5 98 67 83 12 0 18 0.00 0.0 0 3.7 15 230 M M 6 8 19 270
6 95 66 81 11 0 16 0.00 0.0 0 4.5 15 270 M M 5 8 20 260
7 91 63 77 7 0 12 0.00 0.0 0 5.6 17 260 M M 1 18 22 270
8 80 63 72 2 0 7 0.00 0.0 0 5.8 15 220 M M 8 18 19 220
9 78 63 71 1 0 6 0.00 0.0 0 6.0 13 260 M M 6 8 17 250
10 78 63 71 2 0 6 0.00 0.0 0 4.7 14 270 M M 6 8 17 260
11 83 59 71 2 0 6 0.00 0.0 0 3.5 13 270 M M 0 18 14 270
12 100 61 81 12 0 16 0.00 0.0 0 4.4 16 270 M M 0 19 280
13 99 67 83 15 0 18 0.00 0.0 0 4.2 15 260 M M 0 18 270
14 99 64 82 14 0 17 0.00 0.0 0 3.4 10 270 M M 0 14 280
15 100 66 83 15 0 18 0.00 0.0 0 3.9 15 260 M M 4 8 19 270
16 102 66 84 16 0 19 0.00 0.0 0 3.9 13 290 M M 4 15 290
17 94 64 79 11 0 14 0.00 0.0 0 4.0 15 270 M M 1 19 270
18 90 62 76 9 0 11 0.00 0.0 0 4.0 13 270 M M 2 17 240
19 85 59 72 5 0 7 0.00 0.0 0 4.3 14 260 M M 2 18 17 260
20 86 62 74 7 0 9 0.00 0.0 0 5.0 14 260 M M 4 18 18 260
21 79 62 71 4 0 6 0.00 0.0 0 5.8 14 260 M M 8 18 15 220
22 75 62 69 3 0 4 T 0.0 0 5.6 12 230 M M 7 18 15 220
23 76 63 70 4 0 5 0.00 0.0 0 4.5 12 240 M M 9 8 15 260
24 71 62 67 1 0 2 0.00 0.0 0 5.3 13 260 M M 9 8 15 270
25 68 58 63 -3 2 0 T 0.0 0 7.9 17 220 M M 8 21 230
26 70 49 60 -6 5 0 T M 0 21.9 58 40 M M 2 78 70 40
27 79 46 63 -2 2 0 0.00 0.0 0 12.4 38 30 M M 1 8 55 30
28 81 50 66 1 0 1 0.00 0.0 M 4.1 15 270 M M 0 18 240
29 88 50 69 4 0 4 0.00 0.0 0 4.2 14 280 M M 1 8 16 280
30 88 55 72 7 0 7 0.00 0.0 0 3.8 13 230 M M 1 17 260
31 91 52 72 8 0 7 0.00 0.0 0 1.8 18 280 M M 4 22 290
================================================================================
SM 2735 1894 9 317 T 0.0 166.1 M 104
================================================================================
AV 88.2 61.1 5.4 FASTST M M 3 MAX(MPH)
MISC ----> # 58 40 # 70 40
================================================================================
NOTES:
# LAST OF SEVERAL OCCURRENCES
COLUMN 17 PEAK WIND IN M.P.H.
PRELIMINARY LOCAL CLIMATOLOGICAL DATA (WS FORM: F-6) , PAGE 2
STATION: ONTARIO INTL AIRPORT CA
MONTH: OCTOBER
YEAR: 2020
LATITUDE: 34 2 N
LONGITUDE: 117 37 W
[TEMPERATURE DATA] [PRECIPITATION DATA] SYMBOLS USED IN COLUMN 16
AVERAGE MONTHLY: 74.7 TOTAL FOR MONTH: T 1 = FOG OR MIST
DPTR FM NORMAL: 6.8 DPTR FM NORMAL: -0.64 2 = FOG REDUCING VISIBILITY
HIGHEST: 106 ON 1 GRTST 24HR T ON 26-26 TO 1/4 MILE OR LESS
LOWEST: 46 ON 27 3 = THUNDER
SNOW, ICE PELLETS, HAIL 4 = ICE PELLETS
TOTAL MONTH: 0.0 INCH 5 = HAIL
GRTST 24HR 0.0 6 = FREEZING RAIN OR DRIZZLE
GRTST DEPTH: 0 7 = DUSTSTORM OR SANDSTORM:
VSBY 1/2 MILE OR LESS
8 = SMOKE OR HAZE
[NO. OF DAYS WITH] [WEATHER - DAYS WITH] 9 = BLOWING SNOW
X = TORNADO
MAX 32 OR BELOW: 0 0.01 INCH OR MORE: 0
MAX 90 OR ABOVE: 15 0.10 INCH OR MORE: 0
MIN 32 OR BELOW: 0 0.50 INCH OR MORE: 0
MIN 0 OR BELOW: 0 1.00 INCH OR MORE: 0
[HDD (BASE 65) ]
TOTAL THIS MO. 9 CLEAR (SCALE 0-3) 17
DPTR FM NORMAL -33 PTCLDY (SCALE 4-7) 12
TOTAL FM JUL 1 9 CLOUDY (SCALE 8-10) 2
DPTR FM NORMAL -36
[CDD (BASE 65) ]
TOTAL THIS MO. 317
DPTR FM NORMAL 185 [PRESSURE DATA]
TOTAL FM JAN 1 2448 HIGHEST SLP 30.09 ON 28
DPTR FM NORMAL 765 LOWEST SLP 29.78 ON 2
[REMARKS]
#FINAL-10-20#