000
CXUS52 KMFL 011130
CF6OPF
PRELIMINARY LOCAL CLIMATOLOGICAL DATA (WS FORM: F-6)
STATION: OPA-LOCKA ARPT
MONTH: FEBRUARY
YEAR: 2023
LATITUDE: 25 53 N
LONGITUDE: 80 17 W
TEMPERATURE IN F: :PCPN: SNOW: WIND :SUNSHINE: SKY :PK WND
================================================================================
1 2 3 4 5 6A 6B 7 8 9 10 11 12 13 14 15 16 17 18
12Z AVG MX 2MIN
DY MAX MIN AVG DEP HDD CDD WTR SNW DPTH SPD SPD DIR MIN PSBL S-S WX SPD DR
================================================================================
1 85 65 75 7 0 10 0.00 0.0 0 3.5 13 130 M M 2 1 16 140
2 85 65 75 6 0 10 0.00 M M 4.8 16 150 M M 2 1 24 140
3 85 65 75 6 0 10 0.00 0.0 0 7.0 24 340 M M 2 1 31 330
4 75 63 69 0 0 4 0.07 M M 15.2 28 70 M M 10 18 36 70
5 82 68 75 6 0 10 5.08 0.0 0 7.7 20 270 M M 8 13 30 100
6 81 66 74 5 0 9 0.00 0.0 M 8.1 18 80 M M 6 22 70
7 79 67 73 4 0 8 0.00 0.0 M 9.7 20 110 M M 3 30 80
8 80 67 74 5 0 9 0.00 0.0 0 10.0 20 120 M M 5 23 90
9 83 72 78 9 0 13 0.00 0.0 0 12.9 24 120 M M 5 28 130
10 84 71 78 8 0 13 0.00 0.0 0 10.1 20 140 M M 2 25 160
11 85 68 77 7 0 12 0.00 0.0 0 9.1 22 170 M M 2 27 150
12 78 64 71 1 0 6 M 0.0 0 13.9 24 270 M M 5 31 270
13 74 56 65 -5 0 0 0.00 0.0 0 10.4 21 320 M M 2 27 300
14 77 55 66 -4 0 1 0.00 0.0 0 7.4 17 110 M M 1 8 21 110
15 81 66 74 4 0 9 0.00 0.0 0 11.2 21 120 M M 4 26 120
16 83 70 77 7 0 12 0.00 0.0 0 10.3 20 130 M M 4 24 140
17 83 71 77 7 0 12 0.03 0.0 0 7.0 18 160 M M 6 1 22 160
18 82 69 76 6 0 11 0.00 0.0 0 8.9 18 40 M M 6 1 23 40
19 84 66 75 5 0 10 0.00 0.0 0 5.8 14 140 M M 2 26 110
20 84 68 76 5 0 11 T 0.0 0 6.0 15 160 M M 3 19 150
21 86 66 76 5 0 11 0.00 0.0 0 5.6 15 160 M M 3 19 170
22 85 65 75 4 0 10 0.00 M M 7.0 17 170 M M 1 22 150
23 85 68 77 6 0 12 0.00 M M 7.9 16 130 M M 3 19 130
24 86 67 77 6 0 12 0.00 M M 6.0 18 110 M M 1 24 130
25 85 64 75 4 0 10 0.00 M M 4.1 13 90 M M 1 8 18 90
26 86 65 76 5 0 11 0.00 M M 4.9 15 140 M M 0 18 140
27 85 64 75 4 0 10 0.00 M M 7.4 18 170 M M 1 24 180
28 88 63 76 5 0 11 0.00 M M 7.0 16 260 M M 0 21 250
================================================================================
SM 2316 1844 0 267 5.18 0.0 228.9 M 90
================================================================================
AV 82.7 65.9 8.2 FASTST M M 3 MAX(MPH)
MISC ----> 28 70 36 70
================================================================================
NOTES:
# LAST OF SEVERAL OCCURRENCES
COLUMN 17 PEAK WIND IN M.P.H.
PRELIMINARY LOCAL CLIMATOLOGICAL DATA (WS FORM: F-6) , PAGE 2
STATION: OPA-LOCKA ARPT
MONTH: FEBRUARY
YEAR: 2023
LATITUDE: 25 53 N
LONGITUDE: 80 17 W
[TEMPERATURE DATA] [PRECIPITATION DATA] SYMBOLS USED IN COLUMN 16
AVERAGE MONTHLY: 74.3 TOTAL FOR MONTH: 5.18 1 = FOG OR MIST
DPTR FM NORMAL: 4.3 DPTR FM NORMAL: 2.52 2 = FOG REDUCING VISIBILITY
HIGHEST: 88 ON 28 GRTST 24HR 5.12 ON 4- 5 TO 1/4 MILE OR LESS
LOWEST: 55 ON 14 3 = THUNDER
SNOW, ICE PELLETS, HAIL 4 = ICE PELLETS
TOTAL MONTH: 0.0 INCH 5 = HAIL
GRTST 24HR 0.0 6 = FREEZING RAIN OR DRIZZLE
GRTST DEPTH: 0 7 = DUSTSTORM OR SANDSTORM:
VSBY 1/2 MILE OR LESS
8 = SMOKE OR HAZE
[NO. OF DAYS WITH] [WEATHER - DAYS WITH] 9 = BLOWING SNOW
X = TORNADO
MAX 32 OR BELOW: 0 0.01 INCH OR MORE: 3
MAX 90 OR ABOVE: 0 0.10 INCH OR MORE: 1
MIN 32 OR BELOW: 0 0.50 INCH OR MORE: 1
MIN 0 OR BELOW: 0 1.00 INCH OR MORE: 1
[HDD (BASE 65) ]
TOTAL THIS MO. 0 CLEAR (SCALE 0-3) 17
DPTR FM NORMAL -25 PTCLDY (SCALE 4-7) 10
TOTAL FM JUL 1 78 CLOUDY (SCALE 8-10) 1
DPTR FM NORMAL -35
[CDD (BASE 65) ]
TOTAL THIS MO. 267
DPTR FM NORMAL 102 [PRESSURE DATA]
TOTAL FM JAN 1 473 HIGHEST SLP 30.31 ON 24
DPTR FM NORMAL 170 LOWEST SLP 29.93 ON 12
[REMARKS]
#FINAL-02-23#