000
CXUS52 KMFL 011030
CF6OPF
PRELIMINARY LOCAL CLIMATOLOGICAL DATA (WS FORM: F-6)
STATION: OPA-LOCKA ARPT
MONTH: MARCH
YEAR: 2022
LATITUDE: 25 53 N
LONGITUDE: 80 17 W
TEMPERATURE IN F: :PCPN: SNOW: WIND :SUNSHINE: SKY :PK WND
================================================================================
1 2 3 4 5 6A 6B 7 8 9 10 11 12 13 14 15 16 17 18
12Z AVG MX 2MIN
DY MAX MIN AVG DEP HDD CDD WTR SNW DPTH SPD SPD DIR MIN PSBL S-S WX SPD DR
================================================================================
1 80 65 73 2 0 8 0.00 0.0 0 8.7 16 310 M M 4 1 20 310
2 77 67 72 0 0 7 T 0.0 0 6.0 13 10 M M 8 17 360
3 82 65 74 2 0 9 T M M 7.2 18 80 M M 4 22 100
4 81 64 73 1 0 8 T M M 10.6 23 70 M M 2 29 40
5 82 71 77 5 0 12 T M M 16.9 28 90 M M 4 35 90
6 82 73 78 6 0 13 0.02 M M 15.6 23 90 M M 5 29 90
7 85 74 80 8 0 15 0.25 0.0 0 13.5 24 120 M M 7 1 32 130
8 85 74 80 8 0 15 T 0.0 0 11.1 20 160 M M 4 26 150
9 85 73 79 7 0 14 0.00 0.0 0 11.7 22 160 M M 2 26 150
10 86 73 80 8 0 15 0.25 0.0 0 8.9 21 170 M M 1 13 26 160
11 86 70 78 6 0 13 0.00 0.0 M 10.2 22 170 M M 1 1 26 160
12 90 59 75 3 0 10 0.08 0.0 0 16.4 37 320 M M 4 48 320
13 75 50 63 -9 2 0 0.00 0.0 0 13.3 23 80 M M 2 30 70
14 77 62 70 -2 0 5 T M M 12.1 23 70 M M 6 28 70
15 79 70 75 3 0 10 0.27 M M 10.3 20 100 M M 8 18 25 90
16 85 69 77 5 0 12 T M M 9.2 21 150 M M 3 13 28 150
17 85 72 79 6 0 14 T M M 6.7 17 160 M M 2 20 160
18 86 69 78 5 0 13 0.00 M M 7.3 16 110 M M 1 22 190
19 87 71 79 6 0 14 T M M 7.1 16 140 M M 2 20 140
20 87 70 79 6 0 14 0.14 M M 6.8 17 40 M M 4 3 22 50
21 75 71 73 0 0 8 0.00 0.0 0 9.7 15 60 M M 2 24 60
22 82 71 77 4 0 12 0.00 0.0 0 13.5 23 120 M M 6 30 130
23 87 75 81 8 0 16 T 0.0 0 13.5 22 160 M M 5 27 140
24 89 77 83 10 0 18 0.00 0.0 0 13.4 24 160 M M 3 31 160
25 79 65 72 -1 0 7 0.31 0.0 0 9.0 26 320 M M 6 13 33 320
26 79 59 69 -5 0 4 0.00 M M 8.5 17 310 M M 0 23 310
27 81 60 71 -3 0 6 0.00 0.0 M 9.8 20 360 M M 0 25 350
28 84 61 73 -1 0 8 0.00 0.0 M 6.6 13 140 M M 0 33 330
29 85 63 74 0 0 9 0.00 0.0 M 6.9 15 80 M M 0 18 100
30 84 69 77 3 0 12 0.00 0.0 0 16.1 25 130 M M 3 33 130
31 85 76 81 7 0 16 0.00 0.0 0 17.3 26 140 M M 4 34 130
================================================================================
SM 2572 2108 2 337 1.32 0.0 333.9 M 103
================================================================================
AV 83.0 68.0 10.8 FASTST M M 3 MAX(MPH)
MISC ----> 37 320 48 320
================================================================================
NOTES:
# LAST OF SEVERAL OCCURRENCES
COLUMN 17 PEAK WIND IN M.P.H.
PRELIMINARY LOCAL CLIMATOLOGICAL DATA (WS FORM: F-6) , PAGE 2
STATION: OPA-LOCKA ARPT
MONTH: MARCH
YEAR: 2022
LATITUDE: 25 53 N
LONGITUDE: 80 17 W
[TEMPERATURE DATA] [PRECIPITATION DATA] SYMBOLS USED IN COLUMN 16
AVERAGE MONTHLY: 75.5 TOTAL FOR MONTH: 1.32 1 = FOG OR MIST
DPTR FM NORMAL: 2.9 DPTR FM NORMAL: -1.19 2 = FOG REDUCING VISIBILITY
HIGHEST: 90 ON 12 GRTST 24HR 0.31 ON 25-25 TO 1/4 MILE OR LESS
LOWEST: 50 ON 13 3 = THUNDER
SNOW, ICE PELLETS, HAIL 4 = ICE PELLETS
TOTAL MONTH: 0.0 INCH 5 = HAIL
GRTST 24HR 0.0 6 = FREEZING RAIN OR DRIZZLE
GRTST DEPTH: 0 7 = DUSTSTORM OR SANDSTORM:
VSBY 1/2 MILE OR LESS
8 = SMOKE OR HAZE
[NO. OF DAYS WITH] [WEATHER - DAYS WITH] 9 = BLOWING SNOW
X = TORNADO
MAX 32 OR BELOW: 0 0.01 INCH OR MORE: 7
MAX 90 OR ABOVE: 1 0.10 INCH OR MORE: 5
MIN 32 OR BELOW: 0 0.50 INCH OR MORE: 0
MIN 0 OR BELOW: 0 1.00 INCH OR MORE: 0
[HDD (BASE 65) ]
TOTAL THIS MO. 2 CLEAR (SCALE 0-3) 13
DPTR FM NORMAL -8 PTCLDY (SCALE 4-7) 17
TOTAL FM JUL 1 63 CLOUDY (SCALE 8-10) 1
DPTR FM NORMAL -52
[CDD (BASE 65) ]
TOTAL THIS MO. 337
DPTR FM NORMAL 92 [PRESSURE DATA]
TOTAL FM JAN 1 724 HIGHEST SLP 30.31 ON 14
DPTR FM NORMAL 176 LOWEST SLP 29.89 ON 12
[REMARKS]
#FINAL-03-22#