000
CXUS52 KMFL 011030
CF6OPF
PRELIMINARY LOCAL CLIMATOLOGICAL DATA (WS FORM: F-6)
STATION: OPA-LOCKA ARPT
MONTH: OCTOBER
YEAR: 2021
LATITUDE: 25 53 N
LONGITUDE: 80 17 W
TEMPERATURE IN F: :PCPN: SNOW: WIND :SUNSHINE: SKY :PK WND
================================================================================
1 2 3 4 5 6A 6B 7 8 9 10 11 12 13 14 15 16 17 18
12Z AVG MX 2MIN
DY MAX MIN AVG DEP HDD CDD WTR SNW DPTH SPD SPD DIR MIN PSBL S-S WX SPD DR
================================================================================
1 82 74 78 -4 0 13 0.41 M M 5.5 24 150 M M 3 138 28 150
2 88 74 81 -1 0 16 T 0.0 0 11.6 24 80 M M 2 3 28 80
3 90 76 83 1 0 18 0.02 M M 9.5 18 100 M M 5 23 90
4 87 73 80 -2 0 15 0.07 0.0 0 5.2 14 110 M M 3 3 18 120
5 90 73 82 0 0 17 0.00 0.0 0 5.0 15 130 M M 1 18 110
6 91 75 83 1 0 18 0.00 0.0 0 6.4 14 140 M M 1 18 110
7 91 79 85 4 0 20 0.00 0.0 0 9.0 16 120 M M 2 8 20 120
8 89 74 82 1 0 17 0.44 0.0 0 5.5 18 330 M M 3 138 23 10
9 89 73 81 0 0 16 0.11 0.0 0 4.9 21 300 M M 3 13 24 300
10 89 72 81 0 0 16 0.00 0.0 0 5.4 17 70 M M 2 3 21 70
11 87 72 80 -1 0 15 T M M 3.7 18 160 M M 0 3 24 160
12 89 73 81 0 0 16 0.02 M M 5.5 16 120 M M 2 26 120
13 88 75 82 2 0 17 0.15 0.0 M 5.3 18 340 M M 2 21 350
14 90 76 83 3 0 18 T 0.0 0 5.9 17 70 M M 1 22 70
15 88 75 82 2 0 17 T 0.0 0 5.3 17 60 M M 3 21 70
16 90 73 82 2 0 17 0.00 0.0 0 4.3 14 350 M M 1 19 310
17 91 72 82 2 0 17 T 0.0 0 5.8 14 60 M M 1 18 90
18 86 73 80 0 0 15 0.00 M M 10.3 18 70 M M 1 24 60
19 86 70 78 -1 0 13 T M M 11.5 21 70 M M 4 25 110
20 87 74 81 2 0 16 T M M 11.3 22 80 M M 4 28 60
21 88 75 82 3 0 17 0.00 M M 9.9 20 80 M M 2 26 100
22 81 73 77 -2 0 12 1.18 M M 3.7 14 120 M M 5 138 M M
23 87 73 80 1 0 15 0.00 0.0 0 6.8 16 80 M M 1 25 60
24 88 76 82 4 0 17 T M M 6.1 14 130 M M 2 17 130
25 88 78 83 5 0 18 0.10 M M 8.6 17 240 M M 3 1 23 240
26 90 77 84 6 0 19 0.00 M M 9.3 15 270 M M 3 21 270
27 90 74 82 4 0 17 0.00 M M 7.1 15 240 M M 2 19 270
28 90 75 83 5 0 18 0.28 0.0 0 9.3 26 280 M M 3 138 32 280
29 86 73 80 3 0 15 0.27 M M 11.7 23 250 M M 6 13 30 250
30 82 69 76 -1 0 11 0.01 0.0 0 9.8 23 290 M M 5 29 290
31 84 66 75 -2 0 10 0.00 0.0 0 5.4 15 300 M M 3 21 280
================================================================================
SM 2722 2285 0 496 3.06 0.0 224.6 M 79
================================================================================
AV 87.8 73.7 7.2 FASTST M M 3 MAX(MPH)
MISC ----> 26 280 32 280
================================================================================
NOTES:
# LAST OF SEVERAL OCCURRENCES
COLUMN 17 PEAK WIND IN M.P.H.
PRELIMINARY LOCAL CLIMATOLOGICAL DATA (WS FORM: F-6) , PAGE 2
STATION: OPA-LOCKA ARPT
MONTH: OCTOBER
YEAR: 2021
LATITUDE: 25 53 N
LONGITUDE: 80 17 W
[TEMPERATURE DATA] [PRECIPITATION DATA] SYMBOLS USED IN COLUMN 16
AVERAGE MONTHLY: 80.8 TOTAL FOR MONTH: 3.06 1 = FOG OR MIST
DPTR FM NORMAL: 1.0 DPTR FM NORMAL: -4.72 2 = FOG REDUCING VISIBILITY
HIGHEST: 91 ON 17, 7 GRTST 24HR 1.18 ON 22-22 TO 1/4 MILE OR LESS
LOWEST: 66 ON 31 3 = THUNDER
SNOW, ICE PELLETS, HAIL 4 = ICE PELLETS
TOTAL MONTH: 0.0 INCH 5 = HAIL
GRTST 24HR 0.0 6 = FREEZING RAIN OR DRIZZLE
GRTST DEPTH: 0 7 = DUSTSTORM OR SANDSTORM:
VSBY 1/2 MILE OR LESS
8 = SMOKE OR HAZE
[NO. OF DAYS WITH] [WEATHER - DAYS WITH] 9 = BLOWING SNOW
X = TORNADO
MAX 32 OR BELOW: 0 0.01 INCH OR MORE: 12
MAX 90 OR ABOVE: 10 0.10 INCH OR MORE: 8
MIN 32 OR BELOW: 0 0.50 INCH OR MORE: 1
MIN 0 OR BELOW: 0 1.00 INCH OR MORE: 1
[HDD (BASE 65) ]
TOTAL THIS MO. 0 CLEAR (SCALE 0-3) 23
DPTR FM NORMAL 0 PTCLDY (SCALE 4-7) 8
TOTAL FM JUL 1 0 CLOUDY (SCALE 8-10) 0
DPTR FM NORMAL 0
[CDD (BASE 65) ]
TOTAL THIS MO. 496
DPTR FM NORMAL 39 [PRESSURE DATA]
TOTAL FM JAN 1 4257 HIGHEST SLP 30.18 ON 20
DPTR FM NORMAL 238 LOWEST SLP 29.73 ON 30
[REMARKS]
#FINAL-10-21#