000
CXUS54 KMRX 011502
CF6OQT
PRELIMINARY LOCAL CLIMATOLOGICAL DATA (WS FORM: F-6)
STATION: OAK RIDGE
MONTH: FEBRUARY
YEAR: 2022
LATITUDE: 36 1 N
LONGITUDE: 84 14 W
TEMPERATURE IN F: :PCPN: SNOW: WIND :SUNSHINE: SKY :PK WND
================================================================================
1 2 3 4 5 6A 6B 7 8 9 10 11 12 13 14 15 16 17 18
12Z AVG MX 2MIN
DY MAX MIN AVG DEP HDD CDD WTR SNW DPTH SPD SPD DIR MIN PSBL S-S WX SPD DR
================================================================================
1 61 25 43 3 22 0 0.00 M M 1.4 9 190 M M 0 14 190
2 55 35 45 5 20 0 0.34 M M 0.3 5 270 M M 6 1 7 260
3 57 47 52 12 13 0 1.74 M M 0.7 6 90 M M 10 1 M M
4 50 31 41 0 24 0 0.21 M M 2.4 8 250 M M 10 1 M M
5 38 24 31 -10 34 0 0.00 M M 2.6 7 80 M M 2 M M
6 49 22 36 -5 29 0 0.00 M M 0.8 8 210 M M 0 12 230
7 53 25 39 -2 26 0 0.00 M M 0.7 8 190 M M 0 12 180
8 53 25 39 -2 26 0 0.00 M M 1.2 8 200 M M 0 12 160
9 61 26 44 2 21 0 0.00 M M 2.7 16 200 M M 1 28 200
10 62 32 47 5 18 0 0.00 M M 2.7 14 270 M M 1 25 280
11 69 31 50 8 15 0 0.00 M M 4.8 20 200 M M 3 38 190
12 56 37 47 5 18 0 T M M 2.4 9 280 M M 7 8 17 280
13 44 27 36 -6 29 0 T M M 2.3 9 260 M M 4 1 15 260
14 50 26 38 -5 27 0 0.00 M M 2.6 12 260 M M 1 19 300
15 62 26 44 1 21 0 0.00 M M 1.5 10 190 M M 0 14 190
16 65 31 48 5 17 0 0.00 M M 4.3 20 200 M M 4 34 190
17 68 53 61 17 4 0 0.94 M M 9.2 23 190 M M 7 1 39 180
18 58 27 43 -1 22 0 0.00 M M 5.0 15 260 M M 7 31 250
19 52 22 37 -7 28 0 0.00 M M 2.1 12 330 M M 0 20 360
20 59 23 41 -3 24 0 0.00 M M 1.8 12 200 M M 0 17 200
21 64 31 48 4 17 0 T M M 2.2 13 190 M M 4 20 270
22 66 53 60 15 5 0 2.46 M M 1.9 21 200 M M 10 1 38 220
23 66 42 54 9 11 0 1.15 M M 3.1 10 80 M M 8 1 15 50
24 58 42 50 5 15 0 2.13 M M 1.7 7 190 M M 9 12 11 210
25 61 35 48 2 17 0 0.32 M M 4.3 17 270 M M 9 1 32 250
26 42 34 38 -8 27 0 0.11 M M 2.7 8 10 M M 9 1 14 50
27 50 32 41 -5 24 0 0.36 M M 2.4 9 70 M M 7 1 15 50
28 59 28 44 -2 21 0 0.00 M M 0.9 7 20 M M 3 12 11 350
================================================================================
SM 1588 892 575 0 9.76 M 70.7 M 122
================================================================================
AV 56.7 31.9 2.5 FASTST M M 4 MAX(MPH)
MISC ----> 23 190 39 180
================================================================================
NOTES:
# LAST OF SEVERAL OCCURRENCES
COLUMN 17 PEAK WIND IN M.P.H.
PRELIMINARY LOCAL CLIMATOLOGICAL DATA (WS FORM: F-6) , PAGE 2
STATION: OAK RIDGE
MONTH: FEBRUARY
YEAR: 2022
LATITUDE: 36 1 N
LONGITUDE: 84 14 W
[TEMPERATURE DATA] [PRECIPITATION DATA] SYMBOLS USED IN COLUMN 16
AVERAGE MONTHLY: 44.3 TOTAL FOR MONTH: 9.76 1 = FOG OR MIST
DPTR FM NORMAL: 1.3 DPTR FM NORMAL: 4.17 2 = FOG REDUCING VISIBILITY
HIGHEST: 69 ON 11 GRTST 24HR 3.01 ON 22-23 TO 1/4 MILE OR LESS
LOWEST: 22 ON 19, 6 3 = THUNDER
SNOW, ICE PELLETS, HAIL 4 = ICE PELLETS
TOTAL MONTH: M 5 = HAIL
GRTST 24HR M ON M 6 = FREEZING RAIN OR DRIZZLE
GRTST DEPTH: M ON M 7 = DUSTSTORM OR SANDSTORM:
VSBY 1/2 MILE OR LESS
8 = SMOKE OR HAZE
[NO. OF DAYS WITH] [WEATHER - DAYS WITH] 9 = BLOWING SNOW
X = TORNADO
MAX 32 OR BELOW: 0 0.01 INCH OR MORE: 10
MAX 90 OR ABOVE: 0 0.10 INCH OR MORE: 10
MIN 32 OR BELOW: 19 0.50 INCH OR MORE: 5
MIN 0 OR BELOW: 0 1.00 INCH OR MORE: 4
[HDD (BASE 65) ]
TOTAL THIS MO. 575 CLEAR (SCALE 0-3) 13
DPTR FM NORMAL -41 PTCLDY (SCALE 4-7) 8
TOTAL FM JUL 1 2588 CLOUDY (SCALE 8-10) 7
DPTR FM NORMAL -219
[CDD (BASE 65) ]
TOTAL THIS MO. 0
DPTR FM NORMAL -1 [PRESSURE DATA]
TOTAL FM JAN 1 3 HIGHEST SLP 30.57 ON 15
DPTR FM NORMAL 3 LOWEST SLP 29.62 ON 17
[REMARKS]
#FINAL-02-22#