000
CXUS53 KLOT 010800
CF6ORD
PRELIMINARY LOCAL CLIMATOLOGICAL DATA (WS FORM: F-6)
STATION: CHICAGO-OHARE
MONTH: NOVEMBER
YEAR: 2021
LATITUDE: 41 58 N
LONGITUDE: 87 54 W
TEMPERATURE IN F: :PCPN: SNOW: WIND :SUNSHINE: SKY :PK WND
================================================================================
1 2 3 4 5 6A 6B 7 8 9 10 11 12 13 14 15 16 17 18
12Z AVG MX 2MIN
DY MAX MIN AVG DEP HDD CDD WTR SNW DPTH SPD SPD DIR MIN PSBL S-S WX SPD DR
================================================================================
1 49 35 42 -6 23 0 0.00 0.0 0 8.0 18 260 M M 5 28 270
2 47 32 40 -7 25 0 0.00 0.0 0 8.0 17 270 M M 3 26 270
3 45 29 37 -10 28 0 0.00 0.0 0 5.2 13 320 M M 4 18 290
4 47 29 38 -8 27 0 0.00 0.0 0 4.6 13 220 M M 5 18 230
5 52 34 43 -3 22 0 0.00 0.0 0 7.8 16 200 M M 2 23 200
6 59 36 48 3 17 0 0.00 0.0 0 9.8 18 210 M M 2 26 230
7 65 41 53 8 12 0 0.00 0.0 0 9.9 20 200 M M 5 29 220
8 65 49 57 13 8 0 0.00 0.0 0 7.8 16 210 M M 4 23 190
9 58 42 50 6 15 0 0.00 0.0 0 9.4 18 10 M M 7 18 23 60
10 56 38 47 3 18 0 T 0.0 0 8.7 17 140 M M 7 8 23 130
11 57 41 49 6 16 0 0.44 0.0 0 12.7 25 260 M M 8 18 40 260
12 43 35 39 -4 26 0 0.05 T 0 14.2 24 230 M M 9 1 38 250
13 39 33 36 -6 29 0 0.03 T 0 11.1 20 240 M M 10 1 26 250
14 37 33 35 -7 30 0 0.01 T 0 14.1 24 300 M M 9 1 36 320
15 36 30 33 -8 32 0 0.01 T 0 4.4 15 300 M M 9 23 280
16 56 30 43 2 22 0 0.00 0.0 0 8.9 21 190 M M 9 18 32 200
17 61 40 51 11 14 0 0.13 0.0 0 12.3 22 280 M M 10 1 33 280
18 40 32 36 -4 29 0 T T 0 14.3 24 270 M M 7 37 270
19 40 26 33 -7 32 0 0.00 0.0 0 7.8 15 180 M M 6 23 200
20 50 36 43 4 22 0 0.00 0.0 0 8.1 16 220 M M 8 23 240
21 55 30 43 4 22 0 T 0.0 0 10.4 30 280 M M 6 43 310
22 36 23 30 -8 35 0 0.00 0.0 0 9.2 17 260 M M 2 27 260
23 43 24 34 -4 31 0 0.00 0.0 0 9.4 21 200 M M 3 34 190
24 53 37 45 7 20 0 0.04 0.0 0 13.3 23 200 M M 8 33 200
25 48 23 36 -1 29 0 T 0.0 0 13.3 23 320 M M 10 31 320
26 31 18 25 -12 40 0 0.00 0.0 0 6.5 20 360 M M 6 22 10
27 42 30 36 0 29 0 T 0.0 0 9.5 17 320 M M 8 25 320
28 41 27 34 -2 31 0 0.00 0.0 0 9.3 23 320 M M 2 31 320
29 41 27 34 -2 31 0 T T 0 9.2 22 190 M M 8 4 32 200
30 53 34 44 9 21 0 0.00 0.0 0 7.4 16 300 M M 3 25 290
================================================================================
SM 1445 974 736 0 0.71 T 284.6 M 185
================================================================================
AV 48.2 32.5 9.5 FASTST M M 6 MAX(MPH)
MISC ----> 30 280 43 310
================================================================================
NOTES:
# LAST OF SEVERAL OCCURRENCES
COLUMN 17 PEAK WIND IN M.P.H.
PRELIMINARY LOCAL CLIMATOLOGICAL DATA (WS FORM: F-6) , PAGE 2
STATION: CHICAGO-OHARE
MONTH: NOVEMBER
YEAR: 2021
LATITUDE: 41 58 N
LONGITUDE: 87 54 W
[TEMPERATURE DATA] [PRECIPITATION DATA] SYMBOLS USED IN COLUMN 16
AVERAGE MONTHLY: 40.3 TOTAL FOR MONTH: 0.71 1 = FOG OR MIST
DPTR FM NORMAL: -1.0 DPTR FM NORMAL: -1.71 2 = FOG REDUCING VISIBILITY
HIGHEST: 65 ON 8, 7 GRTST 24HR 0.44 ON 10-11 TO 1/4 MILE OR LESS
LOWEST: 18 ON 26 3 = THUNDER
SNOW, ICE PELLETS, HAIL 4 = ICE PELLETS
TOTAL MONTH: T 5 = HAIL
GRTST 24HR T ON 12-12 6 = FREEZING RAIN OR DRIZZLE
GRTST DEPTH: 0 7 = DUSTSTORM OR SANDSTORM:
VSBY 1/2 MILE OR LESS
8 = SMOKE OR HAZE
[NO. OF DAYS WITH] [WEATHER - DAYS WITH] 9 = BLOWING SNOW
X = TORNADO
MAX 32 OR BELOW: 1 0.01 INCH OR MORE: 7
MAX 90 OR ABOVE: 0 0.10 INCH OR MORE: 2
MIN 32 OR BELOW: 15 0.50 INCH OR MORE: 0
MIN 0 OR BELOW: 0 1.00 INCH OR MORE: 0
[HDD (BASE 65) ]
TOTAL THIS MO. 736 CLEAR (SCALE 0-3) 6
DPTR FM NORMAL 23 PTCLDY (SCALE 4-7) 15
TOTAL FM JUL 1 968 CLOUDY (SCALE 8-10) 9
DPTR FM NORMAL -183
[CDD (BASE 65) ]
TOTAL THIS MO. 0
DPTR FM NORMAL 0 [PRESSURE DATA]
TOTAL FM JAN 1 1316 HIGHEST SLP M ON M
DPTR FM NORMAL 313 LOWEST SLP 29.47 ON 11
[REMARKS]
#FINAL-11-21#