000
CXUS51 KAKQ 011033
CF6ORF
PRELIMINARY LOCAL CLIMATOLOGICAL DATA (WS FORM: F-6)
STATION: NORFOLK VA
MONTH: MAY
YEAR: 2021
LATITUDE: 36 54 N
LONGITUDE: 76 12 W
TEMPERATURE IN F: :PCPN: SNOW: WIND :SUNSHINE: SKY :PK WND
================================================================================
1 2 3 4 5 6A 6B 7 8 9 10 11 12 13 14 15 16 17 18
12Z AVG MX 2MIN
DY MAX MIN AVG DEP HDD CDD WTR SNW DPTH SPD SPD DIR MIN PSBL S-S WX SPD DR
================================================================================
1 70 51 61 -4 4 0 0.00 0.0 0 9.7 22 350 M M 0 37 360
2 86 52 69 4 0 4 0.00 0.0 0 15.0 26 210 M M 0 32 220
3 87 69 78 13 0 13 0.05 0.0 0 13.8 22 220 M M 2 3 28 220
4 93 70 82 17 0 17 0.08 0.0 0 10.9 20 230 M M 1 13 30 290
5 88 65 77 11 0 12 0.00 0.0 0 14.0 26 350 M M 3 35 350
6 66 52 59 -7 6 0 0.00 0.0 0 10.4 24 360 M M 2 30 360
7 68 50 59 -7 6 0 T 0.0 0 5.0 13 310 M M 3 21 280
8 71 46 59 -7 6 0 T 0.0 0 9.2 21 240 M M 1 30 220
9 80 51 66 0 0 1 0.00 0.0 0 11.4 29 200 M M 2 37 200
10 73 57 65 -2 0 0 0.19 0.0 0 12.6 24 220 M M 7 1 30 220
11 70 53 62 -5 3 0 T 0.0 0 6.1 13 30 M M 3 16 30
12 62 47 55 -12 10 0 0.02 0.0 0 9.9 24 10 M M 5 34 20
13 70 45 58 -10 7 0 0.00 0.0 0 5.3 15 40 M M 0 21 40
14 74 48 61 -7 4 0 0.00 0.0 0 4.1 12 20 M M 0 14 20
15 75 49 62 -6 3 0 0.00 0.0 0 4.2 12 110 M M 0 17 120
16 72 49 61 -7 4 0 0.00 0.0 0 4.8 13 30 M M 3 16 30
17 75 58 67 -1 0 2 0.00 0.0 0 6.3 16 60 M M 1 22 60
18 75 55 65 -4 0 0 0.00 0.0 0 5.3 14 30 M M 0 1 21 80
19 83 53 68 -1 0 3 0.00 0.0 0 4.4 12 30 M M 0 1 16 30
20 82 61 72 3 0 7 0.00 0.0 0 7.4 16 110 M M 0 24 120
21 71 57 64 -5 1 0 0.00 0.0 0 7.2 14 40 M M 0 19 110
22 90 55 73 3 0 8 0.00 0.0 0 5.8 12 260 M M 0 1 15 280
23 93 74 84 14 0 19 0.00 0.0 0 6.0 14 240 M M 2 20 340
24 80 64 72 2 0 7 T 0.0 0 11.2 21 80 M M 4 28 70
25 77 64 71 1 0 6 0.00 0.0 0 7.5 13 80 M M 7 19 140
26 97 72 85 14 0 20 0.00 0.0 0 11.8 21 220 M M 2 1 26 220
27 86 74 80 9 0 15 0.00 0.0 0 8.6 16 360 M M 2 3 24 30
28 94 72 83 12 0 18 0.06 0.0 0 10.8 29 200 M M 4 1 35 200
29 83 59 71 -1 0 6 1.64 0.0 0 15.1 26 20 M M 8 1238 32 20
30 61 58 60 -12 5 0 0.22 0.0 0 12.9 25 30 M M 10 18 31 30
31 73 55 64 -8 1 0 0.00 0.0 0 6.4 13 10 M M 1 17 360
================================================================================
SM 2425 1785 60 158 2.26 0.0 273.1 M 73
================================================================================
AV 78.2 57.6 8.8 FASTST M M 2 MAX(MPH)
MISC ----> # 29 200 # 37 360
================================================================================
NOTES:
# LAST OF SEVERAL OCCURRENCES
COLUMN 17 PEAK WIND IN M.P.H.
PRELIMINARY LOCAL CLIMATOLOGICAL DATA (WS FORM: F-6) , PAGE 2
STATION: NORFOLK VA
MONTH: MAY
YEAR: 2021
LATITUDE: 36 54 N
LONGITUDE: 76 12 W
[TEMPERATURE DATA] [PRECIPITATION DATA] SYMBOLS USED IN COLUMN 16
AVERAGE MONTHLY: 67.9 TOTAL FOR MONTH: 2.26 1 = FOG OR MIST
DPTR FM NORMAL: -0.4 DPTR FM NORMAL: -1.52 2 = FOG REDUCING VISIBILITY
HIGHEST: 97 ON 26 GRTST 24HR 1.83 ON 29-30 TO 1/4 MILE OR LESS
LOWEST: 45 ON 13 3 = THUNDER
SNOW, ICE PELLETS, HAIL 4 = ICE PELLETS
TOTAL MONTH: 0.0 INCH 5 = HAIL
GRTST 24HR 0.0 6 = FREEZING RAIN OR DRIZZLE
GRTST DEPTH: 0 7 = DUSTSTORM OR SANDSTORM:
VSBY 1/2 MILE OR LESS
8 = SMOKE OR HAZE
[NO. OF DAYS WITH] [WEATHER - DAYS WITH] 9 = BLOWING SNOW
X = TORNADO
MAX 32 OR BELOW: 0 0.01 INCH OR MORE: 7
MAX 90 OR ABOVE: 5 0.10 INCH OR MORE: 3
MIN 32 OR BELOW: 0 0.50 INCH OR MORE: 1
MIN 0 OR BELOW: 0 1.00 INCH OR MORE: 1
[HDD (BASE 65) ]
TOTAL THIS MO. 60 CLEAR (SCALE 0-3) 23
DPTR FM NORMAL 8 PTCLDY (SCALE 4-7) 7
TOTAL FM JUL 1 2699 CLOUDY (SCALE 8-10) 1
DPTR FM NORMAL -369
[CDD (BASE 65) ]
TOTAL THIS MO. 158
DPTR FM NORMAL 5 [PRESSURE DATA]
TOTAL FM JAN 1 232 HIGHEST SLP 30.53 ON 21
DPTR FM NORMAL 16 LOWEST SLP 29.67 ON 28
[REMARKS]
#FINAL-05-21#