000
CXUS51 KBOX 011020
CF6ORH
PRELIMINARY LOCAL CLIMATOLOGICAL DATA (WS FORM: F-6)
STATION: WORCESTER MA
MONTH: SEPTEMBER
YEAR: 2020
LATITUDE: 42 16 N
LONGITUDE: 71 52 W
TEMPERATURE IN F: :PCPN: SNOW: WIND :SUNSHINE: SKY :PK WND
================================================================================
1 2 3 4 5 6A 6B 7 8 9 10 11 12 13 14 15 16 17 18
12Z AVG MX 2MIN
DY MAX MIN AVG DEP HDD CDD WTR SNW DPTH SPD SPD DIR MIN PSBL S-S WX SPD DR
================================================================================
1 75 57 66 0 0 1 0.00 0.0 M 7.5 15 160 M M 1 18 150
2 70 57 64 -2 1 0 0.47 0.0 M 7.7 17 150 M M 9 128 22 150
3 80 66 73 7 0 8 0.39 0.0 M 6.8 15 220 M M 6 13 19 310
4 78 61 70 5 0 5 0.00 0.0 M 12.5 20 280 M M 1 25 300
5 74 54 64 -1 1 0 0.00 0.0 M 9.2 20 290 M M 1 26 320
6 75 57 66 1 0 1 0.00 0.0 M 6.5 13 270 M M 2 19 240
7 78 62 70 6 0 5 0.00 0.0 M 10.1 21 180 M M 2 1 28 150
8 81 63 72 8 0 7 0.00 0.0 M 7.4 14 250 M M 4 1 17 240
9 79 62 71 7 0 6 0.00 0.0 M 6.2 10 240 M M 3 12 14 220
10 79 67 73 10 0 8 0.72 0.0 M 8.7 17 230 M M 8 128 22 230
11 71 55 63 0 2 0 0.00 0.0 M 6.4 15 320 M M 4 20 320
12 67 50 59 -4 6 0 0.00 0.0 M 6.4 14 110 M M 1 21 100
13 72 50 61 -1 4 0 0.01 0.0 M 9.4 17 190 M M 6 1 23 210
14 72 50 61 -1 4 0 0.00 0.0 M 10.5 20 340 M M 2 30 340
15 62 44 53 -9 12 0 0.00 0.0 M 5.7 13 350 M M 0 17 360
16 70 48 59 -2 6 0 0.00 0.0 M 14.2 22 230 M M 0 28 230
17 72 56 64 3 1 0 0.00 0.0 M 8.4 18 230 M M 1 24 230
18 61 47 54 -7 11 0 0.00 0.0 M 10.5 18 350 M M 4 27 360
19 60 43 52 -8 13 0 0.00 0.0 M 8.9 15 350 M M 0 21 30
20 58 42 50 -10 15 0 0.00 0.0 M 7.5 16 30 M M 1 25 40
21 61 42 52 -7 13 0 0.00 0.0 M 5.9 15 60 M M 0 21 60
22 64 44 54 -5 11 0 0.00 0.0 M 11.7 20 310 M M 0 36 340
23 74 48 61 2 4 0 0.00 0.0 M 12.4 21 300 M M 0 27 320
24 73 56 65 7 0 0 0.00 0.0 M 9.1 13 230 M M 0 17 270
25 78 56 67 9 0 2 0.00 0.0 M 5.1 13 270 M M 1 16 270
26 75 53 64 7 1 0 0.00 0.0 M 7.3 14 220 M M 7 128 17 210
27 76 63 70 13 0 5 T 0.0 M 7.9 16 190 M M 9 1 20 190
28 77 64 71 14 0 6 0.05 0.0 M 10.8 20 190 M M 7 1 24 210
29 74 63 69 13 0 4 T 0.0 M 9.7 17 160 M M 8 25 200
30 72 52 62 6 3 0 0.71 0.0 M 15.6 33 250 M M 6 1 46 240
================================================================================
SM 2158 1632 108 58 2.35 0.0 266.0 M 94
================================================================================
AV 71.9 54.4 8.9 FASTST M M 3 MAX(MPH)
MISC ----> # 33 250 # 46 240
================================================================================
NOTES:
# LAST OF SEVERAL OCCURRENCES
COLUMN 17 PEAK WIND IN M.P.H.
PRELIMINARY LOCAL CLIMATOLOGICAL DATA (WS FORM: F-6) , PAGE 2
STATION: WORCESTER MA
MONTH: SEPTEMBER
YEAR: 2020
LATITUDE: 42 16 N
LONGITUDE: 71 52 W
[TEMPERATURE DATA] [PRECIPITATION DATA] SYMBOLS USED IN COLUMN 16
AVERAGE MONTHLY: 63.2 TOTAL FOR MONTH: 2.35 1 = FOG OR MIST
DPTR FM NORMAL: 2.0 DPTR FM NORMAL: -1.58 2 = FOG REDUCING VISIBILITY
HIGHEST: 81 ON 8 GRTST 24HR 0.72 ON 10-10 TO 1/4 MILE OR LESS
LOWEST: 42 ON 21,20 3 = THUNDER
SNOW, ICE PELLETS, HAIL 4 = ICE PELLETS
TOTAL MONTH: 0.0 INCH 5 = HAIL
GRTST 24HR 0.0 6 = FREEZING RAIN OR DRIZZLE
GRTST DEPTH: M ON M 7 = DUSTSTORM OR SANDSTORM:
VSBY 1/2 MILE OR LESS
8 = SMOKE OR HAZE
[NO. OF DAYS WITH] [WEATHER - DAYS WITH] 9 = BLOWING SNOW
X = TORNADO
MAX 32 OR BELOW: 0 0.01 INCH OR MORE: 6
MAX 90 OR ABOVE: 0 0.10 INCH OR MORE: 4
MIN 32 OR BELOW: 0 0.50 INCH OR MORE: 2
MIN 0 OR BELOW: 0 1.00 INCH OR MORE: 0
[HDD (BASE 65) ]
TOTAL THIS MO. 108 CLEAR (SCALE 0-3) 17
DPTR FM NORMAL -46 PTCLDY (SCALE 4-7) 10
TOTAL FM JUL 1 119 CLOUDY (SCALE 8-10) 3
DPTR FM NORMAL -74
[CDD (BASE 65) ]
TOTAL THIS MO. 58
DPTR FM NORMAL 16 [PRESSURE DATA]
TOTAL FM JAN 1 775 HIGHEST SLP 30.61 ON 21
DPTR FM NORMAL 307 LOWEST SLP 29.42 ON 30
[REMARKS]
#FINAL-09-20#