000
CXUS51 KBOX 011151
CLMORH
CLIMATE REPORT
NATIONAL WEATHER SERVICE BOSTON/NORTON MA
751 AM EDT SAT APR 01 2023
...................................
...THE WORCESTER MA CLIMATE SUMMARY FOR THE MONTH OF MARCH 2023...
CLIMATE NORMAL PERIOD 1991 TO 2020
CLIMATE RECORD PERIOD 1892 TO 2023
WEATHER OBSERVED NORMAL DEPART LAST YEAR`S
VALUE DATE(S) VALUE FROM VALUE
NORMAL
..............................................................
TEMPERATURE (F)
RECORD
HIGH 84 03/31/1998
03/29/1946
03/29/1945
LOW -6 03/04/1950
03/09/1943
HIGHEST 61 03/22 70
LOWEST 23 03/01 9
03/20
AVG. MAXIMUM 45.3 43.0 2.3
AVG. MINIMUM 30.5 26.0 4.5
MEAN 37.9 34.5 3.4
DAYS MAX >= 90 0 0.0 0.0
DAYS MAX <= 32 0 4.9 -4.9
DAYS MIN <= 32 24 23.5 0.5
DAYS MIN <= 0 0 0.1 -0.1
PRECIPITATION (INCHES)
RECORD
MAXIMUM 11.13 1936
MINIMUM 0.04 1915
TOTALS 4.33 4.19 0.14
DAILY AVG. 0.14 0.14 0.00
DAYS >= .01 12 12.4 -0.4
DAYS >= .10 8 7.1 0.9
DAYS >= .50 4 2.9 1.1
DAYS >= 1.00 1 1.1 -0.1
GREATEST
24 HR. TOTAL 2.08 03/13 TO 03/14
SNOWFALL (INCHES)
RECORDS
MAXIMUM 44.1 1993
MINIMUM T MULTI-YEARS
TOTALS 19.7 13.7 6.0
LIQUID EQUIV 2.00
SINCE 7/1 47.2 71.0 -23.8
DAYS >= TRACE 11 4.9 6.1
DAYS >= 1.0 5 2.7 2.3
GREATEST
24 HR TOTAL 12.2 03/14 TO 03/14
DEGREE DAYS
HEATING TOTAL 830 946 -116
SINCE 7/1 4700 5696 -996
COOLING TOTAL 0 0 0
SINCE 1/1 0 0 0
..............................................................
WIND (MPH)
AVERAGE WIND SPEED 11.1
RESULTANT WIND SPEED/DIRECTION 6/310
HIGHEST WIND SPEED/DIRECTION 33/310 DATE 03/06
33/250 03/19
HIGHEST GUST SPEED/DIRECTION 44/300 DATE 03/14
44/320 03/15
SKY COVER
POSSIBLE SUNSHINE (PERCENT) MM
AVERAGE SKY COVER 0.45
NUMBER OF DAYS FAIR 14
NUMBER OF DAYS PC 10
NUMBER OF DAYS CLOUDY 7
AVERAGE RH (PERCENT) 61
WEATHER CONDITIONS. NUMBER OF DAYS WITH
THUNDERSTORM 0 MIXED PRECIP 0
HEAVY RAIN 0 RAIN 5
LIGHT RAIN 11 FREEZING RAIN 1
LT FREEZING RAIN 2 HAIL 0
HEAVY SNOW 1 SNOW 3
LIGHT SNOW 12 SLEET 0
FOG 15 FOG W/VIS <= 1/4 MILE 6
HAZE 1
- INDICATES NEGATIVE NUMBERS.
R INDICATES RECORD WAS SET OR TIED.
MM INDICATES DATA IS MISSING.
T INDICATES TRACE AMOUNT.
$$