000
CXUS51 KBOX 010909
CLMORH
CLIMATE REPORT
NATIONAL WEATHER SERVICE BOSTON/NORTON MA
409 AM EST FRI DEC 01 2023
...................................
...THE WORCESTER MA CLIMATE SUMMARY FOR THE MONTH OF NOVEMBER 2023...
CLIMATE NORMAL PERIOD 1991 TO 2020
CLIMATE RECORD PERIOD 1892 TO 2023
WEATHER OBSERVED NORMAL DEPART LAST YEAR`S
VALUE DATE(S) VALUE FROM VALUE
NORMAL
..............................................................
TEMPERATURE (F)
RECORD
HIGH 79 11/02/1950
LOW 3 11/26/1938
HIGHEST 64 11/07 73
LOWEST 20 11/25 19
AVG. MAXIMUM 46.5 47.9 -1.4
AVG. MINIMUM 31.2 32.5 -1.3
MEAN 38.8 40.2 -1.4
DAYS MAX >= 90 0 0.0 0.0
DAYS MAX <= 32 1 1.7 -0.7
DAYS MIN <= 32 19 14.9 4.1
DAYS MIN <= 0 0 0.0 0.0
PRECIPITATION (INCHES)
RECORD
MAXIMUM 10.40 1972
MINIMUM 0.56 1922
TOTALS 1.47 4.00 -2.53
DAILY AVG. 0.05 0.13 -0.08
DAYS >= .01 9 10.8 -1.8
DAYS >= .10 3 6.7 -3.7
DAYS >= .50 1 2.7 -1.7
DAYS >= 1.00 0 1.1 -1.1
GREATEST
24 HR. TOTAL 0.96 11/21 TO 11/22
SNOWFALL (INCHES)
RECORDS
MAXIMUM 20.7 1971
MINIMUM 0.0 MULTI-YEARS
TOTALS 3.0 1.9 1.1
LIQUID EQUIV 0.30
SINCE 7/1 3.0 3.0 0.0
DAYS >= TRACE 5 1.0 4.0
DAYS >= 1.0 1 0.5 0.5
GREATEST
24 HR TOTAL 2.0 11/21 TO 11/21
DEGREE DAYS
HEATING TOTAL 776 744 32
SINCE 7/1 1174 1366 -192
COOLING TOTAL 0 0 0
SINCE 1/1 644 501 143
..............................................................
WIND (MPH)
AVERAGE WIND SPEED 9.7
RESULTANT WIND SPEED/DIRECTION 6/280
HIGHEST WIND SPEED/DIRECTION 31/280 DATE 11/28
HIGHEST GUST SPEED/DIRECTION 45/280 DATE 11/28
SKY COVER
POSSIBLE SUNSHINE (PERCENT) MM
AVERAGE SKY COVER 0.33
NUMBER OF DAYS FAIR 19
NUMBER OF DAYS PC 9
NUMBER OF DAYS CLOUDY 2
AVERAGE RH (PERCENT) 65
WEATHER CONDITIONS. NUMBER OF DAYS WITH
THUNDERSTORM 0 MIXED PRECIP 0
HEAVY RAIN 0 RAIN 2
LIGHT RAIN 8 FREEZING RAIN 1
LT FREEZING RAIN 1 HAIL 0
HEAVY SNOW 0 SNOW 2
LIGHT SNOW 5 SLEET 0
FOG 11 FOG W/VIS <= 1/4 MILE 7
HAZE 0
- INDICATES NEGATIVE NUMBERS.
R INDICATES RECORD WAS SET OR TIED.
MM INDICATES DATA IS MISSING.
T INDICATES TRACE AMOUNT.
$$