000
CXUS51 KBOX 051228
CLMORH
CLIMATE REPORT
NATIONAL WEATHER SERVICE BOSTON/NORTON MA
828 AM EDT WED JUL 05 2023
...................................
...THE WORCESTER MA CLIMATE SUMMARY FOR THE MONTH OF JUNE 2023...
CLIMATE NORMAL PERIOD 1991 TO 2020
CLIMATE RECORD PERIOD 1892 TO 2023
WEATHER OBSERVED NORMAL DEPART LAST YEAR`S
VALUE DATE(S) VALUE FROM VALUE
NORMAL
..............................................................
TEMPERATURE (F)
RECORD
HIGH 98 06/26/1952
LOW 33 06/17/1926
HIGHEST 89 06/02 88
LOWEST 45 06/03 48
06/04
AVG. MAXIMUM 73.2 74.5 -1.3
AVG. MINIMUM 56.5 55.9 0.6
MEAN 64.9 65.2 -0.3
DAYS MAX >= 90 0 0.4 -0.4
DAYS MAX <= 32 0 0.0 0.0
DAYS MIN <= 32 0 0.0 0.0
DAYS MIN <= 0 0 0.0 0.0
PRECIPITATION (INCHES)
RECORD
MAXIMUM 12.17 1982
MINIMUM 0.32 1999
TOTALS 4.73 4.22 0.51
DAILY AVG. 0.16 0.14 0.02
DAYS >= .01 16 11.8 4.2
DAYS >= .10 9 7.6 1.4
DAYS >= .50 4 2.8 1.2
DAYS >= 1.00 1 0.9 0.1
GREATEST
24 HR. TOTAL 1.38 06/17 TO 06/17
SNOWFALL (INCHES)
RECORDS
TOTAL 0.0 MM
TOTALS 0.0 0.0 0.0
LIQUID EQUIV 0.00
SINCE 7/1 47.2 72.9 -25.7
DAYS >= TRACE 0 0.0 0.0
DAYS >= 1.0 0 0.0 0.0
GREATEST
24 HR TOTAL MM
DEGREE DAYS
HEATING TOTAL 83 78 5
SINCE 7/1 5445 6623 -1178
COOLING TOTAL 84 84 0
SINCE 1/1 115 108 7
..............................................................
WIND (MPH)
AVERAGE WIND SPEED 7.6
RESULTANT WIND SPEED/DIRECTION 2/270
HIGHEST WIND SPEED/DIRECTION 23/210 DATE 06/14
HIGHEST GUST SPEED/DIRECTION 33/220 DATE 06/14
SKY COVER
POSSIBLE SUNSHINE (PERCENT) MM
AVERAGE SKY COVER 0.62
NUMBER OF DAYS FAIR 4
NUMBER OF DAYS PC 15
NUMBER OF DAYS CLOUDY 11
AVERAGE RH (PERCENT) 73
WEATHER CONDITIONS. NUMBER OF DAYS WITH
THUNDERSTORM 9 MIXED PRECIP 0
HEAVY RAIN 6 RAIN 9
LIGHT RAIN 22 FREEZING RAIN 0
LT FREEZING RAIN 0 HAIL 0
HEAVY SNOW 0 SNOW 0
LIGHT SNOW 0 SLEET 0
FOG 17 FOG W/VIS <= 1/4 MILE 7
HAZE 5
- INDICATES NEGATIVE NUMBERS.
R INDICATES RECORD WAS SET OR TIED.
MM INDICATES DATA IS MISSING.
T INDICATES TRACE AMOUNT.
$$