000
CXAK56 PAFG 010959
CF6OTZ
PRELIMINARY LOCAL CLIMATOLOGICAL DATA (WS FORM: F-6)
STATION: KOTZEBUE AK
MONTH: JULY
YEAR: 2021
LATITUDE: 66 52 N
LONGITUDE: 162 38 W
TEMPERATURE IN F: :PCPN: SNOW: WIND :SUNSHINE: SKY :PK WND
================================================================================
1 2 3 4 5 6A 6B 7 8 9 10 11 12 13 14 15 16 17 18
12Z AVG MX 2MIN
DY MAX MIN AVG DEP HDD CDD WTR SNW DPTH SPD SPD DIR MIN PSBL S-S WX SPD DR
================================================================================
1 68 49 59 3 6 0 0.02 M M 9.4 20 80 M M 8 8 23 70
2 67 53 60 4 5 0 0.10 M M 9.9 17 80 M M 8 1 22 80
3 58 52 55 -1 10 0 0.00 M M 13.3 23 170 M M 6 26 170
4 54 49 52 -4 13 0 0.03 M M 15.5 24 160 M M 9 30 160
5 56 48 52 -5 13 0 0.22 M M 11.5 18 100 M M 10 1 22 100
6 54 46 50 -7 15 0 1.52 M M 13.2 22 290 M M 10 1 26 280
7 50 44 47 -10 18 0 0.44 M M 13.1 25 290 M M 10 18 30 280
8 49 42 46 -11 19 0 0.23 M M 9.2 20 250 M M 10 18 23 230
9 58 47 53 -4 12 0 0.07 M M 8.5 14 110 M M 8 1 M M
10 56 48 52 -5 13 0 0.15 M M 8.0 13 170 M M 5 M M
11 54 47 51 -6 14 0 T M M 7.7 14 260 M M 8 1 M M
12 61 49 55 -2 10 0 0.00 M M 6.4 12 210 M M 0 14 210
13 59 54 57 0 8 0 T M M 8.4 21 290 M M 0 23 300
14 56 48 52 -5 13 0 T M M 13.5 21 290 M M 1 24 290
15 60 53 57 0 8 0 0.00 M M 7.5 13 250 M M 1 8 15 250
16 56 49 53 -4 12 0 0.03 M M 7.5 17 270 M M 7 18 20 270
17 55 50 53 -4 12 0 0.12 M M 14.8 25 240 M M 10 1 30 240
18 65 51 58 1 7 0 T M M 7.8 14 240 M M 7 8 16 210
19 72 54 63 6 2 0 0.20 M M 10.6 22 130 M M 2 18 25 120
20 65 55 60 3 5 0 0.19 M M 16.1 29 160 M M 9 1 35 150
21 58 48 53 -4 12 0 T M M 10.7 22 200 M M 9 27 170
22 53 48 51 -6 14 0 T M M 10.4 18 290 M M 9 22 290
23 51 46 49 -7 16 0 T M M 8.6 17 250 M M 10 18 21 240
24 56 48 52 -4 13 0 0.09 M M 11.0 20 240 M M 10 1 24 240
25 57 50 54 -2 11 0 0.18 M M 11.8 20 190 M M 9 1 24 190
26 55 50 53 -3 12 0 0.14 M M 10.1 20 140 M M 10 1 23 150
27 54 51 53 -3 12 0 0.47 M M 15.3 21 150 M M 10 1 24 170
28 55 52 54 -2 11 0 0.68 M M 23.1 29 140 M M 10 1 37 140
29 55 51 53 -3 12 0 0.06 M M 10.7 22 160 M M 9 1 25 150
30 56 49 53 -3 12 0 0.09 M M 9.8 18 170 M M 9 1 22 170
31 57 48 53 -3 12 0 0.29 M M 17.9 31 150 M M 9 1 38 150
================================================================================
SM 1780 1529 352 0 5.32 M 351.3 M 233
================================================================================
AV 57.4 49.3 11.3 FASTST M M 8 MAX(MPH)
MISC ----> 31 150 38 150
================================================================================
NOTES:
# LAST OF SEVERAL OCCURRENCES
COLUMN 17 PEAK WIND IN M.P.H.
PRELIMINARY LOCAL CLIMATOLOGICAL DATA (WS FORM: F-6) , PAGE 2
STATION: KOTZEBUE AK
MONTH: JULY
YEAR: 2021
LATITUDE: 66 52 N
LONGITUDE: 162 38 W
[TEMPERATURE DATA] [PRECIPITATION DATA] SYMBOLS USED IN COLUMN 16
AVERAGE MONTHLY: 53.4 TOTAL FOR MONTH: 5.32 1 = FOG OR MIST
DPTR FM NORMAL: -3.2 DPTR FM NORMAL: 3.72 2 = FOG REDUCING VISIBILITY
HIGHEST: 72 ON 19 GRTST 24HR 1.80 ON 6- 7 TO 1/4 MILE OR LESS
LOWEST: 42 ON 8 3 = THUNDER
SNOW, ICE PELLETS, HAIL 4 = ICE PELLETS
TOTAL MONTH: M 5 = HAIL
GRTST 24HR M ON M 6 = FREEZING RAIN OR DRIZZLE
GRTST DEPTH: M ON M 7 = DUSTSTORM OR SANDSTORM:
VSBY 1/2 MILE OR LESS
8 = SMOKE OR HAZE
[NO. OF DAYS WITH] [WEATHER - DAYS WITH] 9 = BLOWING SNOW
X = TORNADO
MAX 32 OR BELOW: 0 0.01 INCH OR MORE: 21
MAX 90 OR ABOVE: 0 0.10 INCH OR MORE: 14
MIN 32 OR BELOW: 0 0.50 INCH OR MORE: 2
MIN 0 OR BELOW: 0 1.00 INCH OR MORE: 1
[HDD (BASE 65) ]
TOTAL THIS MO. 352 CLEAR (SCALE 0-3) 5
DPTR FM NORMAL 86 PTCLDY (SCALE 4-7) 6
TOTAL FM JUL 1 352 CLOUDY (SCALE 8-10) 20
DPTR FM NORMAL 88
[CDD (BASE 65) ]
TOTAL THIS MO. 0
DPTR FM NORMAL -5 [PRESSURE DATA]
TOTAL FM JAN 1 0 HIGHEST SLP M ON M
DPTR FM NORMAL -7 LOWEST SLP 29.37 ON 31
[REMARKS]
#FINAL-07-21#