000
CXAK56 PAFG 012108
CF6OTZ
PRELIMINARY LOCAL CLIMATOLOGICAL DATA (WS FORM: F-6)
STATION: KOTZEBUE AK
MONTH: MAY
YEAR: 2021
LATITUDE: 66 52 N
LONGITUDE: 162 38 W
TEMPERATURE IN F: :PCPN: SNOW: WIND :SUNSHINE: SKY :PK WND
================================================================================
1 2 3 4 5 6A 6B 7 8 9 10 11 12 13 14 15 16 17 18
12Z AVG MX 2MIN
DY MAX MIN AVG DEP HDD CDD WTR SNW DPTH SPD SPD DIR MIN PSBL S-S WX SPD DR
================================================================================
1 18 7 13 -15 52 0 T M M 3.8 9 210 M M 7 18 11 170
2 40 7 24 -5 41 0 0.00 M M 8.9 16 90 M M 0 19 90
3 28 14 21 -8 44 0 0.00 M M 7.3 15 280 M M 0 17 280
4 27 9 18 -12 47 0 0.00 M M 4.8 9 280 M M 0 11 280
5 34 11 23 -7 42 0 0.00 M M 2.5 7 80 M M 0 1 9 320
6 39 23 31 0 34 0 0.00 M M 5.7 10 60 M M 1 12 70
7 36 24 30 -1 35 0 0.00 M M 3.7 12 60 M M 1 8 14 60
8 37 29 33 1 32 0 0.00 M M 5.0 14 70 M M 5 17 70
9 42 31 37 5 28 0 T M M 5.0 10 190 M M 7 12 200
10 48 32 40 8 25 0 0.00 M M 3.9 10 90 M M 5 12 110
11 46 33 40 7 25 0 0.00 M M 5.3 10 270 M M 5 18 11 270
12 37 29 33 0 32 0 0.00 M M 3.6 8 210 M M 1 1 9 240
13 39 30 35 2 30 0 0.01 M M 3.0 9 80 M M 5 11 230
14 46 31 39 5 26 0 0.00 M M 4.5 13 300 M M 0 8 15 300
15 40 29 35 1 30 0 0.00 M M 8.9 18 360 M M 0 8 22 360
16 39 28 34 0 31 0 0.00 M M 8.7 15 330 M M 3 19 360
17 33 27 30 -5 35 0 0.00 M M 8.5 16 270 M M 4 18 270
18 31 24 28 -7 37 0 0.00 M M 7.3 14 280 M M 7 12 17 280
19 34 21 28 -8 37 0 T M M 7.6 13 290 M M 6 12 14 280
20 53 27 40 4 25 0 0.00 M M 4.0 15 100 M M 0 8 19 130
21 46 33 40 4 25 0 0.10 M M 12.3 26 150 M M 10 1 29 150
22 33 29 31 -6 34 0 0.01 M M 11.3 16 270 M M 10 1 20 260
23 32 26 29 -8 36 0 T M M 6.1 12 270 M M 5 1 13 270
24 53 29 41 4 24 0 0.00 M M 7.1 13 300 M M 0 16 300
25 47 35 41 3 24 0 0.00 M M 5.5 12 60 M M 0 8 13 60
26 59 35 47 9 18 0 0.00 M M 9.2 16 360 M M 0 8 22 360
27 54 35 45 6 20 0 0.00 M M 9.6 20 50 M M 0 25 60
28 50 33 42 3 23 0 0.00 M M 10.6 20 70 M M 0 24 70
29 51 34 43 3 22 0 0.00 M M 8.2 16 50 M M 0 8 19 40
30 49 36 43 3 22 0 0.00 M M 7.9 13 270 M M 0 8 16 280
31 50 30 40 0 25 0 0.00 M M 6.4 18 80 M M 0 18 22 70
================================================================================
SM 1271 821 961 0 0.12 M 206.2 M 82
================================================================================
AV 41.0 26.5 6.7 FASTST M M 3 MAX(MPH)
MISC ----> 26 150 29 150
================================================================================
NOTES:
# LAST OF SEVERAL OCCURRENCES
COLUMN 17 PEAK WIND IN M.P.H.
PRELIMINARY LOCAL CLIMATOLOGICAL DATA (WS FORM: F-6) , PAGE 2
STATION: KOTZEBUE AK
MONTH: MAY
YEAR: 2021
LATITUDE: 66 52 N
LONGITUDE: 162 38 W
[TEMPERATURE DATA] [PRECIPITATION DATA] SYMBOLS USED IN COLUMN 16
AVERAGE MONTHLY: 33.7 TOTAL FOR MONTH: 0.12 1 = FOG OR MIST
DPTR FM NORMAL: -0.7 DPTR FM NORMAL: -0.32 2 = FOG REDUCING VISIBILITY
HIGHEST: 59 ON 26 GRTST 24HR 0.10 ON 21-21 TO 1/4 MILE OR LESS
LOWEST: 7 ON 2, 1 3 = THUNDER
SNOW, ICE PELLETS, HAIL 4 = ICE PELLETS
TOTAL MONTH: M 5 = HAIL
GRTST 24HR M ON M 6 = FREEZING RAIN OR DRIZZLE
GRTST DEPTH: M ON M 7 = DUSTSTORM OR SANDSTORM:
VSBY 1/2 MILE OR LESS
8 = SMOKE OR HAZE
[NO. OF DAYS WITH] [WEATHER - DAYS WITH] 9 = BLOWING SNOW
X = TORNADO
MAX 32 OR BELOW: 5 0.01 INCH OR MORE: 3
MAX 90 OR ABOVE: 0 0.10 INCH OR MORE: 1
MIN 32 OR BELOW: 23 0.50 INCH OR MORE: 0
MIN 0 OR BELOW: 0 1.00 INCH OR MORE: 0
[HDD (BASE 65) ]
TOTAL THIS MO. 961 CLEAR (SCALE 0-3) 19
DPTR FM NORMAL 12 PTCLDY (SCALE 4-7) 10
TOTAL FM JUL 1 14436 CLOUDY (SCALE 8-10) 2
DPTR FM NORMAL 470
[CDD (BASE 65) ]
TOTAL THIS MO. 0
DPTR FM NORMAL 0 [PRESSURE DATA]
TOTAL FM JAN 1 0 HIGHEST SLP 30.36 ON 24
DPTR FM NORMAL 0 LOWEST SLP 29.45 ON 21
[REMARKS]
#FINAL-05-21#