000
CXUS53 KPAH 010800
CF6OWB
PRELIMINARY LOCAL CLIMATOLOGICAL DATA (WS FORM: F-6)
STATION: OWENSBORO KY
MONTH: FEBRUARY
YEAR: 2022
LATITUDE: 37 45 N
LONGITUDE: 87 10 W
TEMPERATURE IN F: :PCPN: SNOW: WIND :SUNSHINE: SKY :PK WND
================================================================================
1 2 3 4 5 6A 6B 7 8 9 10 11 12 13 14 15 16 17 18
12Z AVG MX 2MIN
DY MAX MIN AVG DEP HDD CDD WTR SNW DPTH SPD SPD DIR MIN PSBL S-S WX SPD DR
================================================================================
1 65 33 49 12 16 0 0.00 M M 10.4 23 200 M M 1 28 200
2 54 31 43 6 22 0 0.99 M M 12.7 23 180 M M 10 1 28 170
3 32 24 28 -9 37 0 0.98 M M 11.3 20 360 M M 10 146 24 360
4 27 17 22 -16 43 0 0.02 M M 9.2 16 320 M M 8 1 22 30
5 29 12 21 -17 44 0 0.00 M M 4.1 10 340 M M 0 14 340
6 40 17 29 -9 36 0 0.00 M M 4.6 10 170 M M 0 13 180
7 36 22 29 -9 36 0 0.00 M M 5.3 16 330 M M 1 20 330
8 55 25 40 2 25 0 0.00 M M 8.6 16 210 M M 1 20 220
9 57 37 47 8 18 0 0.00 M M 9.0 20 280 M M 3 23 290
10 51 31 41 2 24 0 0.00 M M 7.5 20 290 M M 1 23 290
11 62 34 48 9 17 0 0.04 M M 11.0 29 220 M M 6 36 210
12 41 22 32 -7 33 0 T M M 12.3 22 320 M M 10 24 320
13 36 16 26 -14 39 0 T M M 7.2 17 350 M M 5 22 350
14 39 18 29 -11 36 0 0.00 M M 3.2 9 130 M M 2 14 150
15 65 23 44 4 21 0 0.00 M M 7.9 17 170 M M 0 21 170
16 66 47 57 17 8 0 0.00 M M 15.8 28 200 M M 5 35 210
17 63 28 46 5 19 0 1.98 M M 17.0 32 320 M M 9 1 41 310
18 37 22 30 -11 35 0 0.00 M M 9.1 24 320 M M 4 26 320
19 35 24 30 -11 35 0 0.00 M M 7.7 23 330 M M 0 28 320
20 62 24 43 2 22 0 0.00 M M 10.5 29 220 M M 0 33 220
21 67 39 53 11 12 0 0.04 M M 13.7 23 170 M M 5 3 29 170
22 62 37 50 8 15 0 0.99 M M 16.4 28 190 M M 10 13 32 200
23 37 27 32 -10 33 0 0.05 M M 10.3 21 330 M M 10 1 23 320
24 37 29 33 -9 32 0 0.95 M M 7.9 16 290 M M 10 136 21 280
25 34 28 31 -12 34 0 T M M 10.9 22 300 M M 10 18 25 290
26 38 26 32 -11 33 0 0.00 M M 4.4 9 60 M M 2 12 50
27 48 24 36 -7 29 0 0.00 M M 4.4 14 310 M M 1 16 310
28 57 25 41 -3 24 0 0.00 M M 5.0 13 220 M M 0 16 220
================================================================================
SM 1332 742 778 0 6.04 M 257.4 M 124
================================================================================
AV 47.6 26.5 9.2 FASTST M M 4 MAX(MPH)
MISC ----> 32 320 41 310
================================================================================
NOTES:
# LAST OF SEVERAL OCCURRENCES
COLUMN 17 PEAK WIND IN M.P.H.
PRELIMINARY LOCAL CLIMATOLOGICAL DATA (WS FORM: F-6) , PAGE 2
STATION: OWENSBORO KY
MONTH: FEBRUARY
YEAR: 2022
LATITUDE: 37 45 N
LONGITUDE: 87 10 W
[TEMPERATURE DATA] [PRECIPITATION DATA] SYMBOLS USED IN COLUMN 16
AVERAGE MONTHLY: 37.0 TOTAL FOR MONTH: 6.04 1 = FOG OR MIST
DPTR FM NORMAL: -3.1 DPTR FM NORMAL: 1.93 2 = FOG REDUCING VISIBILITY
HIGHEST: 67 ON 21 GRTST 24HR 1.98 ON 17-17 TO 1/4 MILE OR LESS
LOWEST: 12 ON 5 3 = THUNDER
SNOW, ICE PELLETS, HAIL 4 = ICE PELLETS
TOTAL MONTH: M 5 = HAIL
GRTST 24HR M ON M 6 = FREEZING RAIN OR DRIZZLE
GRTST DEPTH: M ON M 7 = DUSTSTORM OR SANDSTORM:
VSBY 1/2 MILE OR LESS
8 = SMOKE OR HAZE
[NO. OF DAYS WITH] [WEATHER - DAYS WITH] 9 = BLOWING SNOW
X = TORNADO
MAX 32 OR BELOW: 3 0.01 INCH OR MORE: 9
MAX 90 OR ABOVE: 0 0.10 INCH OR MORE: 5
MIN 32 OR BELOW: 22 0.50 INCH OR MORE: 5
MIN 0 OR BELOW: 0 1.00 INCH OR MORE: 1
[HDD (BASE 65) ]
TOTAL THIS MO. 778 CLEAR (SCALE 0-3) 13
DPTR FM NORMAL 81 PTCLDY (SCALE 4-7) 7
TOTAL FM JUL 1 3148 CLOUDY (SCALE 8-10) 8
DPTR FM NORMAL 59
[CDD (BASE 65) ]
TOTAL THIS MO. 0
DPTR FM NORMAL 0 [PRESSURE DATA]
TOTAL FM JAN 1 0 HIGHEST SLP 30.62 ON 25
DPTR FM NORMAL 0 LOWEST SLP 29.48 ON 17
[REMARKS]
#FINAL-02-22#