000
CXUS53 KDDC 011546
CF6P28
PRELIMINARY LOCAL CLIMATOLOGICAL DATA (WS FORM: F-6)
STATION: MEDICINE LODGE KS
MONTH: MAY
YEAR: 2020
LATITUDE: 37 17 N
LONGITUDE: 98 35 W
TEMPERATURE IN F: :PCPN: SNOW: WIND :SUNSHINE: SKY :PK WND
================================================================================
1 2 3 4 5 6A 6B 7 8 9 10 11 12 13 14 15 16 17 18
12Z AVG MX 2MIN
DY MAX MIN AVG DEP HDD CDD WTR SNW DPTH SPD SPD DIR MIN PSBL S-S WX SPD DR
================================================================================
1 90 55 73 11 0 8 0.00 0.0 0 7.1 16 170 M M 0 23 210
2 85 54 70 8 0 5 0.00 0.0 0 9.3 21 50 M M 0 30 50
3 79 58 69 7 0 4 0.00 0.0 0 12.3 28 10 M M 0 42 10
4 79 60 70 7 0 5 0.02 0.0 0 10.8 29 10 M M 0 37 10
5 78 47 63 0 2 0 0.00 0.0 0 8.9 26 360 M M 0 37 360
6 74 44 59 -4 6 0 0.00 0.0 0 5.7 15 10 M M 0 19 40
7 72 51 62 -2 3 0 0.04 0.0 0 10.8 23 170 M M 0 34 180
8 65 40 53 -11 12 0 0.00 0.0 0 14.5 32 10 M M 0 46 10
9 68 31 50 -15 15 0 0.00 0.0 0 5.8 14 200 M M 0 22 160
10 64 44 54 -11 11 0 0.00 0.0 0 10.8 24 20 M M 0 35 20
11 52 40 46 -19 19 0 0.64 0.0 0 10.3 17 80 M M 0 25 80
12 49 41 45 -21 20 0 0.12 0.0 0 7.9 14 60 M M 0 19 60
13 73 48 61 -5 4 0 0.10 0.0 0 8.1 21 140 M M 0 36 160
14 87 61 74 8 0 9 0.00 0.0 0 9.7 21 190 M M 0 29 210
15 78 62 70 3 0 5 0.00 0.0 0 11.1 25 40 M M 0 38 20
16 78 58 68 1 0 3 0.00 0.0 0 4.0 12 90 M M 0 16 100
17 78 53 66 -1 0 1 0.00 0.0 0 10.0 22 330 M M 0 32 360
18 80 47 64 -4 1 0 0.00 0.0 0 5.0 13 60 M M 0 20 10
19 78 52 65 -3 0 0 0.00 0.0 0 6.5 16 60 M M 0 19 70
20 79 51 65 -3 0 0 0.00 0.0 0 8.5 15 120 M M 0 27 110
21 76 61 69 0 0 4 0.17 0.0 0 9.3 18 120 M M 0 31 110
22 80 57 69 0 0 4 0.93 0.0 0 11.0 30 350 M M 0 42 360
23 90 56 73 3 0 8 0.00 0.0 0 11.4 30 190 M M 0 43 200
24 86 65 76 6 0 11 0.04 0.0 0 11.5 37 180 M M 0 54 180
25 65 57 61 -9 4 0 0.15 0.0 0 10.5 22 350 M M 0 33 350
26 76 57 67 -3 0 2 0.00 0.0 0 10.0 23 10 M M 0 33 20
27 81 52 67 -4 0 2 0.00 0.0 0 5.4 14 30 M M 0 22 10
28 84 62 73 2 0 8 0.00 0.0 0 9.5 22 20 M M 0 31 20
29 82 54 68 -4 0 3 0.00 0.0 0 5.1 13 70 M M 0 17 60
30 86 59 73 1 0 8 0.00 0.0 0 9.9 23 170 M M 0 33 140
31 89 58 74 2 0 9 0.00 0.0 0 11.1 21 190 M M 0 32 170
================================================================================
SM 2381 1635 97 99 2.21 0.0 281.8 M 0
================================================================================
AV 76.8 52.7 9.1 FASTST M M 0 MAX(MPH)
MISC ----> 37 180 54 180
================================================================================
NOTES:
# LAST OF SEVERAL OCCURRENCES
COLUMN 17 PEAK WIND IN M.P.H.
PRELIMINARY LOCAL CLIMATOLOGICAL DATA (WS FORM: F-6) , PAGE 2
STATION: MEDICINE LODGE KS
MONTH: MAY
YEAR: 2020
LATITUDE: 37 17 N
LONGITUDE: 98 35 W
[TEMPERATURE DATA] [PRECIPITATION DATA] SYMBOLS USED IN COLUMN 16
AVERAGE MONTHLY: 64.8 TOTAL FOR MONTH: 2.21 1 = FOG OR MIST
DPTR FM NORMAL: -2.2 DPTR FM NORMAL: -1.09 2 = FOG REDUCING VISIBILITY
HIGHEST: 90 ON 23, 1 GRTST 24HR 1.10 ON 21-22 TO 1/4 MILE OR LESS
LOWEST: 31 ON 9 3 = THUNDER
SNOW, ICE PELLETS, HAIL 4 = ICE PELLETS
TOTAL MONTH: 0.0 INCH 5 = HAIL
GRTST 24HR 0.0 6 = FREEZING RAIN OR DRIZZLE
GRTST DEPTH: 0 7 = DUSTSTORM OR SANDSTORM:
VSBY 1/2 MILE OR LESS
8 = SMOKE OR HAZE
[NO. OF DAYS WITH] [WEATHER - DAYS WITH] 9 = BLOWING SNOW
X = TORNADO
MAX 32 OR BELOW: 0 0.01 INCH OR MORE: 9
MAX 90 OR ABOVE: 2 0.10 INCH OR MORE: 6
MIN 32 OR BELOW: 1 0.50 INCH OR MORE: 2
MIN 0 OR BELOW: 0 1.00 INCH OR MORE: 0
[HDD (BASE 65) ]
TOTAL THIS MO. 97
DPTR FM NORMAL 27
TOTAL FM JUL 1 4396
DPTR FM NORMAL -59
[CDD (BASE 65) ]
TOTAL THIS MO. 99
DPTR FM NORMAL -33 [PRESSURE DATA]
TOTAL FM JAN 1 122 HIGHEST SLP 30.38 ON 10
DPTR FM NORMAL -34 LOWEST SLP 29.61 ON 24
[REMARKS]
#FINAL-05-20#