000
CXUS53 KPAH 010700
CF6PAH
PRELIMINARY LOCAL CLIMATOLOGICAL DATA (WS FORM: F-6)
STATION: PADUCAH KY
MONTH: MARCH
YEAR: 2022
LATITUDE: 37 4 N
LONGITUDE: 88 46 W
TEMPERATURE IN F: :PCPN: SNOW: WIND :SUNSHINE: SKY :PK WND
================================================================================
1 2 3 4 5 6A 6B 7 8 9 10 11 12 13 14 15 16 17 18
12Z AVG MX 2MIN
DY MAX MIN AVG DEP HDD CDD WTR SNW DPTH SPD SPD DIR MIN PSBL S-S WX SPD DR
================================================================================
1 70 40 55 11 10 0 0.00 0.0 0 7.5 15 230 M M 0 25 240
2 78 37 58 13 7 0 0.00 0.0 0 4.6 14 220 M M 0 23 230
3 67 43 55 10 10 0 0.00 0.0 0 7.6 16 40 M M 0 22 40
4 72 40 56 11 9 0 0.00 0.0 0 4.6 9 90 M M 0 8 13 80
5 74 52 63 17 2 0 T 0.0 0 9.9 20 190 M M 4 36 220
6 73 59 66 20 0 1 T 0.0 0 10.7 20 200 M M 9 3 38 170
7 73 38 56 10 9 0 0.65 0.0 0 10.7 21 320 M M 10 13 40 190
8 43 36 40 -6 25 0 0.01 T 0 5.7 13 50 M M 8 4 17 50
9 54 33 44 -3 21 0 0.01 T 0 4.5 14 10 M M 3 18 17 50
10 58 30 44 -3 21 0 0.00 0.0 0 3.1 9 30 M M 1 14 30
11 43 27 35 -12 30 0 0.10 1.3 1 8.2 20 360 M M 6 168 30 330
12 33 19 26 -22 39 0 0.00 0.0 T 8.6 21 320 M M 1 39 10
13 58 27 43 -5 22 0 0.00 0.0 0 8.4 18 220 M M 3 34 220
14 65 43 54 6 11 0 T 0.0 0 6.6 17 200 M M 3 27 190
15 69 43 56 7 9 0 0.00 0.0 0 2.3 9 100 M M 4 14 100
16 72 39 56 7 9 0 0.00 0.0 0 3.1 15 140 M M 2 22 130
17 73 43 58 9 7 0 0.00 0.0 0 2.7 13 220 M M 1 8 18 210
18 65 49 57 7 8 0 0.06 0.0 0 9.0 21 230 M M 8 38 35 220
19 59 35 47 -3 18 0 0.00 0.0 0 6.8 15 290 M M 7 25 250
20 71 30 51 1 14 0 0.00 0.0 0 1.6 8 150 M M 0 13 230
21 73 45 59 8 6 0 0.06 0.0 0 6.4 20 130 M M 1 3 28 130
22 60 52 56 5 9 0 1.50 0.0 0 8.2 22 110 M M 9 13 31 240
23 58 46 52 1 13 0 0.02 0.0 0 9.2 21 230 M M 10 18 39 220
24 50 37 44 -8 21 0 0.00 0.0 0 6.4 14 260 M M 7 25 230
25 55 37 46 -6 19 0 0.00 0.0 0 6.0 14 240 M M 6 23 310
26 60 40 50 -2 15 0 0.00 0.0 0 10.4 23 330 M M 0 36 300
27 52 35 44 -8 21 0 0.00 0.0 0 5.8 13 320 M M 1 20 330
28 55 40 48 -5 17 0 0.00 0.0 0 7.6 13 80 M M 4 18 80
29 76 45 61 8 4 0 0.00 0.0 0 9.5 16 180 M M 5 27 180
30 77 48 63 9 2 0 0.97 0.0 0 14.1 29 160 M M 5 13 60 160
31 48 40 44 -10 21 0 0.02 0.0 0 7.8 16 270 M M 10 30 260
================================================================================
SM 1934 1228 429 1 3.40 1.3 217.6 M 128
================================================================================
AV 62.4 39.6 7.0 FASTST M M 4 MAX(MPH)
MISC ----> 29 160 60 160
================================================================================
NOTES:
# LAST OF SEVERAL OCCURRENCES
COLUMN 17 PEAK WIND IN M.P.H.
PRELIMINARY LOCAL CLIMATOLOGICAL DATA (WS FORM: F-6) , PAGE 2
STATION: PADUCAH KY
MONTH: MARCH
YEAR: 2022
LATITUDE: 37 4 N
LONGITUDE: 88 46 W
[TEMPERATURE DATA] [PRECIPITATION DATA] SYMBOLS USED IN COLUMN 16
AVERAGE MONTHLY: 51.0 TOTAL FOR MONTH: 3.40 1 = FOG OR MIST
DPTR FM NORMAL: 2.0 DPTR FM NORMAL: -1.24 2 = FOG REDUCING VISIBILITY
HIGHEST: 78 ON 2 GRTST 24HR 1.56 ON 21-22 TO 1/4 MILE OR LESS
LOWEST: 19 ON 12 3 = THUNDER
SNOW, ICE PELLETS, HAIL 4 = ICE PELLETS
TOTAL MONTH: 1.3 INCHES 5 = HAIL
GRTST 24HR 1.3 ON 11-11 6 = FREEZING RAIN OR DRIZZLE
GRTST DEPTH: 1 ON 11 7 = DUSTSTORM OR SANDSTORM:
VSBY 1/2 MILE OR LESS
8 = SMOKE OR HAZE
[NO. OF DAYS WITH] [WEATHER - DAYS WITH] 9 = BLOWING SNOW
X = TORNADO
MAX 32 OR BELOW: 0 0.01 INCH OR MORE: 10
MAX 90 OR ABOVE: 0 0.10 INCH OR MORE: 4
MIN 32 OR BELOW: 5 0.50 INCH OR MORE: 3
MIN 0 OR BELOW: 0 1.00 INCH OR MORE: 1
[HDD (BASE 65) ]
TOTAL THIS MO. 429 CLEAR (SCALE 0-3) 14
DPTR FM NORMAL -75 PTCLDY (SCALE 4-7) 11
TOTAL FM JUL 1 3314 CLOUDY (SCALE 8-10) 6
DPTR FM NORMAL -333
[CDD (BASE 65) ]
TOTAL THIS MO. 1
DPTR FM NORMAL -7 [PRESSURE DATA]
TOTAL FM JAN 1 1 HIGHEST SLP M ON M
DPTR FM NORMAL -8 LOWEST SLP 29.21 ON 30
[REMARKS]
#FINAL-03-22#